000
CXUS51 KBGM 050932 CCA
CLMAVP

CLIMATE REPORT...CORRECTED
NATIONAL WEATHER SERVICE BINGHAMTON NY
532 AM EDT THU OCT 5 2017

...................................

...THE AVOCA PA CLIMATE SUMMARY FOR THE MONTH OF SEPTEMBER 2017...

CLIMATE NORMAL PERIOD 1981 TO 2010
CLIMATE RECORD PERIOD 1901 TO 2017

WEATHER         OBSERVED          NORMAL  DEPART  LAST YEAR`S
                 VALUE   DATE(S)  VALUE   FROM    VALUE  DATE(S)
                                          NORMAL
................................................................
TEMPERATURE (F)
RECORD
 HIGH              95   09/08/2015
                        09/11/2013
                        09/10/1983
 LOW               29   09/29/2000
HIGHEST            92   09/25        72      20       92  09/08
LOWEST             43   09/30        53     -10       42  09/25
                        09/29
                        09/02
AVG. MAXIMUM     76.8              72.3     4.5     78.5
AVG. MINIMUM     55.2              52.1     3.1     55.8
MEAN             66.0              62.2     3.8     67.1
DAYS MAX >= 90      4               0.5     3.5        2
DAYS MAX <= 32      0               0.0     0.0        0
DAYS MIN <= 32      0               0.1    -0.1        0
DAYS MIN <= 0       0               0.0     0.0        0

PRECIPITATION (INCHES)
RECORD
 MAXIMUM        11.46   2011
 MINIMUM         0.52   1943
TOTALS           1.72              4.07   -2.35     3.00
DAILY AVG.       0.06              0.14   -0.08     0.10
DAYS >= .01         6              10.2    -4.2       13
DAYS >= .10         4               6.0    -2.0        9
DAYS >= .50         1               2.4    -1.4        3
DAYS >= 1.00        0               1.3    -1.3        0
GREATEST
 24 HR. TOTAL    0.89   09/05 TO 09/06

SNOWFALL (INCHES)
RECORDS
 TOTAL              T   1993
                        1992
                        1990
 24 HR TOTAL        T   09/29/1993 TO 09/29/1993
                        09/22/1992 TO 09/22/1992
                        09/13/1990 TO 09/13/1990
TOTALS            0.0               0.0     0.0      0.0
SINCE 7/1         0.0               0.0     0.0      0.0
DAYS >= TRACE       0               0.0     0.0        0
DAYS >= 1.0         0               0.0     0.0        0
GREATEST
 24 HR TOTAL      0.0   09/29 TO 09/29

DEGREE_DAYS
HEATING TOTAL      92               136     -44       59
 SINCE 7/1        109               162     -53       60
COOLING TOTAL     128                52      76      127
 SINCE 1/1        767               576     191      993
.................................................................

WIND (MPH)
AVERAGE WIND SPEED              4.9
RESULTANT WIND SPEED/DIRECTION   1/018
HIGHEST WIND SPEED/DIRECTION    26/270    DATE  09/07
HIGHEST GUST SPEED/DIRECTION    33/260    DATE  09/07

SKY COVER
POSSIBLE SUNSHINE (PERCENT)   MM
AVERAGE SKY COVER           0.30
NUMBER OF DAYS FAIR           14
NUMBER OF DAYS PC             12
NUMBER OF DAYS CLOUDY          4

AVERAGE RH (PERCENT)     73

WEATHER CONDITIONS. NUMBER OF DAYS WITH
THUNDERSTORM              1     MIXED PRECIP               0
HEAVY RAIN                1     RAIN                       5
LIGHT RAIN               10     FREEZING RAIN              0
LT FREEZING RAIN          0     HAIL                       0
HEAVY SNOW                0     SNOW                       0
LIGHT SNOW                0     SLEET                      0
FOG                      18     FOG W/VIS <= 1/4 MILE      0
HAZE                      2

-  INDICATES NEGATIVE NUMBERS.
R  INDICATES RECORD WAS SET OR TIED.
MM INDICATES DATA IS MISSING.
T  INDICATES TRACE AMOUNT.

&&
CORRECTED GREATEST 24 HOUR PRECIPITATION AND NUMBER`
   OF THUNDERSTORM DAYS
12TH WARMEST SEPTEMBER
$$

TAC
