000
CXUS53 KLBF 011418
CLMBBW


CLIMATE REPORT
NATIONAL WEATHER SERVICE NORTH PLATTE
905 AM CDT TUE APR 1 2014

...................................

...THE BROKEN BOW NE CLIMATE SUMMARY FOR THE MONTH OF MARCH 2014...

CLIMATE NORMAL PERIOD 1981 TO 2010
CLIMATE RECORD PERIOD 1894 TO 2014

WEATHER         OBSERVED          NORMAL  DEPART  LAST YEAR`S
                 VALUE   DATE(S)  VALUE   FROM    VALUE  DATE(S)
                                          NORMAL
................................................................
TEMPERATURE (F)
RECORD
 HIGH              92   03/30/1943
 LOW              -31   03/03/1960
HIGHEST            72   03/26        76      -4       77  03/15
                        03/17
                        03/10
LOWEST             -7   03/02         3     -10        3  03/26
AVG. MAXIMUM     50.2              51.0    -0.8     47.8
AVG. MINIMUM     19.4              24.3    -4.9     19.6
MEAN             34.8              37.7    -2.9     33.7
DAYS MAX >= 90      0               0.0     0.0        0
DAYS MAX <= 32      4               2.3     1.7        4
DAYS MIN <= 32     30              24.8     5.2       29
DAYS MIN <= 0       3               0.4     2.6        0

PRECIPITATION (INCHES)
RECORD
 MAXIMUM         5.82   1987
 MINIMUM         0.00   1898
                        1895
TOTALS           0.29              1.40   -1.11     0.34
DAILY AVG.       0.01              0.05   -0.04     0.01
DAYS >= .01         3                MM      MM        8
DAYS >= .10         2                MM      MM        1
DAYS >= .50         0                MM      MM        0
DAYS >= 1.00        0                MM      MM        0
GREATEST
 24 HR. TOTAL    0.15   03/27 TO 03/27           03/21 TO 03/21
                                                          03/21 TO 03/21
                                                          03/21 TO 03/21

SNOWFALL (INCHES)
TOTALS             MM
SINCE 7/1          MM
SNOWDEPTH AVG.     MM
DAYS >= TRACE       0
DAYS >= 1.0         0
GREATEST
 SNOW DEPTH        MM

DEGREE_DAYS
HEATING TOTAL     929               848      81      964
 SINCE 7/1       6218              5863     355     5963
COOLING TOTAL       0                 0       0        0
 SINCE 1/1          0                 0       0        0
..................................................

WIND (MPH)
AVERAGE WIND SPEED              12.1
HIGHEST WIND SPEED/DIRECTION    40/310    DATE  03/31
HIGHEST GUST SPEED/DIRECTION    50/310    DATE  03/31

AVERAGE RH (PERCENT)     63

WEATHER CONDITIONS. NUMBER OF DAYS WITH
THUNDERSTORM              0     MIXED PRECIP               0
HEAVY RAIN                0     RAIN                       0
LIGHT RAIN                3     FREEZING RAIN              0
LT FREEZING RAIN          2     HAIL                       0
HEAVY SNOW                2     SNOW                       2
LIGHT SNOW                9     SLEET                      0
FOG                      10     FOG W/VIS <= 1/4 MILE      2
HAZE                      3

-  INDICATES NEGATIVE NUMBERS.
R  INDICATES RECORD WAS SET OR TIED.
MM INDICATES DATA IS MISSING.
T  INDICATES TRACE AMOUNT.

$$
