000
CXUS46 KHNX 031650
CLMBFL


CLIMATE REPORT
NATIONAL WEATHER SERVICE SAN JOAQUIN VALLEY - HANFORD CA
850 AM PST TUE FEB 3 2015

...................................

...THE BAKERSFIELD CLIMATE SUMMARY FOR THE MONTH OF JANUARY 2015...

CLIMATE NORMAL PERIOD 1981 TO 2010
CLIMATE RECORD PERIOD 1889 TO 2015

WEATHER         OBSERVED          NORMAL  DEPART  LAST YEAR`S
                 VALUE   DATE(S)  VALUE   FROM    VALUE  DATE(S)
                                          NORMAL
................................................................
TEMPERATURE (F)
RECORD
 HIGH              82   01/02/2012
                        01/31/1984
                        01/16/1923
 LOW               12   01/03/1908
HIGHEST            69   01/08        MM      MM       79  01/24
                                                          01/23
LOWEST             28   01/01        MM      MM       35  01/06
AVG. MAXIMUM     59.0              56.2     2.8     67.5
AVG. MINIMUM     41.6              39.3     2.3     41.0
MEAN             50.3              47.8     2.5     54.2
DAYS MAX >= 90      0               0.0     0.0        0
DAYS MIN <= 32      4               3.5     0.5        0

PRECIPITATION (INCHES)
RECORD
 MAXIMUM         3.90   1999
TOTALS           0.69              1.16   -0.47     0.12
DAYS >= .01         4               6.7    -2.7        1
DAYS >= .10         1               3.3    -2.3        1
DAYS >= .50         1               0.4     0.6        0
DAYS >= 1.00        0               0.2    -0.2        0
GREATEST
 24 HR. TOTAL    0.64   01/10 TO 01/11

SNOWFALL (INCHES)
RECORDS
 TOTAL            3.0   01/25/1999
TOTALS            0.0               0.1

DEGREE_DAYS
HEATING TOTAL     448               535     -87      334
 SINCE 7/1        967              1426    -459     1107
COOLING TOTAL       0                 0       0        9
 SINCE 1/1          0                 0       0        9
.................................................................

WIND (MPH)
AVERAGE WIND SPEED              3.3
HIGHEST WIND SPEED/DIRECTION    18/330    DATE  01/18
HIGHEST GUST SPEED/DIRECTION    21/330    DATE  01/18

AVERAGE RH (PERCENT)     75

WEATHER CONDITIONS. NUMBER OF DAYS WITH
THUNDERSTORM              0     RAIN                       4
HAIL                      0     FOG                       27
FOG W/VIS <= 1/4 MILE    11     HAZE                      27

-  INDICATES NEGATIVE NUMBERS.
R  INDICATES RECORD WAS SET OR TIED.
MM INDICATES DATA IS MISSING.
T  INDICATES TRACE AMOUNT.

$$

SANGER/OCHS

WEATHER.GOV/HANFORD
