000
CXUS51 KCAR 111836
CLMBGR

CLIMATE REPORT
NATIONAL WEATHER SERVICE CARIBOU, ME
214 PM EDT THU SEP 11 2014

...................................

...THE BANGOR ME CLIMATE SUMMARY FOR THE SEASON, FROM
6/1/2014 TO 8/31/2014...

CLIMATE NORMAL PERIOD 1981 TO 2010
CLIMATE RECORD PERIOD 1925 TO 2014

WEATHER         OBSERVED          NORMAL  DEPART  LAST YEAR`S
                 VALUE   DATE(S)  VALUE   FROM    VALUE  DATE(S)
                                          NORMAL
................................................................
TEMPERATURE (F)
RECORD
 HIGH             104   08/19/1935
 LOW               29   06/03/1939
HIGHEST            89   08/25        MM      MM       92  07/15
                        07/02
                        06/09
LOWEST             41   06/01        MM      MM       42  06/06
AVG. MAXIMUM     77.8              77.3     0.5     77.1
AVG. MINIMUM     56.5              55.3     1.2     56.2
MEAN             67.1              66.3     0.8     66.7
DAYS MAX >= 90      0               3.6    -3.6        6
DAYS MAX <= 32      0               0.0     0.0        0
DAYS MIN <= 32      0               0.0     0.0        0
DAYS MIN <= 0       0               0.0     0.0        0

PRECIPITATION (INCHES)
RECORD
 MAXIMUM        17.07   2006
 MINIMUM         8.13   2007
TOTALS          13.33                      3.13
DAILY AVG.       0.15              0.11    0.04     0.15
DAYS >= .01        32              33.7    -1.7       43
DAYS >= .10        25              20.6     4.4       21
DAYS >= .50        10               7.0     3.0       10
DAYS >= 1.00        3               2.1     0.9        3
GREATEST
 24 HR. TOTAL    3.43   MM                       08/31 TO 08/31
                                                          08/31 TO 08/31
                                                          08/31 TO 08/31

SNOWFALL (INCHES)
RECORDS
 TOTAL             MM   MM
TOTALS            0.0               0.0     0.0      0.0
SINCE 7/1         0.0               0.0     0.0      0.0
SNOWDEPTH AVG.      0                MM      MM        0
DAYS >= 1.0         0               0.0     0.0        0
GREATEST
 SNOW DEPTH         0   MM                             0  MM
 24 HR TOTAL      0.0   MM                       08/31 TO 08/31
                                                          08/31 TO 08/31
                                                          08/31 TO 08/31

DEGREE_DAYS
HEATING TOTAL      92               170     -78      132
 SINCE 7/1         21                63     -42       32
COOLING TOTAL     314               288      26      314
 SINCE 1/1        314               294      20      322
..................................................

WIND (MPH)
AVERAGE WIND SPEED              6.8
HIGHEST WIND SPEED/DIRECTION    32/350    DATE  07/05
HIGHEST GUST SPEED/DIRECTION    41/350    DATE  07/05

SKY COVER
POSSIBLE SUNSHINE (PERCENT)   MM
AVERAGE SKY COVER           0.60
NUMBER OF DAYS FAIR           14
NUMBER OF DAYS PC             47
NUMBER OF DAYS CLOUDY         31

AVERAGE RH (PERCENT)     71

WEATHER CONDITIONS. NUMBER OF DAYS WITH
THUNDERSTORM              0     MIXED PRECIP               0
HEAVY RAIN                7     RAIN                      18
LIGHT RAIN               43     FREEZING RAIN              0
LT FREEZING RAIN          0     HAIL                       0
HEAVY SNOW                0     SNOW                       0
LIGHT SNOW                0     SLEET                      0
FOG                      56     FOG W/VIS <= 1/4 MILE      7
HAZE                      8

-  INDICATES NEGATIVE NUMBERS.
R  INDICATES RECORD WAS SET OR TIED.
MM INDICATES DATA IS MISSING.
T  INDICATES TRACE AMOUNT.
---------------------------------------------------------------------
...NORTHERN/EASTERN MAINE NARRATIVE FOR SUMMER (JUNE THROUGH AUGUST)
2014...


OVERALL...THE SUMMER OF 2014 WAS WARMER THAN NORMAL AND TEMPERATURES
AVERAGED 1 TO 2.5 DEGREES ABOVE NORMAL. THE MOST SIGNIFICANT
DEPARTURES FROM AVERAGE WERE ACROSS FAR NORTHEAST MAINE.
PRECIPITATION AS IS USUALLY THE CASE WAS MUCH MORE VARIABLE
GEOGRAPHICALLY ACROSS THE REGION...BUT GENERALLY IT WAS A WETTER
SUMMER ACROSS DOWN EAST MAINE WHERE PRECIPITATION WAS UP TO 150
PERCENT OF NORMAL. AREAS ACROSS NORTHERN MAINE AND IN PARTICULAR IN
THE SAINT JOHN VALLEY PRECIPITATION WAS AROUND 75 PERCENT OF NORMAL.

THERE WAS A STRETCH OF VERY WARM WEATHER AT THE TAIL END OF JUNE
INTO THE FIRST FEW DAYS OF JULY PRECEDING HURRICANE ARTHUR THAT
PRODUCED 7 CONSECUTIVE DAYS WITH HIGHS IN THE 80S ACROSS MOST OF THE
REGION. THE HIGH TEMPERATURE THIS PAST SUMMER AT CARIBOU WAS 91F ON
JULY 2ND. THE LOW TEMPERATURE ON THE 2ND OF 71F TIED FOR THE
ALL-TIME WARMEST LOW TEMPERATURE ON RECORD AT CARIBOU.  THE HIGH
TEMPERATURE THIS PAST SUMMER AT BANGOR WAS 89F.  IT WAS THE FIRST
SUMMER SINCE 1986 WHEN THE HIGH TEMPERATURE AT BANGOR FAILED TO
REACH 90 DEGREES. THE WEEK LONG STRETCH OF WARM WEATHER WAS FOLLOWED
BY AN UNUSUALLY COOL DAY ON THE 5TH WHEN TEMPERATURES IN PARTS OF
NORTHERN MAINE FELL INTO THE 40S DURING THE AFTERNOON...AND SNOW
LEVELS FELL TO AROUND 1500 FEET.

THE MOST SIGNIFICANT WEATHER EVENT OF THE SUMMER WAS HURRICANE
ARTHUR WHICH AFFECTED THE REGION ON JULY 4TH WEEKEND.  THE HURRICANE
TRANSITIONED INTO A STRONG EXTRA-TROPICAL STORM AS IT TRACKED UP THE
BAY OF FUNDY.  THE GREATEST RAINFALL TOTALS OF 5 TO 7 INCHES WERE
OBSERVED IN SOUTHERN AND EASTERN WASHINGTON COUNTY. WIND GUSTS IN
EXCESS OF 50 MPH WERE COMMON ACROSS EASTERN MAINE. WASHINGTON COUNTY
WAS HARD HIT WITH MANY TREES KNOCKED DOWN AND POWER OUTAGES.

SEVERE WEATHER WAS BELOW NORMAL WITH ONLY 18 SEVERE WEATHER WARNINGS
ISSUED BETWEEN JUNE 1ST AND AUGUST 31ST WHICH IS WELL BELOW NORMAL.
THE FIRST THUNDERSTORM OF THE SEASON WAS NOT OBSERVED AT THE
NATIONAL WEATHER SERVICE OFFICE IN CARIBOU UNTIL JULY 23RD...WHICH
WAS SEVERAL WEEKS LATER THAN AVERAGE.

$$

CB/VJN
