000
CXUS51 KCAR 100634
CLMBGR


CLIMATE REPORT
NATIONAL WEATHER SERVICE CARIBOU, ME
233 AM EDT SAT JUN 10 2017

...................................

...THE BANGOR ME CLIMATE SUMMARY FOR THE SEASON, FROM
3/1/2017 TO 5/31/2017...

CLIMATE NORMAL PERIOD 1981 TO 2010
CLIMATE RECORD PERIOD 1925 TO 2017

WEATHER         OBSERVED          NORMAL  DEPART  LAST YEAR`S
                 VALUE   DATE(S)  VALUE   FROM    VALUE  DATE(S)
                                          NORMAL
................................................................
TEMPERATURE (F)
RECORD
 HIGH              96   05/22/1992
 LOW              -16   03/02/2001
HIGHEST            92   05/18        MM      MM       88  05/31
                                                          05/28
LOWEST             -3   03/11        MM      MM        5  03/04
                                                          03/03
AVG. MAXIMUM     50.7              52.6    -1.9     54.9
AVG. MINIMUM     31.9              31.7     0.2     32.9
MEAN             41.3              42.2    -0.9     43.9
DAYS MAX >= 90      1               0.2     0.8        0
DAYS MAX <= 32     12               5.7     6.3        6
DAYS MIN <= 32     37              44.1    -7.1       45
DAYS MIN <= 0       1               1.6    -0.6        0

PRECIPITATION (INCHES)
RECORD
 MAXIMUM           MM   MM
 MINIMUM           MM   MM
TOTALS          12.41                      1.77
DAILY AVG.       0.14              0.12    0.02     0.09
DAYS >= .01        39              35.0     4.0       32
DAYS >= .10        27              21.6     5.4       19
DAYS >= .50         8               6.6     1.4        5
DAYS >= 1.00        4               1.9     2.1        1
GREATEST
 24 HR. TOTAL    1.99   MM                       05/31 TO 05/31
                                                          05/31 TO 05/31
                                                          05/31 TO 05/31

SNOWFALL (INCHES)
RECORDS
 TOTAL             MM   MM
TOTALS           19.3              15.4     3.9      6.0
SINCE 7/1        82.6              66.1    16.5     44.6
SNOWDEPTH AVG.      1                MM      MM        0
DAYS >= 1.0         3               4.3    -1.3        1
GREATEST
 SNOW DEPTH        14   03/15                          5  03/22
 24 HR TOTAL     14.2   MM                       05/31 TO 05/31
                                                          05/31 TO 05/31
                                                          05/31 TO 05/31

DEGREE_DAYS
HEATING TOTAL    2168              2107      61     1942
 SINCE 7/1         MM              7753      MM       MM
COOLING TOTAL       7                 6       1       25
 SINCE 1/1          7                 6       1       25
..................................................

WIND (MPH)
AVERAGE WIND SPEED              8.9
HIGHEST WIND SPEED/DIRECTION    38/320    DATE  03/22
HIGHEST GUST SPEED/DIRECTION    48/330    DATE  03/22

SKY COVER
POSSIBLE SUNSHINE (PERCENT)   MM
AVERAGE SKY COVER           0.70
NUMBER OF DAYS FAIR           13
NUMBER OF DAYS PC             33
NUMBER OF DAYS CLOUDY         46

AVERAGE RH (PERCENT)     69

WEATHER CONDITIONS. NUMBER OF DAYS WITH
THUNDERSTORM              0     MIXED PRECIP               1
HEAVY RAIN                3     RAIN                      10
LIGHT RAIN               47     FREEZING RAIN              0
LT FREEZING RAIN          3     HAIL                       0
HEAVY SNOW                1     SNOW                       6
LIGHT SNOW               14     SLEET                      4
FOG                      54     FOG W/VIS <= 1/4 MILE      8
HAZE                      5

-  INDICATES NEGATIVE NUMBERS.
R  INDICATES RECORD WAS SET OR TIED.
MM INDICATES DATA IS MISSING.
T  INDICATES TRACE AMOUNT.

$$
