000
CXUS54 KBMX 021113
CLMBHM


CLIMATE REPORT
NATIONAL WEATHER SERVICE BIRMINGHAM, AL
612 AM CDT SAT JUL 2 2016

...................................

...THE BIRMINGHAM CLIMATE SUMMARY FOR THE MONTH OF JUNE 2016...

CLIMATE NORMAL PERIOD 1981 TO 2010
CLIMATE RECORD PERIOD 1895 TO 2016

WEATHER         OBSERVED          NORMAL  DEPART  LAST YEAR`S
                 VALUE   DATE(S)  VALUE   FROM    VALUE  DATE(S)
                                          NORMAL
................................................................
TEMPERATURE (F)
RECORD
 HIGH             106   06/29/1931
 LOW               42   06/01/1966
HIGHEST           100   06/26        MM      MM       98  06/24
LOWEST             61   06/09        MM      MM       61  06/03
                        06/08
AVG. MAXIMUM     91.4              87.7     3.7     90.1
AVG. MINIMUM     70.1              67.7     2.4     70.4
MEAN             80.7                               80.3
DAYS MAX >= 90     21              10.6    10.4       18
DAYS MAX <= 32      0               0.0     0.0        0
DAYS MIN <= 32      0               0.0     0.0        0
DAYS MIN <= 0       0               0.0     0.0        0

PRECIPITATION (INCHES)
RECORD
 MAXIMUM        12.09   1900
 MINIMUM         0.47   1931
TOTALS           3.96              4.38   -0.42     1.70
DAILY AVG.       0.13              0.15   -0.02     0.06
DAYS >= .01        12              11.0     1.0        7
DAYS >= .10         6               7.9    -1.9        5
DAYS >= .50         2               3.3    -1.3        1
DAYS >= 1.00        2               1.1     0.9        0

DEGREE_DAYS
HEATING TOTAL       0                 1      -1        0
 SINCE 7/1       1957              2677    -720     2790
COOLING TOTAL     479               382      97      466
 SINCE 1/1        802               664     138      801
.................................................................

WIND (MPH)
AVERAGE WIND SPEED              4.9
HIGHEST WIND SPEED/DIRECTION    32/270    DATE  06/17
HIGHEST GUST SPEED/DIRECTION    41/280    DATE  06/17

AVERAGE RH (PERCENT)     66

WEATHER CONDITIONS. NUMBER OF DAYS WITH
THUNDERSTORM              0     MIXED PRECIP               0
HEAVY RAIN                5     RAIN                       7
LIGHT RAIN               13     FREEZING RAIN              0
LT FREEZING RAIN          0     HAIL                       0
HEAVY SNOW                0     SNOW                       0
LIGHT SNOW                0     SLEET                      0
FOG                       9     FOG W/VIS <= 1/4 MILE      0
HAZE                      3

-  INDICATES NEGATIVE NUMBERS.
R  INDICATES RECORD WAS SET OR TIED.
MM INDICATES DATA IS MISSING.
T  INDICATES TRACE AMOUNT.

$$
