000
CXUS54 KBMX 011512
CLMBHM


CLIMATE REPORT
NATIONAL WEATHER SERVICE BIRMINGHAM, AL
911 AM CST WED FEB 1 2017

...................................

...THE BIRMINGHAM CLIMATE SUMMARY FOR THE MONTH OF JANUARY 2017...

CLIMATE NORMAL PERIOD 1981 TO 2010
CLIMATE RECORD PERIOD 1895 TO 2017

WEATHER         OBSERVED          NORMAL  DEPART  LAST YEAR`S
                 VALUE   DATE(S)  VALUE   FROM    VALUE  DATE(S)
                                          NORMAL
................................................................
TEMPERATURE (F)
RECORD
 HIGH              81   01/10/1949
 LOW               -6   01/21/1985
HIGHEST            78   01/13        MM      MM       72  01/31
LOWEST             13   01/08        MM      MM       19  01/19
AVG. MAXIMUM     61.7              53.8     7.9     52.0
AVG. MINIMUM     43.4              33.8     9.6     33.0
MEAN             52.5                               42.5
DAYS MAX >= 90      0               0.0     0.0        0
DAYS MAX <= 32      1               0.7     0.3        0
DAYS MIN <= 32      8              14.9    -6.9       17
DAYS MIN <= 0       0               0.1    -0.1        0

PRECIPITATION (INCHES)
RECORD
 MAXIMUM        13.37   1937
 MINIMUM         1.09   1981
TOTALS           6.71              4.84    1.87     3.28
DAILY AVG.       0.22              0.16    0.06     0.11
DAYS >= .01         8              10.5    -2.5        7
DAYS >= .10         7               7.5    -0.5        5
DAYS >= .50         6               3.6     2.4        4
DAYS >= 1.00        3               1.3     1.7        0

DEGREE_DAYS
HEATING TOTAL     389               658    -269      687
 SINCE 7/1       1105              1705    -600     1241
COOLING TOTAL      11                 1      10        0
 SINCE 1/1         11                 0      11        0
.................................................................

WIND (MPH)
AVERAGE WIND SPEED              7.6
HIGHEST WIND SPEED/DIRECTION    52/250    DATE  01/22
HIGHEST GUST SPEED/DIRECTION    75/230    DATE  01/22

AVERAGE RH (PERCENT)     71

WEATHER CONDITIONS. NUMBER OF DAYS WITH
THUNDERSTORM              0     MIXED PRECIP               0
HEAVY RAIN                6     RAIN                       6
LIGHT RAIN               10     FREEZING RAIN              0
LT FREEZING RAIN          1     HAIL                       0
HEAVY SNOW                0     SNOW                       1
LIGHT SNOW                1     SLEET                      1
FOG                      11     FOG W/VIS <= 1/4 MILE      0
HAZE                      0

-  INDICATES NEGATIVE NUMBERS.
R  INDICATES RECORD WAS SET OR TIED.
MM INDICATES DATA IS MISSING.
T  INDICATES TRACE AMOUNT.

$$
