000
CXUS55 KVEF 011202 RRA
CLMBIH

CLIMATE REPORT
NATIONAL WEATHER SERVICE LAS VEGAS, NV
352 AM PST THU FEB 1 2018

...................................

...THE BISHOP CA CLIMATE SUMMARY FOR THE MONTH OF JANUARY 2018...

CLIMATE NORMAL PERIOD 1981 TO 2010
CLIMATE RECORD PERIOD 1943 TO 2018

WEATHER         OBSERVED          NORMAL  DEPART  LAST YEAR`S
                 VALUE   DATE(S)  VALUE   FROM    VALUE  DATE(S)
                                          NORMAL
................................................................
TEMPERATURE (F)
RECORD
 HIGH              77   01/24/1948
 LOW               -7   01/07/1982
                        01/10/1974
HIGHEST            73   01/31        53      20       60  01/10
LOWEST             12   01/26        22     -10       10  01/25
AVG. MAXIMUM     60.9              54.0     6.9     47.4
AVG. MINIMUM     25.6              23.0     2.6     25.7
MEAN             43.2              38.5     4.7     36.5
DAYS MAX >= 90      0               0.0     0.0        0
DAYS MAX <= 32      0               0.1    -0.1        0
DAYS MIN <= 32     28              28.9    -0.9       26
DAYS MIN <= 0       0               0.0     0.0        0

PRECIPITATION (INCHES)
RECORD
 MAXIMUM         8.93   1969
 MINIMUM         0.00   1976
                        1966
                        1945
TOTALS           0.04              1.05   -1.01     5.23
DAILY AVG.       0.00              0.03   -0.03     0.17
DAYS >= .01         1               3.9    -2.9       13
DAYS >= .10         0               2.0    -2.0       10
DAYS >= .50         0               0.6    -0.6        5
DAYS >= 1.00        0               0.1    -0.1        1
GREATEST
 24 HR. TOTAL    0.04   01/09 TO 01/09

SNOWFALL (INCHES)
RECORDS
 TOTAL           30.1   2005
 24 HR TOTAL     18.0
TOTALS            0.0               5.2    -5.2      8.6
SINCE 7/1         0.0
SNOWDEPTH AVG.      0
DAYS >= TRACE       0
DAYS >= 1.0         0
GREATEST
 SNOW DEPTH         0
 24 HR TOTAL      0.0   01/31 TO 01/31
 STORM TOTAL       MM
 (MM/DD(HH))

DEGREE_DAYS
HEATING TOTAL     666               822    -156      875
 SINCE 7/1       2173              2569    -396     2407
COOLING TOTAL       0                 0       0        0
 SINCE 1/1          0                 0       0        0

FREEZE DATES
RECORD
 EARLIEST     09/20/1986
 LATEST       06/07/1988
EARLIEST                        10/15
LATEST                          05/03
.................................................................

WIND (MPH)
AVERAGE WIND SPEED              6.1
HIGHEST WIND SPEED/DIRECTION    29/170    DATE  01/09
HIGHEST GUST SPEED/DIRECTION    37/180    DATE  01/09

SKY COVER
POSSIBLE SUNSHINE (PERCENT)   MM
AVERAGE SKY COVER           0.10
NUMBER OF DAYS FAIR           29
NUMBER OF DAYS PC              2
NUMBER OF DAYS CLOUDY          0

AVERAGE RH (PERCENT)     48

WEATHER CONDITIONS. NUMBER OF DAYS WITH
THUNDERSTORM              0     MIXED PRECIP               0
HEAVY RAIN                0     RAIN                       0
LIGHT RAIN                4     FREEZING RAIN              0
LT FREEZING RAIN          0     HAIL                       0
HEAVY SNOW                0     SNOW                       0
LIGHT SNOW                0     SLEET                      0
FOG                       2     FOG W/VIS <= 1/4 MILE      0
HAZE                      0

-  INDICATES NEGATIVE NUMBERS.
R  INDICATES RECORD WAS SET OR TIED.
MM INDICATES DATA IS MISSING.
T  INDICATES TRACE AMOUNT.

$$
