000
CXUS55 KVEF 011952
CLMBIH


CLIMATE REPORT
NATIONAL WEATHER SERVICE LAS VEGAS, NV
1251 PM PDT MON AUG 1 2016

...................................

...THE BISHOP CA CLIMATE SUMMARY FOR THE MONTH OF JULY 2016...

CLIMATE NORMAL PERIOD 1981 TO 2010
CLIMATE RECORD PERIOD 1943 TO 2016

WEATHER         OBSERVED          NORMAL  DEPART  LAST YEAR`S
                 VALUE   DATE(S)  VALUE   FROM    VALUE  DATE(S)
                                          NORMAL
................................................................
TEMPERATURE (F)
RECORD
 HIGH             110   MM
 LOW               47   07/19/2016
                        07/26/2012
                        07/14/2011
HIGHEST           108   07/28        98      10      101  07/29
                        07/27
LOWEST             47R  07/19        56      -9       49  07/10
AVG. MAXIMUM    102.1              98.4     3.7     94.4
AVG. MINIMUM     57.2              56.2     1.0     58.3
MEAN             79.6              77.3     2.3     76.4
DAYS MAX >= 90     31              29.3     1.7       27
DAYS MAX <= 32      0               0.0     0.0        0
DAYS MIN <= 32      0               0.0     0.0        0
DAYS MIN <= 0       0               0.0     0.0        0

PRECIPITATION (INCHES)
RECORD
 MAXIMUM         1.47   1976
 MINIMUM         0.00   1994
                        1993
                        1991
TOTALS              T              0.16   -0.16     0.47
DAILY AVG.          T              0.01   -0.01     0.02
DAYS >= .01         0               1.7    -1.7        5
DAYS >= .10         0               0.6    -0.6        2
DAYS >= .50         0               0.0     0.0        0
DAYS >= 1.00        0               0.0     0.0        0
GREATEST
 24 HR. TOTAL       T   07/31 TO 07/31

DEGREE_DAYS
HEATING TOTAL       0                 1      -1        0
 SINCE 7/1          0                 1      -1        0
COOLING TOTAL     459               382      77      362
 SINCE 1/1        866               664     202      747

FREEZE DATES
RECORD
 EARLIEST     09/20/1986
 LATEST       06/07/1988
EARLIEST                        10/15
LATEST                          05/03
.................................................................

WIND (MPH)
AVERAGE WIND SPEED              7.7
HIGHEST WIND SPEED/DIRECTION    40/250    DATE  07/29
HIGHEST GUST SPEED/DIRECTION    51/230    DATE  07/29

SKY COVER
POSSIBLE SUNSHINE (PERCENT)   MM
AVERAGE SKY COVER           0.00
NUMBER OF DAYS FAIR           29
NUMBER OF DAYS PC              0
NUMBER OF DAYS CLOUDY          0

AVERAGE RH (PERCENT)     24

WEATHER CONDITIONS. NUMBER OF DAYS WITH
THUNDERSTORM              0     MIXED PRECIP               0
HEAVY RAIN                0     RAIN                       1
LIGHT RAIN                3     FREEZING RAIN              0
LT FREEZING RAIN          0     HAIL                       0
HEAVY SNOW                0     SNOW                       0
LIGHT SNOW                0     SLEET                      0
FOG                       0     FOG W/VIS <= 1/4 MILE      0
HAZE                      0

-  INDICATES NEGATIVE NUMBERS.
R  INDICATES RECORD WAS SET OR TIED.
MM INDICATES DATA IS MISSING.
T  INDICATES TRACE AMOUNT.

$$
