023
CXUS54 KOHX 011441
CLMBNA

CLIMATE REPORT
NATIONAL WEATHER SERVICE NASHVILLE TN
934 AM CDT FRI MAY 1 2015

...................................

...THE NASHVILLE CLIMATE SUMMARY FOR THE MONTH OF APRIL 2015...

CLIMATE NORMAL PERIOD 1981 TO 2010
CLIMATE RECORD PERIOD 1871 TO 2015

WEATHER         OBSERVED          NORMAL  DEPART  LAST YEAR`S
                 VALUE   DATE(S)  VALUE   FROM    VALUE
                                          NORMAL
.............................................................
TEMPERATURE (F)
RECORD
 HIGH              91   04/09/2011
                        04/27/1989
                        04/26/1989
 LOW               23   04/08/2007
                        04/07/1982
HIGHEST            85   04/08
LOWEST             34   04/05
AVG. MAXIMUM     72.8              70.5     2.3
AVG. MINIMUM     51.4              47.5     3.9
MEAN             62.1              59.0     3.1     61.1
DAYS MAX >= 90      0
DAYS MAX <= 32      0
DAYS MIN <= 32      0
DAYS MIN <= 0       0

PRECIPITATION (INCHES)
RECORD
 MAXIMUM        11.84   1874
 MINIMUM         0.52   1986
TOTALS           6.33              4.00    2.33
DAYS >= .01        13
DAYS >= .10        11
DAYS >= .50         6
DAYS >= 1.00        0
GREATEST
 24 HR. TOTAL    1.26   04/19 TO 04/20

SNOWFALL (INCHES)
TOTALS            0.0               0.0     0.0
SINCE 7/1         6.1                      -0.2
DAYS >= TRACE       0
DAYS >= 1.0         0

DEGREE_DAYS
HEATING TOTAL     123               217     -94
 SINCE 7/1       3754              3628     126
COOLING TOTAL      40                37       3
 SINCE 1/1         42                45      -3
..............................................................

WIND (MPH)
AVERAGE WIND SPEED              7.2
HIGHEST GUST SPEED/DIRECTION    48/190    DATE  04/18

SKY COVER
POSSIBLE SUNSHINE (PERCENT)   MM
AVERAGE SKY COVER           0.70
NUMBER OF DAYS FAIR            5
NUMBER OF DAYS PC             12
NUMBER OF DAYS CLOUDY         13

AVERAGE RH (PERCENT)     67

WEATHER CONDITIONS. NUMBER OF DAYS WITH
THUNDERSTORM              7     MIXED PRECIP               0
HEAVY RAIN                8     RAIN                       8
LIGHT RAIN               16     FREEZING RAIN              0
LT FREEZING RAIN          0     HAIL                       0
HEAVY SNOW                0     SNOW                       0
LIGHT SNOW                0     SLEET                      0
FOG                      15     FOG W/VIS <= 1/4 MILE      0
HAZE                      1

-  INDICATES NEGATIVE NUMBERS.
R  INDICATES RECORD WAS SET OR TIED.
MM INDICATES DATA IS MISSING.
T  INDICATES TRACE AMOUNT.

$$
BOYD
01
