000
CXUS53 KDVN 011143
CLMBRL


CLIMATE REPORT
NATIONAL WEATHER SERVICE QUAD CITIES IA IL
541 AM CST FRI DEC 1 2017

...................................

...THE BURLINGTON IA CLIMATE SUMMARY FOR THE MONTH OF NOVEMBER 2017...

CLIMATE NORMAL PERIOD 1981 TO 2010
CLIMATE RECORD PERIOD 1897 TO 2017

WEATHER         OBSERVED          NORMAL  DEPART
                 VALUE   DATE(S)  VALUE   FROM
                                          NORMAL
................................................
TEMPERATURE (F)
RECORD
 HIGH              86   11/17/1899
 LOW               -2   11/08/1991
                        11/26/1977
                        11/29/1976
HIGHEST            73   11/24        59      14
LOWEST             18   11/22        26      -8
AVG. MAXIMUM     49.8              51.5    -1.7
AVG. MINIMUM     29.9              33.3    -3.4
MEAN             39.9              42.4    -2.5
DAYS MAX >= 90      0
DAYS MAX <= 32      0
DAYS MIN <= 32     19
DAYS MIN <= 0       0

PRECIPITATION (INCHES)
TOTALS           0.98              2.50   -1.52
DAILY AVG.       0.03              0.08   -0.05
DAYS >= .01         7
DAYS >= .10         4
DAYS >= .50         1
DAYS >= 1.00        0
GREATEST
 24 HR. TOTAL    0.50   11/18 TO 11/18

DEGREE_DAYS
HEATING TOTAL     745               679      66
 SINCE 7/1       1051              1073     -22
COOLING TOTAL       0                 1      -1
 SINCE 1/1       1068              1207    -139
.................................................

WIND (MPH)
AVERAGE WIND SPEED              9.0
HIGHEST WIND SPEED/DIRECTION    31/360    DATE  11/18
HIGHEST GUST SPEED/DIRECTION    37/350    DATE  11/18

SKY COVER
POSSIBLE SUNSHINE (PERCENT)   MM
AVERAGE SKY COVER           0.40
NUMBER OF DAYS FAIR           17
NUMBER OF DAYS PC              5
NUMBER OF DAYS CLOUDY          8

AVERAGE RH (PERCENT)     70

WEATHER CONDITIONS. NUMBER OF DAYS WITH
THUNDERSTORM              0     HAIL                       0
SLEET                     0     FOG                       11
FOG W/VIS <= 1/4 MILE     5     HAZE                      10

-  INDICATES NEGATIVE NUMBERS.
R  INDICATES RECORD WAS SET OR TIED.
MM INDICATES DATA IS MISSING.
T  INDICATES TRACE AMOUNT.

$$
