000
CXUS51 KBTV 011308
CLMBTV


CLIMATE REPORT
NATIONAL WEATHER SERVICE BURLINGTON VT
908 AM EDT FRI APR 1 2016

...................................

...THE BURLINGTON VT CLIMATE SUMMARY FOR THE MONTH OF MARCH 2016...

CLIMATE NORMAL PERIOD 1981 TO 2010
CLIMATE RECORD PERIOD 1884 TO 2016

WEATHER         OBSERVED          NORMAL  DEPART  LAST YEAR`S
                 VALUE   DATE(S)  VALUE   FROM    VALUE  DATE(S)
                                          NORMAL
................................................................
TEMPERATURE (F)
RECORD
 HIGH              84   03/31/1998
                        03/29/1946
 LOW              -24   03/04/1938
HIGHEST            70   03/09        39      31       MM  MM
LOWEST              5   03/03        22     -17       MM  MM
AVG. MAXIMUM     46.2              40.0     6.2       MM
AVG. MINIMUM     27.3              22.0     5.3       MM
MEAN             36.7              31.0     5.7       MM
DAYS MAX >= 90      0               0.0     0.0       MM
DAYS MAX <= 32      4               7.0    -3.0       MM
DAYS MIN <= 32     22              25.2    -3.2       MM
DAYS MIN <= 0       0               1.3    -1.3       MM

PRECIPITATION (INCHES)
RECORD
 MAXIMUM         4.53   1913
 MINIMUM         0.22   1915
TOTALS           2.26              2.22    0.04       MM
DAILY AVG.       0.07              0.07    0.00       MM
DAYS >= .01        13              12.9     0.1       MM
DAYS >= .10         7               6.1     0.9       MM
DAYS >= .50         1               1.2    -0.2       MM
DAYS >= 1.00        0               0.1    -0.1       MM
GREATEST
 24 HR. TOTAL    0.60   03/28 TO 03/29                MM
 STORM TOTAL       MM                                 MM
 (MM/DD(HH))            MM                                MM

SNOWFALL (INCHES)
RECORDS
 TOTAL           47.6   5
                        0
                        -26215
TOTALS            1.8              15.8   -14.0       MM
SINCE 7/1        30.8              76.6   -45.8       MM
SNOWDEPTH AVG.      0                 6      -6       MM
DAYS >= 1.0         0               3.7    -3.7       MM
GREATEST
 SNOW DEPTH         0   MM                            MM  MM
 24 HR TOTAL      0.8   MM                            MM

DEGREE_DAYS
HEATING TOTAL     867              1054    -187       MM
 SINCE 7/1       5251              6464   -1213       MM
COOLING TOTAL       0                 0       0       MM
 SINCE 1/1          0                 0       0       MM
.................................................................

WIND (MPH)
AVERAGE WIND SPEED              8.5
HIGHEST WIND SPEED/DIRECTION    29/190    DATE  03/31
HIGHEST GUST SPEED/DIRECTION    40/180    DATE  03/31

SKY COVER
POSSIBLE SUNSHINE (PERCENT)   MM
AVERAGE SKY COVER           0.60
NUMBER OF DAYS FAIR            7
NUMBER OF DAYS PC             11
NUMBER OF DAYS CLOUDY         13

AVERAGE RH (PERCENT)     58

WEATHER CONDITIONS. NUMBER OF DAYS WITH
THUNDERSTORM              0     MIXED PRECIP               0
HEAVY RAIN                1     RAIN                       4
LIGHT RAIN               12     FREEZING RAIN              1
LT FREEZING RAIN          2     HAIL                       0
HEAVY SNOW                0     SNOW                       1
LIGHT SNOW                9     SLEET                      0
FOG                      13     FOG W/VIS <= 1/4 MILE      1
HAZE                      3

-  INDICATES NEGATIVE NUMBERS.
R  INDICATES RECORD WAS SET OR TIED.
MM INDICATES DATA IS MISSING.
T  INDICATES TRACE AMOUNT.

$$
