433
CXUS55 KGJT 011201
CLMCAG


CLIMATE REPORT
NATIONAL WEATHER SERVICE GRAND JUNCTION CO
555 AM MDT FRI APR 1 2016

...................................

...THE CRAIG CO CLIMATE SUMMARY FOR THE MONTH OF MARCH 2016...

CLIMATE NORMAL PERIOD 1981 TO 2010
CLIMATE RECORD PERIOD 9999 TO 9999

WEATHER         OBSERVED          NORMAL  DEPART  LAST YEAR`S
                 VALUE   DATE(S)  VALUE   FROM    VALUE  DATE(S)
                                          NORMAL
................................................................
TEMPERATURE (F)
HIGHEST            64   03/21        MM      MM       74  03/28
LOWEST             14   03/26        MM      MM        1  03/04
                        03/19
                        03/10
AVG. MAXIMUM     46.5              45.5     1.0     57.0
AVG. MINIMUM     22.3              19.2     3.1     21.8
MEAN             34.4              32.3     2.1     39.4
DAYS MAX >= 90      0               0.0     0.0        0
DAYS MAX <= 32      0               3.4    -3.4        1
DAYS MIN <= 32     31              29.6     1.4       29
DAYS MIN <= 0       0               1.6    -1.6        0

PRECIPITATION (INCHES)
TOTALS           0.91              1.29   -0.38     0.82
DAILY AVG.       0.03              0.04   -0.01     0.03
DAYS >= .01        14                MM      MM        6
DAYS >= .10         3                MM      MM        3
DAYS >= .50         0                MM      MM        0
DAYS >= 1.00        0                MM      MM        0
GREATEST
 24 HR. TOTAL    0.30   03/06 TO 03/07              0.41

SNOWFALL (INCHES)
TOTALS             MM                MM      MM       MM
SINCE 7/1          MM                MM      MM       MM
SNOWDEPTH AVG.     MM                MM      MM       MM
DAYS >= 1.0        MM                MM      MM       MM
GREATEST
 SNOW DEPTH        MM                                 MM  MM
 24 HR TOTAL       MM                                 MM

DEGREE_DAYS
HEATING TOTAL     939              1012     -73      783
 SINCE 7/1       7218              7338    -120     6244
COOLING TOTAL       0                 0       0        0
 SINCE 1/1          0                 0       0        0
.................................................................

WIND (MPH)
AVERAGE WIND SPEED              6.3
HIGHEST WIND SPEED/DIRECTION    36/270    DATE  03/29
HIGHEST GUST SPEED/DIRECTION    43/270    DATE  03/29

SKY COVER
POSSIBLE SUNSHINE (PERCENT)   MM
AVERAGE SKY COVER           0.50
NUMBER OF DAYS FAIR           13
NUMBER OF DAYS PC              9
NUMBER OF DAYS CLOUDY          9

AVERAGE RH (PERCENT)     65

WEATHER CONDITIONS. NUMBER OF DAYS WITH
THUNDERSTORM              2     MIXED PRECIP               0
HEAVY RAIN                0     RAIN                       0
LIGHT RAIN                9     FREEZING RAIN              0
LT FREEZING RAIN          0     HAIL                       0
HEAVY SNOW                2     SNOW                       5
LIGHT SNOW               15     SLEET                      0
FOG                      14     FOG W/VIS <= 1/4 MILE      4
HAZE                      2

-  INDICATES NEGATIVE NUMBERS.
R  INDICATES RECORD WAS SET OR TIED.
MM INDICATES DATA IS MISSING.
T  INDICATES TRACE AMOUNT.

$$
