000
CXUS55 KABQ 011502
CLMCAO


CLIMATE REPORT
NATIONAL WEATHER SERVICE ALBUQUERQUE NM
835 AM MDT MON JUN 1 2015

...................................

...THE CLAYTON  NM CLIMATE SUMMARY FOR THE MONTH OF MAY 2015...

CLIMATE NORMAL PERIOD 1981 TO 2010
CLIMATE RECORD PERIOD 1896 TO 2015

WEATHER         OBSERVED          NORMAL  DEPART  LAST YEAR`S
                 VALUE   DATE(S)  VALUE   FROM    VALUE  DATE(S)
                                          NORMAL
................................................................
TEMPERATURE (F)
RECORD
 HIGH              99   05/27/1896
 LOW               20   05/07/1917
HIGHEST            83   05/02        MM      MM       91  05/19
LOWEST             34   05/11        MM      MM       35  05/14
                                                          05/13
                                                          05/01
AVG. MAXIMUM     70.3              75.6    -5.3     78.1
AVG. MINIMUM     46.3              47.3    -1.0     49.2
MEAN             58.3              61.5    -3.2     63.6
DAYS MAX >= 90      0               1.5    -1.5        2
DAYS MAX <= 32      0               0.0     0.0        0
DAYS MIN <= 32      0               0.2    -0.2        0
DAYS MIN <= 0       0               0.0     0.0        0

PRECIPITATION (INCHES)
RECORD
 MAXIMUM           MM   MM
 MINIMUM           MM   MM
TOTALS           6.81              1.96    4.85     1.30
DAILY AVG.       0.22              0.06    0.16     0.04
DAYS >= .01        20               7.0    13.0        4
DAYS >= .10        13               3.8     9.2        3
DAYS >= .50         4               1.0     3.0        1
DAYS >= 1.00        1               0.4     0.6        0
GREATEST
 24 HR. TOTAL    2.99   05/18 TO 05/19              0.65

SNOWFALL (INCHES)
RECORDS
 TOTAL             MM   MM
TOTALS            0.0               0.7    -0.7      0.0
SINCE 7/1        26.1              28.0    -1.9      9.8
SNOWDEPTH AVG.      0                MM      MM        0
DAYS >= 1.0         0               0.2    -0.2        0
GREATEST
 SNOW DEPTH         0   MM                             0  MM
 24 HR TOTAL      0.0   05/31 TO 05/31               0.0

DEGREE_DAYS
HEATING TOTAL     206               155      51      125
 SINCE 7/1       4468              4861    -393     4799
COOLING TOTAL       5                45     -40       90
 SINCE 1/1          5                51     -46       95
.................................................................

WIND (MPH)
AVERAGE WIND SPEED              12.3
HIGHEST WIND SPEED/DIRECTION    43/190    DATE  05/15
HIGHEST GUST SPEED/DIRECTION    55/240    DATE  05/28

SKY COVER
AVERAGE SKY COVER           0.40

AVERAGE RH (PERCENT)     66

WEATHER CONDITIONS. NUMBER OF DAYS WITH
THUNDERSTORM              0     MIXED PRECIP               0
HEAVY RAIN                8     RAIN                      12
LIGHT RAIN               21     FREEZING RAIN              0
LT FREEZING RAIN          0     HAIL                       0
HEAVY SNOW                0     SNOW                       0
LIGHT SNOW                0     SLEET                      0
FOG                      15     FOG W/VIS <= 1/4 MILE      6
HAZE                      1

-  INDICATES NEGATIVE NUMBERS.
R  INDICATES RECORD WAS SET OR TIED.
MM INDICATES DATA IS MISSING.
T  INDICATES TRACE AMOUNT.

$$
