000
CXAK58 PACD 011003
CLMCDB

CLIMATE REPORT
NATIONAL WEATHER SERVICE COLD BAY, AK
203 AM AKDT FRI JUL 1 2016

...................................

...THE COLD BAY AP CLIMATE SUMMARY FOR THE MONTH OF JUNE 2016...

CLIMATE NORMAL PERIOD 1981 TO 2010
CLIMATE RECORD PERIOD 1955 TO 2016

WEATHER         OBSERVED          NORMAL  DEPART  LAST YEAR`S
                 VALUE   DATE(S)  VALUE   FROM    VALUE  DATE(S)
                                          NORMAL
................................................................
TEMPERATURE (F)
RECORD
 HIGH              72   6/28/2001
 LOW               27   6/04/2007
HIGHEST            63   6/30         61       2      68  6/19
LOWEST             32   6/14         33      -1      33  6/07
AVG. MAXIMUM       54.9              51.2     3.7    55.7
AVG. MINIMUM       43.5              41.4     2.1    43.0
MEAN               49.2              46.3     2.9    49.3
DAYS MAX >= 90      0                 0.0     0.0     0
DAYS MAX <= 32      0                 0.0     0.0     0
DAYS MAX >= 80      0                 0.0     0.0     0
DAYS MAX >= 70      0                 0.1    -0.1     0
DAYS MIN <= 32      1                 0.5     0.5     0
DAYS MIN <= 0       0                 0.0     0.0     0

PRECIPITATION (INCHES)
RECORD
 MAXIMUM            8.35   2000
 MINIMUM            0.12   1961
TOTALS              1.73              2.72   -0.99    1.11
DAILY AVG.          0.06              0.08   -0.02    0.04
DAYS >= .01        13                17.4    -4.4    11
DAYS >= .10         6                 7.2    -1.2     4
DAYS >= .50         1                 0.8     0.2     0
DAYS >= 1.0         0                 0.2    -0.2     0
GREATEST
 24 HR TOTAL        0.53   6/11                       0.43  6/04

SNOWFALL (INCHES)
RECORDS
 TOTAL              0.5   1971
 24 HR TOTAL        0.5   6-01-1971
 SNOW DEPTH         0     6-02-1985
TOTALS              0.0               0.0     0.0     0.0
SINCE 7/1          50.1              74.6   -24.5    22.3
SNOW DEPTH AVG.     0                 0       0       0
DAYS >= TRACE       0                 0.6    -0.6     0
DAYS >= 1.0         0                 0.0     0.0     0
DAYS >= 6.0         0                 0.0     0.0     0
GREATEST
 SNOW DEPTH         0   MM                            0  MM
 24 HR TOTAL      0.0   MM                          0.0  MM

DEGREE_DAYS
HEATING TOTAL     467               562     -95     460
 SINCE 7/1       8555              9560   -1005    8338
COOLING TOTAL       0                 0       0       0
 SINCE 1/1          0                 0       0       0
................................................................

WIND (MPH)
AVERAGE WIND SPEED               14.1
HIGHEST WIND SPEED/DIRECTION     45/170    DATE   06/22
HIGHEST GUST SPEED/DIRECTION     58/170    DATE   06/22


WEATHER CONDITIONS. NUMBER OF DAYS WITH
THUNDERSTORM              0     ICE PELLETS                 0
RAIN                     20     GLAZE                       0
DRIZZLE                   0     HAIL                        0
SNOW                      0     HAZE                        0
FOG                      21     FOG W/VIS <= 1/4 MILE       3
BLOWING SNOW              0


-  INDICATES NEGATIVE NUMBERS.
R  INDICATES RECORD WAS SET OR TIED.
MM INDICATES DATA IS MISSING.
T  INDICATES TRACE AMOUNT.

&&
....A WARMER AND DRIER JUNE FOR COLD BAY...

COLD BAY AIRPORT MAXIMUM TEMPERATURE FOR JUNE WAS 3.4 DEGREES HIGHER THAN NORMAL.
THE MINIMUM TEMPERATURE WAS 2.0 DEGREES HIGHER THAN NORMAL.  THE AVERAGE
TEMPERATURE FOR JUNE WAS 49.2 DEGREES WHICH IS 2.9 DEGREES WARMER THAN NORMAL.

JUNE WAS ALSO DRIER THAN NORMAL WITH 0.99 INCHES LESS OF PRECIPITATION.

RECORDS:

JUNE 22ND...TIED THE MAXIMUM TEMPERATURE OF 60...SET IN 2002

JUNE 14TH...NEW LOWEST MONTHLY TEMPERATURE OF 32 DEGREES BREAKING THE OLD MONTHLY
LOW TEMPERATURE OF 38.

JUNE 30TH...NEW MAXIMUM TEMPERATURE OF 63 DEGREES BREAKING THE OLD RECORD OF 62 SET
IN 2015.

$$
KH JUL 16
