000
CXUS55 KCYS 031624
CLMCDR


CLIMATE REPORT
NATIONAL WEATHER SERVICE CHEYENNE WY
1024 AM MDT THU NOV 3 2016

...................................

...THE CHADRON NE AIRPORT CLIMATE SUMMARY FOR THE MONTH OF OCTOBER 2016...

CLIMATE NORMAL PERIOD 1981 TO 2010
CLIMATE RECORD PERIOD 1895 TO 2016

WEATHER         OBSERVED          NORMAL  DEPART  LAST YEAR`S
                 VALUE   DATE(S)  VALUE   FROM    VALUE
                                          NORMAL
.............................................................
TEMPERATURE (F)
RECORD
 HIGH              95   10/05/1947
 LOW              -10   10/28/1925
HIGHEST            87   10/10        MM      MM       91
LOWEST             24   10/12        MM      MM       16
AVG. MAXIMUM     72.2              63.9     8.3     68.0
AVG. MINIMUM     36.7              31.3     5.4     37.4
MEAN             54.5              47.6     6.9     52.7
DAYS MAX >= 90      0               0.4                1
DAYS MAX <= 32      0               0.5                0
DAYS MIN <= 32     12              15.9               10
DAYS MIN <= 0       0               0.1                0

PRECIPITATION (INCHES)
RECORD
 MAXIMUM         3.64   1998
 MINIMUM         0.00   1989
TOTALS           0.16              1.31   -1.15     1.72
DAYS >= .01         4               5.7    -1.7        5
DAYS >= .10         0               3.4    -3.4        3
DAYS >= .50         0               0.7    -0.7        2
DAYS >= 1.00        0               0.1    -0.1        0
GREATEST
 24 HR. TOTAL    0.05   10/29 TO 10/29

DEGREE_DAYS
HEATING TOTAL     325               542    -217      380
 SINCE 7/1        445               753    -308      482
COOLING TOTAL       4                 2       2        6
 SINCE 1/1        883               712     171      718
..............................................................

WIND (MPH)
AVERAGE WIND SPEED              8.7
HIGHEST WIND SPEED/DIRECTION    55/250    DATE  10/03
HIGHEST GUST SPEED/DIRECTION    72/240    DATE  10/03

SKY COVER
POSSIBLE SUNSHINE (PERCENT)   MM
AVERAGE SKY COVER           0.10
NUMBER OF DAYS FAIR           25
NUMBER OF DAYS PC              5
NUMBER OF DAYS CLOUDY          1

AVERAGE RH (PERCENT)     51

WEATHER CONDITIONS. NUMBER OF DAYS WITH
THUNDERSTORM              0     MIXED PRECIP               0
HEAVY RAIN                0     RAIN                       0
LIGHT RAIN                5     FREEZING RAIN              0
LT FREEZING RAIN          0     HAIL                       0
HEAVY SNOW                0     SNOW                       0
LIGHT SNOW                2     SLEET                      0
FOG                       4     FOG W/VIS <= 1/4 MILE      0
HAZE                      0

-  INDICATES NEGATIVE NUMBERS.
R  INDICATES RECORD WAS SET OR TIED.
MM INDICATES DATA IS MISSING.
T  INDICATES TRACE AMOUNT.

$$
