000
CXUS54 KLUB 011651
CLMCDS


CLIMATE REPORT
NATIONAL WEATHER SERVICE LUBBOCK, TX
1050 AM CST WED FEB 1 2017

...................................

...THE CHILDRESS CLIMATE SUMMARY FOR THE MONTH OF JANUARY 2017...

CLIMATE NORMAL PERIOD 1981 TO 2010
CLIMATE RECORD PERIOD 1893 TO 2017

WEATHER         OBSERVED          NORMAL  DEPART  LAST YEAR`S
                 VALUE   DATE(S)  VALUE   FROM    VALUE  DATE(S)
                                          NORMAL
................................................................
TEMPERATURE (F)
RECORD
 HIGH              87   01/03/2006
 LOW              -13   01/17/1930
HIGHEST            82   01/11                         85  01/30
                        01/09
LOWEST              1   01/07                         22  01/10
AVG. MAXIMUM     56.7              54.6     2.1     54.1
AVG. MINIMUM     31.6              28.3     3.3     30.2
MEAN             44.2              41.5     2.7     42.1

PRECIPITATION (INCHES)
RECORD
 MAXIMUM           MM   MM
 MINIMUM           MM   MM
TOTALS           1.72              0.73    0.99     0.51
DAILY AVG.       0.06              0.02    0.04
DAYS >= .01         6                                  5
DAYS >= .10         3                                  3
DAYS >= .50         1                                  0
DAYS >= 1.00        1                                  0
GREATEST
 24 HR. TOTAL    1.34   01/15 TO 01/16

SNOWFALL (INCHES)
RECORDS
 TOTAL             MM   MM
 24 HR TOTAL       MM
TOTALS            1.5               2.7    -1.2
SINCE 7/1         1.5               5.3    -3.8
DAYS >= TRACE       1
DAYS >= 1.0         1
GREATEST
 SNOW DEPTH         2   01/07
 24 HR TOTAL      1.5   01/06 TO 01/06

DEGREE_DAYS
HEATING TOTAL     638               730     -92      702
 SINCE 7/1       1592              2003    -411
COOLING TOTAL       0                 0       0        0
 SINCE 1/1          0                 0       0
.................................................................

WIND (MPH)
AVERAGE WIND SPEED              10.0
HIGHEST WIND SPEED/DIRECTION    37/270    DATE  01/24
HIGHEST GUST SPEED/DIRECTION    46/270    DATE  01/24

SKY COVER
POSSIBLE SUNSHINE (PERCENT)   MM
AVERAGE SKY COVER           0.20
NUMBER OF DAYS FAIR           24
NUMBER OF DAYS PC              4
NUMBER OF DAYS CLOUDY          3

AVERAGE RH (PERCENT)     53

WEATHER CONDITIONS. NUMBER OF DAYS WITH
THUNDERSTORM              0     MIXED PRECIP               0
HEAVY RAIN                3     RAIN                       5
LIGHT RAIN                9     FREEZING RAIN              1
LT FREEZING RAIN          2     HAIL                       0
HEAVY SNOW                1     SNOW                       0
LIGHT SNOW                2     SLEET                      0
FOG                       7     FOG W/VIS <= 1/4 MILE      2
HAZE                      0

-  INDICATES NEGATIVE NUMBERS.
R  INDICATES RECORD WAS SET OR TIED.
MM INDICATES DATA IS MISSING.
T  INDICATES TRACE AMOUNT.

$$
