175
CXUS54 KLUB 011814
CLMCDS


CLIMATE REPORT
NATIONAL WEATHER SERVICE LUBBOCK, TX
114 PM CDT FRI MAY 1 2015

...................................

...THE CHILDRESS CLIMATE SUMMARY FOR THE MONTH OF APRIL 2015...

CLIMATE NORMAL PERIOD 1981 TO 2010
CLIMATE RECORD PERIOD 1893 TO 2015

WEATHER         OBSERVED          NORMAL  DEPART  LAST YEAR`S
                 VALUE   DATE(S)  VALUE   FROM    VALUE  DATE(S)
                                          NORMAL
................................................................
TEMPERATURE (F)
RECORD
 HIGH             106   04/25/2012
 LOW               22   04/02/1936
HIGHEST            95   04/07                         97  04/26
                                                          04/12
LOWEST             39   04/10                         26  04/15
                        04/04
AVG. MAXIMUM     77.0              76.5     0.5     77.7
AVG. MINIMUM     51.3              48.1     3.2     47.4
MEAN             64.1              62.3     1.8     62.5

PRECIPITATION (INCHES)
RECORD
 MAXIMUM           MM   MM
 MINIMUM           MM   MM
TOTALS           5.08              2.12    2.96     1.53
DAILY AVG.       0.17              0.07    0.10
DAYS >= .01        12                                  4
DAYS >= .10         6                                  1
DAYS >= .50         4                                  1
DAYS >= 1.00        2                                  1
GREATEST
 24 HR. TOTAL    1.88   04/27 TO 04/27

SNOWFALL (INCHES)
RECORDS
 TOTAL             MM   MM
 24 HR TOTAL       MM
TOTALS            0.0               0.2    -0.2
SINCE 7/1         2.0               7.0    -5.0
DAYS >= TRACE       0
DAYS >= 1.0         0
GREATEST
 SNOW DEPTH         0   MM
 24 HR TOTAL      0.0   04/30 TO 04/30

DEGREE_DAYS
HEATING TOTAL     100               153     -53      152
 SINCE 7/1       2931              3088    -157
COOLING TOTAL      79                72       7       84
 SINCE 1/1         96                91       5
.................................................................

WIND (MPH)
AVERAGE WIND SPEED              12.2
HIGHEST WIND SPEED/DIRECTION    47/240    DATE  04/24
HIGHEST GUST SPEED/DIRECTION    56/240    DATE  04/24

SKY COVER
POSSIBLE SUNSHINE (PERCENT)   MM
AVERAGE SKY COVER           0.30
NUMBER OF DAYS FAIR           21
NUMBER OF DAYS PC              5
NUMBER OF DAYS CLOUDY          4

AVERAGE RH (PERCENT)     60

WEATHER CONDITIONS. NUMBER OF DAYS WITH
THUNDERSTORM              0     MIXED PRECIP               0
HEAVY RAIN                5     RAIN                       5
LIGHT RAIN               13     FREEZING RAIN              0
LT FREEZING RAIN          0     HAIL                       0
HEAVY SNOW                0     SNOW                       0
LIGHT SNOW                0     SLEET                      0
FOG                      14     FOG W/VIS <= 1/4 MILE      4
HAZE                      7

-  INDICATES NEGATIVE NUMBERS.
R  INDICATES RECORD WAS SET OR TIED.
MM INDICATES DATA IS MISSING.
T  INDICATES TRACE AMOUNT.

$$
