000
CXUS54 KMRX 012107
CLMCHA

CLIMATE REPORT
NATIONAL WEATHER SERVICE MORRISTOWN TN
505 PM EDT SAT NOV 1 2014

...................................

...THE CHATTANOOGA  ASOS CLIMATE SUMMARY FOR THE MONTH OF OCTOBER 2014...

CLIMATE NORMAL PERIOD 1981 TO 2010
CLIMATE RECORD PERIOD 1879 TO 2014

WEATHER         OBSERVED          NORMAL  DEPART
                 VALUE   DATE(S)  VALUE   FROM
                                          NORMAL
................................................
TEMPERATURE (F)
HIGHEST            87   10/02
                        10/01
LOWEST             39   10/05
AVG. MAXIMUM     74.4              73.1     1.3
AVG. MINIMUM     52.7              49.9     2.8
MEAN             63.5              61.5     2.0
DAYS MAX >= 90      0
DAYS MAX <= 32      0
DAYS MIN <= 32      0
DAYS MIN <= 0       0

PRECIPITATION (INCHES)
RECORD
 MAXIMUM        11.91   1925
 MINIMUM         0.08   1938
TOTALS           6.30              3.28    3.02
DAYS >= .01        12
DAYS >= .10         8
DAYS >= .50         5
DAYS >= 1.00        1
GREATEST
 24 HR. TOTAL    2.30   10/13 TO 10/14

SNOWFALL (INCHES)
TOTALS            0.0               0.0     0.0
SINCE 7/1         0.0
SNOWDEPTH AVG.      0
DAYS >= TRACE       0
GREATEST
 SNOW DEPTH         0   MM

DEGREE_DAYS
HEATING TOTAL     120               157     -37
 SINCE 7/1        120               172     -52
COOLING TOTAL      84                48      36
 SINCE 1/1       1910              1737     173
.................................................



-  INDICATES NEGATIVE NUMBERS.
R  INDICATES RECORD WAS SET OR TIED.
MM INDICATES DATA IS MISSING.
T  INDICATES TRACE AMOUNT.

$$
