000
CXUS54 KHGX 011403
CLMCLL

CLIMATE REPORT
NATIONAL WEATHER SERVICE HOUSTON/GALVESTON TX
850 AM CDT SAT APR 1 2017

...................................

...THE COLLEGE STATION CLIMATE SUMMARY FOR THE MONTH OF MARCH 2017...

CLIMATE NORMAL PERIOD 1981 TO 2010
CLIMATE RECORD PERIOD 1902 TO 2017

WEATHER         OBSERVED          NORMAL  DEPART  LAST YEAR`S
                 VALUE   DATE(S)  VALUE   FROM    VALUE  DATE(S)
                                          NORMAL
................................................................
TEMPERATURE (F)
RECORD
 HIGH              96   03/30/1946
 LOW               17   03/05/2002
                        03/05/1989
                        03/03/1943
HIGHEST            87   03/28                         89  03/14
LOWEST             39   03/14                         35  03/21
AVG. MAXIMUM     76.9              71.7     5.2     75.7
AVG. MINIMUM     57.5              51.0     6.5     54.8
MEAN             67.2              61.4     5.8     65.2
DAYS MAX >= 90      0               0.1    -0.1        0
DAYS MAX <= 32      0               0.0     0.0        0
DAYS MIN <= 32      0               0.9    -0.9        0
DAYS MIN <= 0       0               0.0     0.0        0

PRECIPITATION (INCHES)
RECORD
 MAXIMUM         8.66   2012
 MINIMUM         0.29   1971
TOTALS           1.76              3.17   -1.41     4.43
DAILY AVG.       0.06              0.10   -0.04     0.14
DAYS >= .01         8               8.3    -0.3        6
DAYS >= .10         6               4.9     1.1        6
DAYS >= .50         1               2.2    -1.2        3
DAYS >= 1.00        0               1.1    -1.1        2
GREATEST
 24 HR. TOTAL    0.50   03/29 TO 03/29

SNOWFALL (INCHES)
RECORDS
 TOTAL            0.1   2008
TOTALS            0.0               0.0     0.0      0.0
SINCE 7/1           T                 T     0.0      0.0
SNOWDEPTH AVG.      0                                  0
DAYS >= 1.0         0               0.0     0.0        0
GREATEST
 SNOW DEPTH         0                                  0
 24 HR TOTAL      0.0   03/31 TO 03/31

DEGREE_DAYS
HEATING TOTAL      66               172    -106       76
 SINCE 7/1        835              1559    -724     1123
COOLING TOTAL     141                59      82       90
 SINCE 1/1        272                87     185      115
.................................................................

WIND (MPH)
AVERAGE WIND SPEED              9.9
HIGHEST WIND SPEED/DIRECTION    31/160    DATE  03/23
HIGHEST GUST SPEED/DIRECTION    41/160    DATE  03/23

SKY COVER
AVERAGE SKY COVER           0.50

AVERAGE RH (PERCENT)     69

WEATHER CONDITIONS. NUMBER OF DAYS WITH
THUNDERSTORM              6     MIXED PRECIP               0
HEAVY RAIN                2     RAIN                       5
LIGHT RAIN               14     FREEZING RAIN              0
LT FREEZING RAIN          0     HAIL                       0
HEAVY SNOW                0     SNOW                       0
LIGHT SNOW                0     SLEET                      0
FOG                      18     FOG W/VIS <= 1/4 MILE      2
HAZE                      2

-  INDICATES NEGATIVE NUMBERS.
R  INDICATES RECORD WAS SET OR TIED.
MM INDICATES DATA IS MISSING.
T  INDICATES TRACE AMOUNT.

$$
