000
CXUS52 KGSP 022339
CLMCLT

CLIMATE REPORT
NATIONAL WEATHER SERVICE GREENVILLE-SPARTANBURG SC
740 PM EDT THU NOV 2  2017

...................................

...THE CHARLOTTE CLIMATE SUMMARY FOR THE MONTH OF OCTOBER 2017...

CLIMATE NORMAL PERIOD 1981 TO 2010
CLIMATE RECORD PERIOD 1878 TO 2017

WEATHER         OBSERVED          NORMAL  DEPART  LAST YEAR`S
                 VALUE   DATE(S)  VALUE   FROM    VALUE  DATE(S)
                                          NORMAL
................................................................
TEMPERATURE (F)
RECORD
 HIGH              98   10/06/1954
 LOW               24   10/27/1962
HIGHEST            89   10/11        MM      MM       89  10/19
LOWEST             30   10/30        MM      MM       37  10/26
                                                          10/23
AVG. MAXIMUM     75.9              71.8     4.1     76.8
AVG. MINIMUM     52.0              48.8     3.2     51.6
MEAN             63.9              60.3     3.6     64.2
DAYS MAX >= 90      0               0.2    -0.2        0
DAYS MAX <= 32      0               0.0     0.0        0
DAYS MIN <= 32      1               1.0     0.0        0
DAYS MIN <= 0       0               0.0     0.0        0

PRECIPITATION (INCHES)
RECORD
 MAXIMUM        14.72   1990
 MINIMUM            T   2000
TOTALS           3.95              3.40    0.55     2.78
DAILY AVG.       0.13              0.11    0.02     0.09
DAYS >= .01         7               6.9     0.1        2
DAYS >= .10         5               4.5     0.5        2
DAYS >= .50         2               2.0     0.0        2
DAYS >= 1.00        1               1.1    -0.1        1
GREATEST
 24 HR. TOTAL    1.98   10/23 TO 10/23


 STORM TOTAL       MM
 (MM/DD(HH))            MM



SNOWFALL (INCHES)
RECORDS
 TOTAL              T   1887
 24 HR TOTAL       MM
 SNOW DEPTH        MM   MM
TOTALS            0.0               0.0     0.0      0.0
 LIQUID EQUIV    0.00              0.00    0.00     0.00
SINCE 7/1         0.0               0.0     0.0      0.0
 LIQUID 7/1      0.00              0.00    0.00     0.00
SNOWDEPTH AVG.      0                MM      MM        0
DAYS >= TRACE       0               0.0     0.0        0
DAYS >= 1.0         0               0.0     0.0        0
GREATEST
 SNOW DEPTH         0   MM                             0  MM
 24 HR TOTAL      0.0   MM                            MM
 STORM TOTAL       MM                                 MM
 (MM/DD(HH))            MM



DEGREE_DAYS
HEATING TOTAL     126               183     -57       75
 SINCE 7/1        135               206     -71       75
COOLING TOTAL     101                38      63       59
 SINCE 1/1       1900              1513     387     2189

FREEZE DATES
RECORD
 EARLIEST     MM
 LATEST       MM
EARLIEST      10/30             MM
LATEST                          MM
.................................................................

WIND (MPH)
AVERAGE WIND SPEED              5.9
HIGHEST WIND SPEED/DIRECTION    32/140    DATE  10/23
HIGHEST GUST SPEED/DIRECTION    42/150    DATE  10/23

SKY COVER
POSSIBLE SUNSHINE (PERCENT)   MM
AVERAGE SKY COVER           0.40
NUMBER OF DAYS FAIR           13
NUMBER OF DAYS PC             11
NUMBER OF DAYS CLOUDY          6

AVERAGE RH (PERCENT)     71

WEATHER CONDITIONS. NUMBER OF DAYS WITH
THUNDERSTORM              2     MIXED PRECIP               0
HEAVY RAIN                3     RAIN                       5
LIGHT RAIN               11     FREEZING RAIN              0
LT FREEZING RAIN          0     HAIL                       0
HEAVY SNOW                0     SNOW                       0
LIGHT SNOW                0     SLEET                      0
FOG                      14     FOG W/VIS <= 1/4 MILE      2
HAZE                      2

-  INDICATES NEGATIVE NUMBERS.
R  INDICATES RECORD WAS SET OR TIED.
MM INDICATES DATA IS MISSING.
T  INDICATES TRACE AMOUNT.

$$

OUTLAW
