000
CXUS53 KICT 011226
CLMCNU


CLIMATE REPORT
NATIONAL WEATHER SERVICE WICHITA KS
723 AM CDT WED NOV 1 2017

...................................

...THE CHANUTE KS CLIMATE SUMMARY FOR THE MONTH OF OCTOBER 2017...

CLIMATE NORMAL PERIOD 1981 TO 2010
CLIMATE RECORD PERIOD 1894 TO 2017

WEATHER         OBSERVED          NORMAL  DEPART  LAST YEAR`S
                 VALUE   DATE(S)  VALUE   FROM    VALUE  DATE(S)
                                          NORMAL
................................................................
TEMPERATURE (F)
RECORD
 HIGH              98   10/07/1963
 LOW               17   10/31/1993
HIGHEST            87   10/14                         88  10/17
LOWEST             25   10/31                         37  10/21
AVG. MAXIMUM     72.0              69.3     2.7     75.8
AVG. MINIMUM     48.4              47.2     1.2     53.5
MEAN             60.2              58.3     1.9     64.6
DAYS MAX >= 90      0               0.1    -0.1        0
DAYS MAX <= 32      0               0.0     0.0        0
DAYS MIN <= 32      4               1.4     2.6        0
DAYS MIN <= 0       0               0.0     0.0        0

PRECIPITATION (INCHES)
RECORD
 MAXIMUM        12.02   1986
 MINIMUM         0.00   1958
                        1952
TOTALS           5.03              3.66    1.37     3.51
DAILY AVG.       0.17              0.12    0.05     0.11
DAYS >= .01         4               8.5    -4.5        8
DAYS >= .10         4               5.5    -1.5        6
DAYS >= .50         3               2.2     0.8        2
DAYS >= 1.00        3               1.2     1.8        1
GREATEST
 24 HR. TOTAL    2.61   10/14 TO 10/14

DEGREE_DAYS
HEATING TOTAL     221               241     -20       87
 SINCE 7/1        228               288     -60       98
COOLING TOTAL      79                32      47       84
.................................................................

WIND (MPH)
AVERAGE WIND SPEED              10.9
HIGHEST WIND SPEED/DIRECTION    36/270    DATE  10/14
HIGHEST GUST SPEED/DIRECTION    48/270    DATE  10/14

SKY COVER
POSSIBLE SUNSHINE (PERCENT)   MM
AVERAGE SKY COVER           0.20
NUMBER OF DAYS FAIR           23
NUMBER OF DAYS PC              4
NUMBER OF DAYS CLOUDY          4

AVERAGE RH (PERCENT)     66

WEATHER CONDITIONS. NUMBER OF DAYS WITH
THUNDERSTORM              0     MIXED PRECIP               0
HEAVY RAIN                7     RAIN                       7
LIGHT RAIN                8     FREEZING RAIN              0
LT FREEZING RAIN          0     HAIL                       0
HEAVY SNOW                0     SNOW                       0
LIGHT SNOW                0     SLEET                      0
FOG                       9     FOG W/VIS <= 1/4 MILE      0
HAZE                      1

-  INDICATES NEGATIVE NUMBERS.
R  INDICATES RECORD WAS SET OR TIED.
MM INDICATES DATA IS MISSING.
T  INDICATES TRACE AMOUNT.

$$
