000
CXUS55 KPUB 011853 CCA
CLMCOS

CLIMATE REPORT...COR FOR TSTM DATA
NATIONAL WEATHER SERVICE PUEBLO
501 AM MDT WED JUL 1 2015

...................................

...THE COLORADO SPRINGS CO CLIMATE SUMMARY FOR THE MONTH OF JUNE 2015...

CLIMATE NORMAL PERIOD 1981 TO 2010
CLIMATE RECORD PERIOD 1872 TO 2015

WEATHER         OBSERVED          NORMAL  DEPART  LAST YEAR`S
                 VALUE   DATE(S)  VALUE   FROM    VALUE  DATE(S)
                                          NORMAL
................................................................
TEMPERATURE (F)
RECORD
 HIGH             101   06/26/2012
 LOW               27   06/01/1903
HIGHEST            92   06/21        83       9       96  06/29
LOWEST             48   06/08        46       2       41  06/10
AVG. MAXIMUM     81.2              79.0     2.2     82.1
AVG. MINIMUM     55.8              51.3     4.5     51.7
MEAN             68.5              65.1     3.4     66.9
DAYS MAX >= 90      1               3.0    -2.0
DAYS MAX <= 32      0               0.0     0.0
DAYS MIN <= 32      0               0.0     0.0
DAYS MIN <= 0       0               0.0     0.0

PRECIPITATION (INCHES)
RECORD
 MAXIMUM         8.00   1965
 MINIMUM         0.10   1888
TOTALS           5.72              2.50    3.22     1.29
DAILY AVG.       0.19              0.08    0.11
DAYS >= .01        16              10.2     5.8
DAYS >= .10         5               4.8     0.2
DAYS >= .50         3               1.6     1.4
DAYS >= 1.00        2               0.5     1.5
GREATEST
 24 HR. TOTAL    3.18   06/15 TO 06/16              0.55

SNOWFALL (INCHES)
RECORDS
 TOTAL            2.0   1917
TOTALS              T               0.0     0.0        T
SINCE 7/1        46.5              37.7     8.8     34.8
SNOWDEPTH AVG.      0
DAYS >= 1.0         0               0.0     0.0
GREATEST
 SNOW DEPTH         0   MM                             0
 24 HR TOTAL        T   06/28 TO 06/28                 T

DEGREE_DAYS
HEATING TOTAL      10                79     -69       39
 SINCE 7/1       5777              6292    -515     6085
COOLING TOTAL     122                83      39      104
 SINCE 1/1        122                93      29      117
.................................................................

WIND (MPH)
AVERAGE WIND SPEED              8.7
HIGHEST WIND SPEED/DIRECTION    35/320    DATE  06/25
HIGHEST GUST SPEED/DIRECTION    50/300    DATE  06/25

SKY COVER
POSSIBLE SUNSHINE (PERCENT)   MM
AVERAGE SKY COVER           0.60
NUMBER OF DAYS FAIR            2
NUMBER OF DAYS PC             27
NUMBER OF DAYS CLOUDY          1

AVERAGE RH (PERCENT)     57

WEATHER CONDITIONS. NUMBER OF DAYS WITH
THUNDERSTORM             18     MIXED PRECIP               0
HEAVY RAIN                6     RAIN                      11
LIGHT RAIN               19     FREEZING RAIN              0
LT FREEZING RAIN          0     HAIL                       3
HEAVY SNOW                0     SNOW                       0
LIGHT SNOW                0     SLEET                      0
FOG                       7     FOG W/VIS <= 1/4 MILE      2
HAZE                      1

-  INDICATES NEGATIVE NUMBERS.
R  INDICATES RECORD WAS SET OR TIED.
MM INDICATES DATA IS MISSING.
T  INDICATES TRACE AMOUNT.

$$
