000
CXUS55 KPUB 011724
CLMCOS


CLIMATE REPORT
NATIONAL WEATHER SERVICE PUEBLO
1121 AM MDT FRI SEP 1 2017

...................................

...THE COLORADO SPRINGS CO CLIMATE SUMMARY FOR THE MONTH OF AUGUST 2017...

CLIMATE NORMAL PERIOD 1981 TO 2010
CLIMATE RECORD PERIOD 1872 TO 2017

WEATHER         OBSERVED          NORMAL  DEPART  LAST YEAR`S
                 VALUE   DATE(S)  VALUE   FROM    VALUE  DATE(S)
                                          NORMAL
................................................................
TEMPERATURE (F)
RECORD
 HIGH              99   08/03/1954
 LOW               34   08/26/1910
HIGHEST            90   08/26        84       6       92  08/01
                        08/19                             08/15
LOWEST             52   08/31        50       2       43  08/25
                        08/25
AVG. MAXIMUM     80.4              81.6    -1.2     82.1
AVG. MINIMUM     56.2              55.7     0.5     55.4
MEAN             68.3              68.7    -0.4     68.8
DAYS MAX >= 90      2               2.6    -0.6
DAYS MAX <= 32      0               0.0     0.0
DAYS MIN <= 32      0               0.0     0.0
DAYS MIN <= 0       0               0.0     0.0

PRECIPITATION (INCHES)
RECORD
 MAXIMUM         7.09   1929
 MINIMUM         0.12   2012
TOTALS           2.43              3.34   -0.91     2.43
DAILY AVG.       0.08              0.11   -0.03
DAYS >= .01        11              13.6    -2.6
DAYS >= .10         5               7.1    -2.1
DAYS >= .50         2               1.9     0.1
DAYS >= 1.00        0               0.5    -0.5
GREATEST
 24 HR. TOTAL    0.80   08/06 TO 08/07              1.47
                        08/07 TO 08/08

SNOWFALL (INCHES)
RECORDS
 TOTAL            0.2   1952
TOTALS              T               0.0     0.0        T
SINCE 7/1           T               0.0     0.0        T
SNOWDEPTH AVG.      0
DAYS >= 1.0         0               0.0     0.0
GREATEST
 SNOW DEPTH         0   MM                             0
 24 HR TOTAL        T   08/10 TO 08/10                 T

DEGREE_DAYS
HEATING TOTAL       9                21     -12       21
 SINCE 7/1          9                31     -22       21
COOLING TOTAL     121               134     -13      144
 SINCE 1/1        548               418     130      626
.................................................................

WIND (MPH)
AVERAGE WIND SPEED              8.1
HIGHEST WIND SPEED/DIRECTION    41/290    DATE  08/20
HIGHEST GUST SPEED/DIRECTION    52/290    DATE  08/20

SKY COVER
POSSIBLE SUNSHINE (PERCENT)   MM
AVERAGE SKY COVER           0.60
NUMBER OF DAYS FAIR            6
NUMBER OF DAYS PC             21
NUMBER OF DAYS CLOUDY          4

AVERAGE RH (PERCENT)     58

WEATHER CONDITIONS. NUMBER OF DAYS WITH
THUNDERSTORM             20     MIXED PRECIP               0
HEAVY RAIN                4     RAIN                       6
LIGHT RAIN               20     FREEZING RAIN              0
LT FREEZING RAIN          0     HAIL                       1
HEAVY SNOW                0     SNOW                       0
LIGHT SNOW                0     SLEET                      0
FOG                      10     FOG W/VIS <= 1/4 MILE      3
HAZE                      9

-  INDICATES NEGATIVE NUMBERS.
R  INDICATES RECORD WAS SET OR TIED.
MM INDICATES DATA IS MISSING.
T  INDICATES TRACE AMOUNT.

$$
