000
CXUS52 KILM 020122
CLMCRE


CLIMATE REPORT
NATIONAL WEATHER SERVICE WILMINGTON NC
920 PM EDT FRI AUG 1 2014

...................................

...THE NORTH MYRTLE BEACH SC CLIMATE SUMMARY FOR THE MONTH OF JULY 2014...

CLIMATE NORMAL PERIOD 1981 TO 2010
CLIMATE RECORD PERIOD 1949 TO 2014

WEATHER         OBSERVED          NORMAL  DEPART  LAST YEAR`S
                 VALUE   DATE(S)  VALUE   FROM    VALUE  DATE(S)
                                          NORMAL
................................................................
TEMPERATURE (F)
RECORD
 HIGH             101   07/27/2005
                        07/05/1990
                        07/01/1990
 LOW               54   07/07/1951
HIGHEST            94   07/27                         91  07/17
                        07/24
LOWEST             67   07/19                         70  07/26
AVG. MAXIMUM     86.6              87.6    -1.0     85.3
AVG. MINIMUM     72.6              73.1    -0.5     74.6
MEAN             79.6              80.3    -0.7     79.9
DAYS MAX >= 90      4               7.3    -3.3        1
DAYS MAX <= 32      0               0.0     0.0        0
DAYS MIN <= 32      0               0.0     0.0        0
DAYS MIN <= 0       0               0.0     0.0        0

PRECIPITATION (INCHES)
TOTALS           6.44              5.90    0.54     6.68
DAILY AVG.       0.21              0.19    0.02     0.22
DAYS >= .01        12                                 11
DAYS >= .10         7                                  6
DAYS >= .50         3                                  5
DAYS >= 1.00        3                                  4
GREATEST
 24 HR. TOTAL    2.25   07/03 TO 07/03

DEGREE_DAYS
HEATING TOTAL       0                 0       0        0
COOLING TOTAL     461               476     -15      469
....................................................

WIND (MPH)
AVERAGE WIND SPEED              8.4
RESULTANT WIND SPEED/DIRECTION   4/192
HIGHEST WIND SPEED/DIRECTION    28/230    DATE  07/15
HIGHEST GUST SPEED/DIRECTION    42/090    DATE  07/03

SKY COVER
POSSIBLE SUNSHINE (PERCENT)   MM
AVERAGE SKY COVER           0.30
NUMBER OF DAYS FAIR           18
NUMBER OF DAYS PC             13
NUMBER OF DAYS CLOUDY          0

AVERAGE RH (PERCENT)     76

WEATHER CONDITIONS. NUMBER OF DAYS WITH
THUNDERSTORM             11     MIXED PRECIP               0
HEAVY RAIN                6     RAIN                       8
LIGHT RAIN               14     FREEZING RAIN              0
LT FREEZING RAIN          0     HAIL                       0
HEAVY SNOW                0     SNOW                       0
LIGHT SNOW                0     SLEET                      0
FOG                      16     FOG W/VIS <= 1/4 MILE      1
HAZE                      3

-  INDICATES NEGATIVE NUMBERS.
R  INDICATES RECORD WAS SET OR TIED.
MM INDICATES DATA IS MISSING.
T  INDICATES TRACE AMOUNT.

$$
