000
CXUS52 KCHS 021145
CLMCXM

CLIMATE REPORT
NATIONAL WEATHER SERVICE CHARLESTON SC
734 AM EDT WED JUL 2 2014

...................................

...THE DOWNTOWN CHARLESTON SC CLIMATE SUMMARY FOR THE MONTH OF JUNE 2014...

CLIMATE NORMAL PERIOD 1981 TO 2010
CLIMATE RECORD PERIOD 1870 TO 2014

WEATHER         OBSERVED          NORMAL  DEPART
                 VALUE   DATE(S)  VALUE   FROM
                                          NORMAL
................................................
TEMPERATURE (F)
RECORD
 HIGH             104   06/02/1985
                        06/24/1944
 LOW               52   06/11/1913
HIGHEST            92   06/26
LOWEST             67R  06/02
AVG. MAXIMUM     85.7              84.5     1.2
AVG. MINIMUM     75.4              74.0     1.4
MEAN             80.5              79.3     1.2
DAYS MAX >= 90      5               5.3    -0.3
DAYS MAX <= 32      0               0.0     0.0
DAYS MIN <= 32      0               0.0     0.0
DAYS MIN <= 0       0               0.0     0.0

PRECIPITATION (INCHES)
RECORD
 MAXIMUM        19.24   1973
 MINIMUM         0.27   1918
TOTALS           1.50              4.65   -3.15
DAYS >= .01         7              10.0    -3.0
DAYS >= .10         5               6.3    -1.3
DAYS >= .50         0               2.8    -2.8
DAYS >= 1.00        0               1.4    -1.4
GREATEST
 24 HR. TOTAL    0.35   06/28 TO 06/28

DEGREE_DAYS
HEATING TOTAL       0                 0       0
 SINCE 7/1       1732              1734      -2
COOLING TOTAL     473               428      45
 SINCE 1/1        896               786     110
.................................................

WIND (MPH)
AVERAGE WIND SPEED              9.0
HIGHEST WIND SPEED/DIRECTION    20/190    DATE  06/12
HIGHEST GUST SPEED/DIRECTION    26/200    DATE  06/12



-  INDICATES NEGATIVE NUMBERS.
R  INDICATES RECORD WAS SET OR TIED.
MM INDICATES DATA IS MISSING.
T  INDICATES TRACE AMOUNT.

$$
