000
CXUS53 KUNR 011610
CLMD07


CLIMATE REPORT
NATIONAL WEATHER SERVICE RAPID CITY SD
1010 AM MDT WED NOV 1 2017

...................................

...THE FAITH SD CLIMATE SUMMARY FOR THE MONTH OF OCTOBER 2017...

CLIMATE NORMAL PERIOD 1981 TO 2010
CLIMATE RECORD PERIOD 9999 TO 9999

WEATHER         OBSERVED          NORMAL  DEPART  LAST YEAR`S
                 VALUE   DATE(S)  VALUE   FROM    VALUE  DATE(S)
                                          NORMAL
................................................................
TEMPERATURE (F)
HIGHEST            85   10/20                         84  10/14
LOWEST             12R  10/31                         25  10/13
AVG. MAXIMUM     61.5              58.5     3.0     64.3
AVG. MINIMUM     33.0              35.0    -2.0     38.4
MEAN             47.3              46.8     0.5     51.3
DAYS MAX >= 90      0                                  0
DAYS MAX <= 32      0                                  0
DAYS MIN <= 32     15                                  9
DAYS MIN <= 0       0                                  0

PRECIPITATION (INCHES)
TOTALS           0.18              1.55   -1.37     0.65
DAILY AVG.       0.01              0.05   -0.04     0.02
DAYS >= .01         4                                  3
DAYS >= .10         0                                  3
DAYS >= .50         0                                  0
DAYS >= 1.00        0                                  0
GREATEST
 24 HR. TOTAL    0.06   10/14 TO 10/14              0.34

DEGREE_DAYS
HEATING TOTAL     544               567     -23      420
 SINCE 7/1        739               799     -60      561
COOLING TOTAL       1                 1       0        2
 SINCE 1/1        756               635     121      734
.................................................................

WIND (MPH)
AVERAGE WIND SPEED              14.5
HIGHEST WIND SPEED/DIRECTION    46/320    DATE  10/23
HIGHEST GUST SPEED/DIRECTION    58/310    DATE  10/23

AVERAGE RH (PERCENT)     55


-  INDICATES NEGATIVE NUMBERS.
R  INDICATES RECORD WAS SET OR TIED.
MM INDICATES DATA IS MISSING.
T  INDICATES TRACE AMOUNT.

$$
