000
CXUS55 KBOU 031556 CCA
CLMDEN

DENCLMDEN 000
TTAA00 KBOU 010844


CLIMATE REPORT
NATIONAL WEATHER SERVICE DENVER/BOULDER CO
235 AM MDT MON AUG 1 2016

...................................

...THE DENVER CO CLIMATE SUMMARY FOR THE MONTH OF JULY 2016...

CLIMATE NORMAL PERIOD 1981 TO 2010
CLIMATE RECORD PERIOD 1872 TO 2016

WEATHER         OBSERVED          NORMAL  DEPART  LAST YEAR`S
                 VALUE   DATE(S)  VALUE   FROM    VALUE  DATE(S)
                                          NORMAL
................................................................
TEMPERATURE (F)
RECORD
 HIGH             105   07/20/2005
 LOW               42   07/04/1903
                        07/31/1873
HIGHEST           102   07/10         M      -3       97  07/27
LOWEST             51   07/12         M       9       52  07/28
AVG. MAXIMUM     92.0              89.4     2.6     87.6
AVG. MINIMUM     60.5              58.9     1.6     57.9
MEAN             76.2              74.2     2.0     72.8
DAYS MAX >= 90     22              16.0     6.0       16
DAYS MAX <= 32      0               0.0     0.0        0
DAYS MIN <= 32      0               0.0     0.0        0
DAYS MIN <= 0       0               0.0     0.0        0

PRECIPITATION (INCHES)
RECORD
 MAXIMUM         6.41   1965
 MINIMUM         0.01   1901
TOTALS           1.07              2.16   -1.09     1.06
DAILY AVG.       0.03              0.07   -0.04     0.03
DAYS >= .01         6               8.3    -2.3       12
DAYS >= .10         4               4.3    -0.3        3
DAYS >= .50         1               1.4    -0.4        0
DAYS >= 1.00        0               0.7    -0.7        0
GREATEST
 24 HR. TOTAL    0.61   07/01 TO 07/01           07/18 TO 07/18
                        06/30 TO 07/01                    07/29 TO 07/29
                        07/01 TO 07/01                    07/29 TO 07/29
 STORM TOTAL       MM                                 MM
 (MM/DD(HH))            MM                    07/18(00) TO 07/18(00)
                                                 07/29(00) TO 07/29(00)9
                                                 07/29(00) TO 07/29(00)9

SNOWFALL (INCHES)
RECORDS
 TOTAL             MM   MM
TOTALS            0.0               0.0

DEGREE_DAYS
HEATING TOTAL       0                 6      -6        5
 SINCE 7/1          0                 6      -6        5
COOLING TOTAL     356               289      67      251
 SINCE 1/1        544               444     100      409

FREEZE DATES
RECORD
 EARLIEST     09/08/1962
 LATEST       06/08/2007
EARLIEST                        10/07
LATEST                          05/05
..........................................................

WIND (MPH)
AVERAGE WIND SPEED              10.2
RESULTANT WIND SPEED/DIRECTION   3/169
HIGHEST WIND SPEED/DIRECTION    54/340    DATE  07/24
HIGHEST GUST SPEED/DIRECTION    74/340    DATE  07/24

SKY COVER
POSSIBLE SUNSHINE (PERCENT)   MM
AVERAGE SKY COVER           0.50
NUMBER OF DAYS FAIR           10
NUMBER OF DAYS PC             19
NUMBER OF DAYS CLOUDY          2

AVERAGE RH (PERCENT)     46

WEATHER CONDITIONS. NUMBER OF DAYS WITH
THUNDERSTORM             12     MIXED PRECIP               0
HEAVY RAIN                1     RAIN                       0
LIGHT RAIN               13     FREEZING RAIN              0
LT FREEZING RAIN          0     HAIL                       0
HEAVY SNOW                0     SNOW                       0
LIGHT SNOW                0     SLEET                      0
FOG                       3     FOG W/VIS <= 1/4 MILE      0
HAZE                      1

-  INDICATES NEGATIVE NUMBERS.
R  INDICATES RECORD WAS SET OR TIED.
MM INDICATES DATA IS MISSING.
T  INDICATES TRACE AMOUNT.

............JULY 2016 WARMER AND DRIER THAN NORMAL............

UPPER LEVEL HIGH PRESSURE DOMINATED THE ROCKY MOUNTAIN REGION FOR
THE MAJORITY OF THE MONTH RESULTING IN A DRIER AND WARMER THAN
NORMAL JULY. THE MONTH STARTED OFF SOMEWHAT COOL AND WET WITH BELOW
NORMAL TEMPERATURES AND PRECIPITATION THE FIRST AND SECOND. UPPER
LEVEL HIGH PRESSURE BUILT OVER THE REGION ON THE 3RD BRINGING ABOVE
NORMAL TEMPERATURES TO NORTHEASTERN COLORADO FROM THE 3RD THROUGH
THE 10TH.

ON THE 10TH...THE TEMPERATURE REACHED 102 DEGREES F WHICH IS THE
HOTTEST TEMPERATURE FOR THE MONTH AND THE YEAR TO DATE. THE LAST
TIME DENVER REACHED 100 DEGREES F OR HIGHER WAS ON JULY 7TH
2014...WITH THE LAST 102 DEGREE DAY ON JULY 21ST 2012.  THIS WAS
ALSO A MOSTLY DRY PERIOD...WITH ONLY TRACES REPORTED ON THE
3RD...5TH AND 8TH. ON THE 11TH...AN UPPER LEVEL TROUGH MOVED ACROSS
THE NORTHERN ROCKIES. THIS TROUGH PUSHED A DRY COLD FRONT ACROSS
NORTHEASTERN COLORADO...WHICH LOWERED TEMPERATURES TO NEAR NORMAL
VALUES. THE UPPER HIGH RE-ESTABLISHED OVER THE SOUTHWESTERN STATES
ON THE 16TH...RESULTING IN ABOVE NORMAL TEMPERATURES ACROSS THE
AREA. DENVER EXPERIENCED A PROLONGED PERIOD OF 90 DEGREE WEATHER
EXTENDING FROM JULY 16TH THROUGH JULY 27TH. THE PERIOD LASTED 12
DAYS AND WAS THE 18TH OCCURRENCE OF A STREAK LASTING 12 DAYS OR
LONGER SINCE RECORDS BEGAN IN 1872. THE STREAK CAME TO AN END ON THE
28TH AS COOL MORNING OUTFLOW FROM OVERNIGHT THUNDERSTORMS IN
NEBRASKA AND SOUTH DAKOTA KEPT DAILY HIGH TEMPERATURES BELOW THE 90
DEGREE MARK. THIS UPPER LEVEL TROUGH ALSO BROUGHT TWO AFTERNOONS OF
THUNDERSTORM ACTIVITY...THE ONLY SIGNIFICANT PRECIPITATION OF THE
MONTH AFTER JULY 2ND. THE LAST 11 DAYS OF JULY FEATURED ONLY 0.01 OF
RAIN WHICH FELL ON THE 31ST.

TEMPERATURES:

THE AVERAGE TEMPERATURE AT DENVER INTERNATIONAL AIRPORT FOR THE
MONTH WAS 76.2 DEGREES F, WHICH WAS 2.0 DEGREES ABOVE NORMAL. THE
WARMEST JULY ON RECORD OCCURRED BACK IN 2012...WITH AN AVERAGE
MONTHLY TEMPERATURE OF 78.9 DEGREES F. THE COLDEST JULY ON RECORD
WAS 67.3 DEGREES F BACK IN 1895. ON THE 10TH...THE TEMPERATURE
CLIMBED TO A RECORD 102 DEGREES F WHICH IS THE HIGHEST TEMPERATURE
OF THE MONTH FOR 2016. THE COLDEST TEMPERATURE OF 51 DEGREES F
OCCURRED LESS THAN 48 HOURS LATER ON THE MORNING OF THE 12TH.

TEN WARMEST JULY`S IN DENVER WEATHER HISTORY SINCE 1872:

78.9 2012
77.8 1934
77.7 2005
77.6 2008
77.3 1936
77.1 1936
76.9 2003...1966
76.7 2001...2000...1954

TEN COLDEST JULY`S IN DENVER WEATHER HISTORY SINCE 1872:

67.3 1895
68.2 1906
68.7 1915...1904
68.9 1950...1905...1891
69.0 1875
69.1 1967...1872

PRECIPITATION:

PRECIPITATION FOR THE MONTH OF JULY AT DENVER INTERNATIONAL AIRPORT
WAS 1.07 INCHES...WHICH IS 1.09 INCHES BELOW THE NORMAL OF 2.16
INCHES. THERE WERE 6 DAYS WITH MEASURABLE PRECIPITATION DURING THE
MONTH. A TOTAL OF 0.61 INCHES OF PRECIPITATION FELL ON THE
1ST...WHICH IS THE GREATEST DAILY AMOUNT FOR THE MONTH.

TEN WETTEST JULY`S IN DENVER WEATHER HISTORY SINCE 1872:

6.41 INCHES 1965
5.92 INCHES 1998
5.60 INCHES 1997
5.24 INCHES 1919
4.76 INCHES 2001
4.28 INCHES 1895
4.17 INCHES 1956...1909....1875
4.11 INCHES 1991

TEN DRIEST JULY`S IN DENVER WEATHER HISTORY SINCE 1872:

0.01 INCHES 1901
0.08 INCHES 1939
0.24 INCHES 2008
0.27 INCHES 2005
0.31 INCHES 1917
0.32 INCHES 1934
0.33 INCHES 1924...1877
0.34 INCHES 1897
0.41 INCHES 1888

THERE WERE 12 DAYS IN WHICH THUNDER WAS OBSERVED AT DENVER
INTERNATIONAL AIRPORT. THERE WERE 0 DAYS WITH DENSE FOG WITH A
VISIBILITY AT OR BELOW 1/4 MILE DURING THE MONTH. THE PEAK WIND GUST
OF 74 MPH FROM THE NORTH-NORTHWEST OCCURRED ON THE 24TH.

$$
