000
CXUS55 KBOU 011533
CLMDEN

CLIMATE REPORT
NATIONAL WEATHER SERVICE DENVER/BOULDER CO
933 AM MDT SAT OCT 1 2016

...................................

...THE DENVER CO CLIMATE SUMMARY FOR THE MONTH OF SEPTEMBER 2016...

CLIMATE NORMAL PERIOD 1981 TO 2010
CLIMATE RECORD PERIOD 1872 TO 2016

WEATHER         OBSERVED          NORMAL  DEPART  LAST YEAR`S
                 VALUE   DATE(S)  VALUE   FROM    VALUE  DATE(S)
                                          NORMAL
................................................................
TEMPERATURE (F)
RECORD
 HIGH              97   09/06/2013
                        09/05/2013
                        09/04/1995
 LOW               17   09/29/1985
HIGHEST            93   09/05        91       2       92  09/02
LOWEST             37   09/10        35       2       44  09/19
AVG. MAXIMUM     82.3              78.5     3.8     85.2
AVG. MINIMUM     49.7              48.3     1.4     53.5
MEAN             66.0              63.4     2.6     69.4
DAYS MAX >= 90      6               3.4     2.6        7
DAYS MAX <= 32      0               0.0     0.0        0
DAYS MIN <= 32      0               0.8    -0.8        0
DAYS MIN <= 0       0               0.0     0.0        0

PRECIPITATION (INCHES)
RECORD
 MAXIMUM         5.61   2013
 MINIMUM            T   1892
                        1944
TOTALS           0.28              0.96   -0.68     0.11
DAILY AVG.       0.01              0.03   -0.02     0.00
DAYS >= .01         4               6.5    -2.5        3
DAYS >= .10         1               3.3    -2.3        0
DAYS >= .50         0               0.6    -0.6        0
DAYS >= 1.00        0               0.1    -0.1        0
GREATEST
 24 HR. TOTAL    0.18   09/12 TO 09/12           08/31 TO 09/01

SNOWFALL (INCHES)
RECORDS
 TOTAL            0.0              1.3
RECORD SEPTEMBER 17.2                      1971

DEGREE_DAYS
HEATING TOTAL      64               125     -61        9
 SINCE 7/1         79               141     -62       27
COOLING TOTAL      99                76      23      148
 SINCE 1/1        861               764      97      861

FREEZE DATES
RECORD
 EARLIEST     09/08/1962
 LATEST       06/08/2007
EARLIEST                        10/07
LATEST                          05/05
.....................................................

WIND (MPH)
AVERAGE WIND SPEED              9.5
RESULTANT WIND SPEED/DIRECTION   2/171
HIGHEST WIND SPEED/DIRECTION    37/170    DATE  09/23
HIGHEST GUST SPEED/DIRECTION    51/200    DATE  09/04

SKY COVER
POSSIBLE SUNSHINE (PERCENT)   MM
AVERAGE SKY COVER           0.40
NUMBER OF DAYS FAIR           13
NUMBER OF DAYS PC             13
NUMBER OF DAYS CLOUDY          4

AVERAGE RH (PERCENT)     45

WEATHER CONDITIONS. NUMBER OF DAYS WITH
THUNDERSTORM              6     MIXED PRECIP               0
HEAVY RAIN                0     RAIN                       0
LIGHT RAIN                6     FREEZING RAIN              0
LT FREEZING RAIN          0     HAIL                       0
HEAVY SNOW                0     SNOW                       0
LIGHT SNOW                0     SLEET                      0
FOG                       4     FOG W/VIS <= 1/4 MILE      3
HAZE                      4

-  INDICATES NEGATIVE NUMBERS.
R  INDICATES RECORD WAS SET OR TIED.
MM INDICATES DATA IS MISSING.
T  INDICATES TRACE AMOUNT.

............SEPTEMBER 2016 WARMER AND DRIER THAN NORMAL............

UPPER LEVEL HIGH PRESSURE DOMINATED THE ROCKY MOUNTAIN REGION MUCH
OF THE MONTH...WHICH RESULTED IN WARM AND DRY WEATHER ACROSS NORTH
CENTRAL AND NORTHEASTERN COLORADO. OCCASIONAL UPPER LEVEL TROUGHS
OF LOW PRESSURE AND ASSOCIATED COLD FRONTS BROUGHT BRIEF PERIODS OF
COOLER WEATHER TO THE STATE THROUGHOUT THE MONTH. DENVER DID NOT
RECEIVE MUCH PRECIPITATION FROM THESE STORM SYSTEMS DUE TO THE FACT
THEY TRACKED NORTH OF COLORADO.

TEMPERATURES:

THE AVERAGE TEMPERATURE AT DENVER INTERNATIONAL AIRPORT FOR THE
MONTH WAS 66.0 DEGREES F, WHICH WAS 2.6 DEGREES ABOVE NORMAL. THE
WARMEST SEPTEMBER ON RECORD OCCURRED IN 2015...WITH AN AVERAGE
MONTHLY TEMPERATURE OF 69.4 DEGREES F. THE COLDEST SEPTEMBER ON RECORD
WAS 54.7 DEGREES F BACK IN 1912. ON THE 5TH...THE TEMPERATURE
CLIMBED TO 93 DEGREES F WHICH IS THE HIGHEST TEMPERATURE OF THE
MONTH. THE COLDEST TEMPERATURE OF 37 DEGREES F OCCURRED ON THE
MORNING OF THE 10TH. THERE WERE 6 DAYS DURING THE MONTH IN WHICH THE
TEMPERATURE REACHED OR EXCEEDED THE 90 DEGREE MARK.

ELEVEN WARMEST SEPTEMBER`S IN DENVER WEATHER HISTORY SINCE 1872:

69.4 2015
68.3 1948
68.2 1981...1931
68.0 1998
67.7 1933
67.6 1947
67.2 2005...1994
67.0 2010...1939

ELEVEN COLDEST SEPTEMBER`S IN DENVER WEATHER HISTORY SINCE 1872:

54.7 1912
55.6 1965
56.3 1961
57.5 1971
58.1 1918
58.8 1985
58.9 2006...1929
59.2 1999
59.3 2003...1913

PRECIPITATION:

PRECIPITATION FOR THE MONTH OF SEPTEMBER AT DENVER INTERNATIONAL
AIRPORT WAS 0.28 INCHES...WHICH IS 0.68 INCHES BELOW THE NORMAL OF
0.96 INCHES. THERE WERE ONLY 4 DAYS WITH MEASURABLE PRECIPITATION
DURING THE MONTH. 0.18 INCHES OF PRECIPITATION FELL ON THE 12TH
...WHICH IS THE GREATEST DAILY AMOUNT FOR THE MONTH. NO SNOW FELL
DURING THE MONTH WHICH IS 1.3 INCHES BELOW NORMAL.

ELEVEN WETTEST SEPTEMBER`S IN DENVER WEATHER HISTORY SINCE 1872:

5.61 INCHES 2013
4.67 INCHES 1961
3.78 INCHES 1909
3.70 INCHES 1902
3.42 INCHES 1938
2.95 INCHES 2012
2.89 INCHES 1936...1918...1875
2.85 INCHES 1973...1971

TEN DRIEST SEPTEMBER`S IN DENVER WEATHER HISTORY SINCE 1872:

TRACE       1944...1892
0.01 INCHES 1992...1956
0.02 INCHES 1921...1879
0.05 INCHES 1893
0.06 INCHES 2010...1920...1882

TEN SNOWIEST SEPTEMBER`S IN DENVER WEATHER HISTORY SINCE 1872:

17.2 INCHES 1971
16.5 INCHES 1936
12.9 INCHES 1959
11.4 INCHED 1895
 8.7 INCHES 1985
 6.5 INCHES 1908
 5.8 INCHES 1961
 5.5 INCHES 1965
 5.4 INCHES 1993
 5.2 INCHES 1984

THERE WERE 6 DAYS IN WHICH THUNDER WAS OBSERVED AT DENVER
INTERNATIONAL AIRPORT....AND 3 DAYS WITH DENSE FOG WITH A VISIBILITY
AT OR BELOW 1/4 MILE DURING THE MONTH. THE PEAK WIND GUST OF 51 MPH
FROM THE SOUTH-SOUTHWEST OCCURRED ON THE 4TH.

$$
