000
CXUS56 KOTX 010952 CCA
CLMDEW

CLIMATE REPORT
NATIONAL WEATHER SERVICE SPOKANE, WA
135 AM PDT FRI JUL 1 2016

...................................

...THE DEER_PARK WA AIRPORT CLIMATE SUMMARY FOR THE MONTH OF JUNE 2016...

CLIMATE NORMAL PERIOD 1981 TO 2010
CLIMATE RECORD PERIOD 9999 TO 9999

WEATHER         OBSERVED          NORMAL  DEPART  LAST YEAR`S
                 VALUE   DATE(S)  VALUE   FROM    VALUE  DATE(S)
                                          NORMAL
................................................................
TEMPERATURE (F)
RECORD
 HIGH              MM   MM
 LOW               MM   MM
HIGHEST            97   06/06        MM      MM      104  06/28
LOWEST             33   06/15        MM      MM       31  06/13
AVG. MAXIMUM     77.3              73.2     4.1     84.2
AVG. MINIMUM     43.9              44.6    -0.7     47.0
MEAN             60.6              58.9     1.7     65.6
DAYS MAX >= 90      7               0.9     6.1        8
DAYS MAX <= 32      0               0.0     0.0        0
DAYS MIN <= 32      0               0.1    -0.1        1
DAYS MIN <= 0       0               0.0     0.0        0

PRECIPITATION (INCHES)
RECORD
 MAXIMUM           MM   MM
 MINIMUM           MM   MM
TOTALS           0.66              1.96   -1.30     1.00
DAILY AVG.       0.02              0.07   -0.05     0.03
DAYS >= .01         7                MM      MM        3
DAYS >= .10         1                MM      MM        2
DAYS >= .50         0                MM      MM        1
DAYS >= 1.00        0                MM      MM        0
GREATEST
 24 HR. TOTAL    0.42   06/09 TO 06/10           06/01 TO 06/02

DEGREE_DAYS
HEATING TOTAL     171               200     -29       78
 SINCE 7/1       6218              7414   -1196     6187
COOLING TOTAL      47                17      30      103
 SINCE 1/1         47                20      27      114
...................................................

WIND (MPH)
AVERAGE WIND SPEED              6.7
HIGHEST WIND SPEED/DIRECTION    26/220    DATE  06/18
HIGHEST GUST SPEED/DIRECTION    36/230    DATE  06/18

SKY COVER
POSSIBLE SUNSHINE (PERCENT)   MM
AVERAGE SKY COVER           0.20
NUMBER OF DAYS FAIR           21
NUMBER OF DAYS PC              7
NUMBER OF DAYS CLOUDY          2

AVERAGE RH (PERCENT)     55

WEATHER CONDITIONS. NUMBER OF DAYS WITH
THUNDERSTORM              2     MIXED PRECIP               0
HEAVY RAIN                0     RAIN                       2
LIGHT RAIN                8     FREEZING RAIN              0
LT FREEZING RAIN          0     HAIL                       0
HEAVY SNOW                0     SNOW                       0
LIGHT SNOW                0     SLEET                      0
FOG                       5     FOG W/VIS <= 1/4 MILE      1
HAZE                      2

-  INDICATES NEGATIVE NUMBERS.
R  INDICATES RECORD WAS SET OR TIED.
MM INDICATES DATA IS MISSING.
T  INDICATES TRACE AMOUNT.

$$
