000
CXUS54 KFWD 010834
CLMDFW


CLIMATE REPORT
NATIONAL WEATHER SERVICE FORT WORTH TX
232 AM CST WED MAR 1 2017

...................................

...THE DALLAS FORT WORTH CLIMATE SUMMARY FOR THE MONTH OF FEBRUARY 2017...

CLIMATE NORMAL PERIOD 1981 TO 2010
CLIMATE RECORD PERIOD 1898 TO 2017

WEATHER         OBSERVED          NORMAL  DEPART  LAST YEAR`S
                 VALUE   DATE(S)  VALUE   FROM    VALUE  DATE(S)
                                          NORMAL
................................................................
TEMPERATURE (F)
RECORD
 HIGH              96   02/25/1904
 LOW               -8   02/12/1899
HIGHEST            88   02/23        80       8       79  02/19
                        02/11
LOWEST             35   02/25        22      13       31  02/04
AVG. MAXIMUM     71.4              60.4    11.0     66.9
AVG. MINIMUM     49.9              39.4    10.5     43.4
MEAN             60.6              49.9    10.7     55.2
DAYS MAX >= 90      0               0.1    -0.1        0
DAYS MAX <= 32      0               0.5    -0.5        0
DAYS MAX >= 100     0                                  0
DAYS MIN <= 32      0               5.8    -5.8        4
DAYS MIN <= 0       0               0.0     0.0        0
DAYS MIN >= 80      0                                  0

PRECIPITATION (INCHES)
RECORD
 MAXIMUM         7.40   1997
 MINIMUM         0.01   1918
TOTALS           2.33              2.66   -0.33     2.20
DAILY AVG.       0.08              0.10   -0.02     0.08
DAYS >= .01         4               6.4    -2.4        3
DAYS >= .10         4               4.3    -0.3        3
DAYS >= .50         2               1.8     0.2        1
DAYS >= 1.00        1               0.9     0.1        1
GREATEST
 24 HR. TOTAL    1.51   02/13 TO 02/14              1.75

SNOWFALL (INCHES)
RECORDS
 TOTAL           13.5   1978
 24 HR TOTAL     12.5   02/11/2010 TO 02/12/2010
TOTALS            0.0               0.9    -0.9      0.0
SINCE 7/1         0.1               1.4    -1.3        T
SNOWDEPTH AVG.      0                MM      MM        0
DAYS >= TRACE       0                                  0
DAYS >= 1.0         0               0.3    -0.3        0
GREATEST
 SNOW DEPTH         0   MM                             0  MM
 24 HR TOTAL      0.0   02/28 TO 02/28               0.0

DEGREE_DAYS
HEATING TOTAL     175               427    -252      290
 SINCE 7/1       1188              1932    -744     1411
COOLING TOTAL      62                 5      57       11
 SINCE 1/1         68                 7      61       11
.................................................................

WIND (MPH)
AVERAGE WIND SPEED              12.7
HIGHEST WIND SPEED/DIRECTION    39/260    DATE  02/20
HIGHEST GUST SPEED/DIRECTION    50/220    DATE  02/20

SKY COVER
POSSIBLE SUNSHINE (PERCENT)   MM
AVERAGE SKY COVER           0.50
NUMBER OF DAYS FAIR           10
NUMBER OF DAYS PC              8
NUMBER OF DAYS CLOUDY         10

AVERAGE RH (PERCENT)     61

WEATHER CONDITIONS. NUMBER OF DAYS WITH
THUNDERSTORM              5     MIXED PRECIP               0
HEAVY RAIN                3     RAIN                       3
LIGHT RAIN                7     FREEZING RAIN              0
LT FREEZING RAIN          0     HAIL                       0
HEAVY SNOW                0     SNOW                       0
LIGHT SNOW                0     SLEET                      0
FOG                      13     FOG W/VIS <= 1/4 MILE      1
HAZE                      6

-  INDICATES NEGATIVE NUMBERS.
R  INDICATES RECORD WAS SET OR TIED.
MM INDICATES DATA IS MISSING.
T  INDICATES TRACE AMOUNT.

$$
