000
CXUS55 KTWC 030235
CLMDUG

CLIMATE REPORT
NATIONAL WEATHER SERVICE TUCSON AZ
735 PM MST SAT DEC 2 2017

...................................

...THE DOUGLAS AZ CLIMATE SUMMARY FOR THE MONTH OF NOVEMBER 2017...

CLIMATE NORMAL PERIOD 1981 TO 2010
CLIMATE RECORD PERIOD 1948 TO 2017

WEATHER         OBSERVED          NORMAL  DEPART  LAST YEAR`S
                 VALUE   DATE(S)  VALUE   FROM    VALUE  DATE(S)
                                          NORMAL
................................................................
TEMPERATURE (F)
RECORD
 HIGH              88   11/01/2011
 LOW               11   11/30/2010
HIGHEST            87   11/13        81       6       80  11/15
LOWEST             26   11/20        22       4       13  11/30
AVG. MAXIMUM     79.2              70.7     8.5     71.7
AVG. MINIMUM     39.3              35.9     3.4     36.2
MEAN             59.2              53.3     5.9     53.9
DAYS MAX >= 90      0               0.0     0.0        0
DAYS MAX <= 32      0               0.0     0.0        0
DAYS MIN <= 32      3               9.0    -6.0       11
DAYS MIN <= 0       0               0.0     0.0        0

PRECIPITATION (INCHES)
RECORD
 MAXIMUM         3.35   1994
 MINIMUM         0.00   2005
                        1999
                        1980
TOTALS           0.11              0.69   -0.58     0.26
DAILY AVG.       0.00              0.02   -0.02     0.01
DAYS >= .01         3               3.1    -0.1        4
DAYS >= .10         0               1.8    -1.8        1
DAYS >= .50         0               0.3    -0.3        0
DAYS >= 1.00        0               0.0     0.0        0
GREATEST
 24 HR. TOTAL    0.10   10/31 TO 11/01           11/02 TO 11/03
                        11/01 TO 11/01                    11/06 TO 11/06
                        11/01 TO 11/02                    11/06 TO 11/06

DEGREE_DAYS
HEATING TOTAL     165               352    -187      323
 SINCE 7/1        198               435    -237      336
.......................................................

WIND (MPH)
AVERAGE WIND SPEED              5.3
HIGHEST WIND SPEED/DIRECTION    28/130    DATE  11/04
HIGHEST GUST SPEED/DIRECTION    35/130    DATE  11/04

AVERAGE RH (PERCENT)     MM

WEATHER CONDITIONS. NUMBER OF DAYS WITH
THUNDERSTORM              0     MIXED PRECIP               0
HEAVY RAIN                0     RAIN                       0
LIGHT RAIN                0     FREEZING RAIN              0
LT FREEZING RAIN          0     HAIL                       0
HEAVY SNOW                0     SNOW                       0
LIGHT SNOW                0     SLEET                      0
FOG                       2     FOG W/VIS <= 1/4 MILE      0
HAZE                      1

-  INDICATES NEGATIVE NUMBERS.
R  INDICATES RECORD WAS SET OR TIED.
MM INDICATES DATA IS MISSING.
T  INDICATES TRACE AMOUNT.

$$
