000
CXUS53 KDVN 011117 CCA
CLMDVN

CLIMATE REPORT
NATIONAL WEATHER SERVICE QUAD CITIES IA IL
429 AM CST SUN MAR 1 2015

...................................

...THE DAVENPORT IA CLIMATE SUMMARY FOR THE MONTH OF FEBRUARY 2015...

CLIMATE NORMAL PERIOD 1981 TO 2010
CLIMATE RECORD PERIOD 9999 TO 9999

WEATHER         OBSERVED          NORMAL  DEPART
                 VALUE   DATE(S)  VALUE   FROM
                                          NORMAL
................................................
TEMPERATURE (F)
HIGHEST            42   02/07        40       2
LOWEST            -19   02/27        14     -33
AVG. MAXIMUM     22.5              34.4   -11.9
AVG. MINIMUM      1.5              17.8   -16.3
MEAN             12.0              26.1   -14.1
DAYS MAX >= 90      0
DAYS MAX <= 32     23
DAYS MIN <= 32     28
DAYS MIN <= 0      12

PRECIPITATION (INCHES)
TOTALS           1.58              1.34    0.24
DAILY AVG.       0.06              0.05    0.01
DAYS >= .01         4
DAYS >= .10         2
DAYS >= .50         1
DAYS >= 1.00        1
GREATEST
 24 HR. TOTAL    1.60   01/31 TO 02/01

SNOWFALL (INCHES)
TOTALS           16.3
SINCE 7/1        32.2
SNOWDEPTH AVG.      4
DAYS >= TRACE      13
DAYS >= 1.0         2
GREATEST
 SNOW DEPTH         9   02/03
                        02/02
 24 HR TOTAL     13.1   01/31 TO 02/01

DEGREE_DAYS
HEATING TOTAL    1476              1089     387
 SINCE 7/1       5496              5025     471
COOLING TOTAL       0                 0       0
 SINCE 1/1          0                 0       0
.................................................

WIND (MPH)
AVERAGE WIND SPEED              11.3
HIGHEST WIND SPEED/DIRECTION    37/330    DATE  02/14
HIGHEST GUST SPEED/DIRECTION    48/290    DATE  02/21

SKY COVER
POSSIBLE SUNSHINE (PERCENT)   MM
AVERAGE SKY COVER           0.40
NUMBER OF DAYS FAIR           13
NUMBER OF DAYS PC             11
NUMBER OF DAYS CLOUDY          4

AVERAGE RH (PERCENT)     71

WEATHER CONDITIONS. NUMBER OF DAYS WITH
THUNDERSTORM              0     HAIL                       0
SLEET                     0     FOG                       11
FOG W/VIS <= 1/4 MILE     1     HAZE                      12

-  INDICATES NEGATIVE NUMBERS.
R  INDICATES RECORD WAS SET OR TIED.
MM INDICATES DATA IS MISSING.
T  INDICATES TRACE AMOUNT.

$$

===================================================================

NOTE: SUPPLEMENTAL CLIMATE DATA WAS USED FROM A NEARBY
CLIMATOLOGICALLY REPRESENTATIVE STATION.

===================================================================

PARAMETER   DATE
---------   ----
   WTR      02/1,02/16,02/25,02/26
   SNW      ALL OBSERVED SNW ABOVE
12Z DPTH    ALL OBSERVED 12Z DPTH ABOVE
