000
CXUS56 KEKA 052115
CLMEKA

CLIMATE REPORT
NATIONAL WEATHER SERVICE EUREKA CA
152 PM PDT THU MAY 5 2016

...................................

...THE EUREKA CA CLIMATE SUMMARY FOR THE MONTH OF APRIL 2016...

CLIMATE NORMAL PERIOD 1981 TO 2010
CLIMATE RECORD PERIOD 1886 TO 2016

WEATHER         OBSERVED          NORMAL  DEPART  LAST YEAR`S
                 VALUE   DATE(S)  VALUE   FROM    VALUE
                                          NORMAL
.............................................................
TEMPERATURE (F)
RECORD
 HIGH              80   04/30/2014
                        04/09/1989

LOW                31   04/05/1895
HIGHEST  78 04/06                   MM
LOWEST   42 04/16                   MM
AVG. MAXIMUM 61.1                         3.4
AVG. MINIMUM 47.8                         3.7
MEAN         54.5                         3.6


PRECIPITATION (INCHES)
RECORD
 MAXIMUM        11.25   2003
 MINIMUM         0.24   1909
TOTALS           2.84              3.32   -0.48
DAYS >= .01        12              13.4    -1.4        9
DAYS >= .10         7               7.7    -0.7        4
DAYS >= .50         3               2.0     1.0        1
DAYS >= 1.00        0               0.5    -0.5        1
GREATEST
 24 HR. TOTAL    0.99   04/13 TO 04/14

SNOWFALL (INCHES)
 LIQUID 7/1        MM                        MM

DEGREE_DAYS
HEATING TOTAL     308               423    -115      425
 SINCE 7/1       3109              3821    -712     2975
COOLING TOTAL       0                 0       0        0
 SINCE 1/1          0                 0       0        0
..............................................................

WIND (MPH)
AVERAGE WIND SPEED              5.9
HIGHEST WIND SPEED/DIRECTION    23/210    DATE  04/13
HIGHEST GUST SPEED/DIRECTION    38/210    DATE  04/13

SKY COVER
POSSIBLE SUNSHINE (PERCENT)   MM
AVERAGE SKY COVER           0.70
NUMBER OF DAYS FAIR            3
NUMBER OF DAYS PC              8
NUMBER OF DAYS CLOUDY         19


WEATHER CONDITIONS. NUMBER OF DAYS WITH
THUNDERSTORM              0     HEAVY RAIN                 1
RAIN                      1     LIGHT RAIN                13
HAIL                      0     SLEET                      0
FOG                       7     FOG W/VIS <= 1/4 MILE      1
HAZE                      2

-  INDICATES NEGATIVE NUMBERS.
R  INDICATES RECORD WAS SET OR TIED.
MM INDICATES DATA IS MISSING.
T  INDICATES TRACE AMOUNT.

&&

TOTAL RAINFALL...............  2.84 DEPARTURE FROM NORMAL..... -0.48
TOTAL SINCE JANUARY 1ST...... 25.99 DEPARTURE FROM NORMAL.....  5.24
TOTAL SINCE OCT 1ST.......... 46.71 DEPARTURE FROM NORMAL.....  9.99

HIGHEST SLP......... 30.44 ON  4 LOWEST SLP........29.67 ON 13

...REMARKS...THIS MONTH WAS OVER THREE DEGREES ABOVE NORMAL ON BOTH
THE HIGH AND LOW TEMPERATURES. TWO HIGH TEMPERATURE RECORDS WERE SET
THIS MONTH WHEN TEMPERATURES CLIMBED INTO THE 70S. THE FIRST WAS ON
THE 6TH WHEN THE TEMPERATURE TOPPED OUT AT 78 DEGREES...BREAKING THE
OLD RECORD OF 70 DEGREES SET IN 2009. THIS WAS STILL BELOW THE
MONTHLY RECORD OF 80 DEGREES WHICH HAS BEEN SET TWICE ON THE 9TH IN
1980 AND THE 30TH IN 2014. ON THE 17TH THE TEMPERATURE CLIMBED TO 71
DEGREES BREAKING THE OLD RECORD OF 67 DEGREES WHICH WAS SET IN 1983.
BOTH OF THE NEW RECORDS WERE SET WITH HIGH PRESSURE AND OFFSHORE
FLOW OVER THE AREA.

LOW TEMPERATURES WERE ALSO WELL ABOVE NORMAL. THE LOWEST TEMPERATURE
FOR THE MONTH WAS 42 DEGREES. THIS IS NOT A RECORD...HOWEVER LOW
TEMPERATURES FOR THE ENTIRE MONTH OF APRIL HAVE NOT STAYED ABOVE 40
DEGREES SINCE 1994.

ALTHOUGH IT FELL AT FAIRLY REGULAR INTERVALS THROUGHOUT THE MONTH
RAINFALL WAS SLIGHTLY BELOW NORMAL. ALL THE SEASONAL TOTALS REMAIN
ABOVE NORMAL
$$
