000
CXUS55 KLKN 061946
CLMEKO


CLIMATE REPORT
NATIONAL WEATHER SERVICE ELKO NV
1208 PM PDT THU AUG 6 2015

...................................

...THE ELKO AIRPORT NV CLIMATE SUMMARY FOR THE MONTH OF JULY 2015...

CLIMATE NORMAL PERIOD 1981 TO 2010
CLIMATE RECORD PERIOD 1888 TO 2015

WEATHER         OBSERVED          NORMAL  DEPART  LAST YEAR`S
                 VALUE   DATE(S)  VALUE   FROM    VALUE  DATE(S)
                                          NORMAL
................................................................
TEMPERATURE (F)
RECORD
 HIGH             107   07/04/1981
                        07/24/1890
 LOW               28   07/11/1890
HIGHEST            99   07/02        99       0      104  07/14
LOWEST             39   07/28        38       1       47  07/01
AVG. MAXIMUM     87.7              90.3    -2.6     95.3
AVG. MINIMUM     53.4              50.1     3.3     56.4
MEAN             70.5              70.2     0.3     75.8
DAYS MAX >= 90     13              17.9    -4.9       27
DAYS MAX <= 32      0               0.0     0.0        0
DAYS MIN <= 32      0               0.0     0.0        0
DAYS MIN <= 0       0               0.0     0.0        0

PRECIPITATION (INCHES)
RECORD
 MAXIMUM         2.35   1950
 MINIMUM         0.00   1963
                        1919
                        1903
TOTALS           0.79              0.37    0.42     0.55
DAILY AVG.       0.03              0.01    0.02     0.02
DAYS >= .01        12               3.4     8.6        7
DAYS >= .10         4               0.9     3.1        2
DAYS >= .50         0               0.2    -0.2        0
DAYS >= 1.00        0               0.0     0.0        0
GREATEST
 24 HR. TOTAL    0.30   07/23 TO 07/24              0.24

SNOWFALL (INCHES)
RECORDS
 TOTAL              T   1995
                        1990
                        1954
TOTALS            0.0               0.0     0.0      0.0
SINCE 7/1         0.0               0.0     0.0      0.0
SNOWDEPTH AVG.      0                                  0
DAYS >= TRACE       0               0.0     0.0        0
DAYS >= 1.0         0               0.0     0.0        0
DAYS >= 5.0         0                                  0
GREATEST
 SNOW DEPTH         0   MM                             0
 24 HR TOTAL      0.0   07/31 TO 07/31               0.0

DEGREE_DAYS
HEATING TOTAL       9                19     -10        0
 SINCE 7/1          9                19     -10        0
COOLING TOTAL     188               180       8      344
 SINCE 1/1        373               231     142      376
.................................................................

WIND (MPH)
AVERAGE WIND SPEED              6.1
HIGHEST WIND SPEED/DIRECTION    41/240    DATE  07/16
HIGHEST GUST SPEED/DIRECTION    57/240    DATE  07/16

AVERAGE RH (PERCENT)     45

WEATHER CONDITIONS. NUMBER OF DAYS WITH
THUNDERSTORM              0     MIXED PRECIP               0
HEAVY RAIN                2     RAIN                       5
LIGHT RAIN               14     FREEZING RAIN              0
LT FREEZING RAIN          0     HAIL                       0
HEAVY SNOW                0     SNOW                       0
LIGHT SNOW                0     SLEET                      0
FOG                       3     FOG W/VIS <= 1/4 MILE      1
HAZE                      3

-  INDICATES NEGATIVE NUMBERS.
R  INDICATES RECORD WAS SET OR TIED.
MM INDICATES DATA IS MISSING.
T  INDICATES TRACE AMOUNT.

&&

==============================================================

...49TH WARMEST JULY ON RECORD IN ELKO...
...19TH WETTEST JULY ON RECORD IN ELKO...

THE AVERAGE TEMPERATURE IN ELKO DURING JULY 2015 WAS 70.5
DEGREES...WHICH IS 0.3 DEGREES ABOVE THE 1981-2010
CLIMATOLOGICAL NORMAL OF 70.2 DEGREES. THIS MAKES JULY
2015 THE 49TH WARMEST ON RECORD. THE TOTAL PRECIPITATION
WAS 0.79...WHICH IS 0.42 INCHES OR 214 PERCENT ABOVE THE
1981-2010 CLIMATOLOGICAL NORMAL OF 0.37 INCH. THIS MAKES JULY
2015 THE 19TH WETTEST ON RECORD.

$$

RLC
