000
CXUS55 KLKN 011653
CLMELY


CLIMATE REPORT
NATIONAL WEATHER SERVICE ELKO NV
944 AM PDT MON MAY 1 2017

...................................

...THE ELY AIRPORT NV CLIMATE SUMMARY FOR THE MONTH OF APRIL 2017...

CLIMATE NORMAL PERIOD 1981 TO 2010
CLIMATE RECORD PERIOD 1893 TO 2017

WEATHER         OBSERVED          NORMAL  DEPART  LAST YEAR`S
                 VALUE   DATE(S)  VALUE   FROM    VALUE  DATE(S)
                                          NORMAL
................................................................
TEMPERATURE (F)
RECORD
 HIGH              83   04/23/2012
 LOW               -5   04/02/1982
                        04/22/1963
HIGHEST            67   04/16        74      -7       73  04/21
                        04/12
LOWEST             16   04/09        12       4       22  04/18
AVG. MAXIMUM     57.4              57.8    -0.4     58.2
AVG. MINIMUM     27.3              27.1     0.2     30.3
MEAN             42.4              42.5    -0.1     44.2
DAYS MAX >= 90      0               0.0     0.0        0
DAYS MAX <= 32      0               0.1    -0.1        0
DAYS MIN <= 32     25              22.6     2.4       23
DAYS MIN <= 0       0               0.1    -0.1        0

PRECIPITATION (INCHES)
RECORD
 MAXIMUM         5.52   1900
 MINIMUM            T   1989
                        1908
TOTALS           1.03              0.95    0.08     1.69
DAILY AVG.       0.03              0.03    0.00     0.06
DAYS >= .01         7               7.9    -0.9       13
DAYS >= .10         3               3.2    -0.2        7
DAYS >= .50         0               0.2    -0.2        1
DAYS >= 1.00        0               0.0     0.0        0
GREATEST
 24 HR. TOTAL    0.44   04/08 TO 04/08              0.52

SNOWFALL (INCHES)
RECORDS
 TOTAL           45.0   1900
TOTALS            1.4               5.2    -3.8      4.9
SINCE 7/1        66.8              48.4    18.4    100.4
SNOWDEPTH AVG.      0                                  0
DAYS >= TRACE       8               4.1     3.9        7
DAYS >= 1.0         0               1.7    -1.7        2
DAYS >= 5.0         0                                  0
GREATEST
 SNOW DEPTH         4   04/01                          4
 24 HR TOTAL      0.8   04/08 TO 04/08               1.7

DEGREE_DAYS
HEATING TOTAL     672               676      -4      615
 SINCE 7/1       6373              6903    -530     6790
COOLING TOTAL       0                 0       0        0
 SINCE 1/1          0                 0       0        0
.................................................................

WIND (MPH)
AVERAGE WIND SPEED              11.0
HIGHEST WIND SPEED/DIRECTION    43/190    DATE  04/13
HIGHEST GUST SPEED/DIRECTION    62/180    DATE  04/13

AVERAGE RH (PERCENT)     54

WEATHER CONDITIONS. NUMBER OF DAYS WITH
THUNDERSTORM              0     MIXED PRECIP               0
HEAVY RAIN                2     RAIN                       3
LIGHT RAIN               10     FREEZING RAIN              0
LT FREEZING RAIN          0     HAIL                       0
HEAVY SNOW                1     SNOW                       3
LIGHT SNOW                8     SLEET                      0
FOG                       6     FOG W/VIS <= 1/4 MILE      0
HAZE                      4

-  INDICATES NEGATIVE NUMBERS.
R  INDICATES RECORD WAS SET OR TIED.
MM INDICATES DATA IS MISSING.
T  INDICATES TRACE AMOUNT.

&&

=====================================================================

A RECORD DAILY PRECIPITATION OF 0.44 INCHES WAS SET ON THE 9TH
$$

DS
