000
CXUS51 KCLE 011323
CLMERI


CLIMATE REPORT
NATIONAL WEATHER SERVICE CLEVELAND OH
923 AM EDT TUE JUL 1 2014

...................................

...THE ERIE PA CLIMATE SUMMARY FOR THE MONTH OF JUNE 2014...

CLIMATE NORMAL PERIOD 1981 TO 2010
CLIMATE RECORD PERIOD 1873 TO 2014

WEATHER         OBSERVED          NORMAL  DEPART  LAST YEAR`S
                 VALUE   DATE(S)  VALUE   FROM    VALUE  DATE(S)
                                          NORMAL
................................................................
TEMPERATURE (F)
RECORD
 HIGH             100   06/25/1988
 LOW               32   06/11/1972
HIGHEST            90   06/17
LOWEST             47   06/06
AVG. MAXIMUM     77.8              75.7     2.1     73.6
AVG. MINIMUM     60.5              58.4     2.1     59.2
MEAN             69.2              67.1     2.1     66.4
DAYS MAX >= 90      1               0.5     0.5        0
DAYS MAX <= 32      0               0.0     0.0        0
DAYS MIN <= 32      0               0.0     0.0        0
DAYS MIN <= 0       0               0.0     0.0        0

PRECIPITATION (INCHES)
RECORD
 MAXIMUM         8.35   1996
 MINIMUM         0.75   1991
TOTALS           4.99              3.76    1.23     7.28
DAYS >= .01        14              11.1     2.9       16
DAYS >= .10        10               7.2     2.8       12
DAYS >= .50         4               2.0     2.0        6
DAYS >= 1.00        1               0.9     0.1        2
GREATEST
 24 HR. TOTAL    1.06   06/07 TO 06/08              1.79

SNOWFALL (INCHES)
RECORDS
 TOTAL             MM   5
TOTALS            0.0               0.0     0.0      0.0
SINCE 7/1       138.4             100.9    37.5    105.5
SNOWDEPTH AVG.      0                MM      MM        0
DAYS >= 1.0         0               0.0     0.0        0
GREATEST
 SNOW DEPTH         0   MM                             0  MM
 24 HR TOTAL      0.0   06/30 TO 06/30

DEGREE_DAYS
HEATING TOTAL      30                61     -31       68
 SINCE 7/1       6757              6147     610     5880
COOLING TOTAL     165               123      42      118
 SINCE 1/1        204               162      42      203
.................................................................

WIND (MPH)
AVERAGE WIND SPEED              7.5
HIGHEST WIND SPEED/DIRECTION    44/320    DATE  06/18
HIGHEST GUST SPEED/DIRECTION    59/320    DATE  06/18

SKY COVER
AVERAGE SKY COVER           0.30

AVERAGE RH (PERCENT)     67

WEATHER CONDITIONS. NUMBER OF DAYS WITH
THUNDERSTORM              0     MIXED PRECIP               0
HEAVY RAIN                6     RAIN                       7
LIGHT RAIN               14     FREEZING RAIN              0
LT FREEZING RAIN          0     HAIL                       0
HEAVY SNOW                0     SNOW                       0
LIGHT SNOW                0     SLEET                      0
FOG                      17     FOG W/VIS <= 1/4 MILE      0
HAZE                      6

-  INDICATES NEGATIVE NUMBERS.
R  INDICATES RECORD WAS SET OR TIED.
MM INDICATES DATA IS MISSING.
T  INDICATES TRACE AMOUNT.

$$
