000
CXUS51 KOKX 011651
CLMEWR

CLIMATE REPORT
NATIONAL WEATHER SERVICE NEW YORK NY
1148 AM EST WED FEB 1 2017



...THE NEWARK NJ CLIMATE SUMMARY FOR THE MONTH OF JANUARY 2017...

CLIMATE NORMAL PERIOD 1981 TO 2010
CLIMATE RECORD PERIOD 1929 TO 2017

WEATHER         OBSERVED          NORMAL  DEPART  LAST YEAR`S
                 VALUE   DATE(S)  VALUE   FROM    VALUE  DATE(S)
                                          NORMAL
................................................................
TEMPERATURE (F)
RECORD
 HIGH              74   01/26/1950
 LOW               -8   01/21/1985
HIGHEST            67   01/12        MM      MM       65  01/10
LOWEST             12   01/09        MM      MM       10  01/05
AVG. MAXIMUM     43.5              38.8     4.7     41.2
AVG. MINIMUM     32.1              24.5     7.6     25.3
MEAN             37.8              31.6     6.2     33.3
DAYS MAX >= 90      0               0.0     0.0        0
DAYS MAX <= 32      4               7.8    -3.8        6
DAYS MIN <= 32     13              23.3   -10.3       27
DAYS MIN <= 0       0               0.4    -0.4        0

PRECIPITATION (INCHES)
RECORD
 MAXIMUM        10.10   1979
 MINIMUM         0.45   1981
TOTALS           4.65              3.54    1.11     4.01
DAILY AVG.       0.15              0.11    0.04     0.13
DAYS >= .01        14              10.4     3.6       10
DAYS >= .10         9               6.2     2.8        3
DAYS >= .50         4               2.6     1.4        2
DAYS >= 1.00        1               0.9     0.1        2
GREATEST
 24 HR. TOTAL    1.97   01/23 TO 01/24           01/23 TO 01/23
                                                          01/23 TO 01/23
                                                          01/23 TO 01/23
 STORM TOTAL       MM                                 MM
 (MM/DD(HH))            MM                    01/23(00) TO 01/23(00)
                                                 01/23(00) TO 01/23(00)3
                                                 01/23(00) TO 01/23(00)3

SNOWFALL (INCHES)
TOTALS            9.3               7.9     1.4     29.3
 LIQUID EQUIV    0.93              0.80    0.13     2.93
SINCE 7/1        12.7              13.7    -1.0     29.6
 LIQUID 7/1      1.27              1.40   -0.13     2.96
SNOWDEPTH AVG.      0                 3      -3        4
DAYS >= TRACE       9               4.8     4.2        8
DAYS >= 1.0         3               2.2     0.8        1
GREATEST
 SNOW DEPTH         5   01/08                         20  01/24
 24 HR TOTAL      5.8   MM                       01/23 TO 01/23
                                                          01/23 TO 01/23
                                                          01/23 TO 01/23
 STORM TOTAL       MM                                 MM
 (MM/DD(HH))            MM                    01/23(00) TO 01/23(00)
                                                 01/23(00) TO 01/23(00)3
                                                 01/23(00) TO 01/23(00)3

DEGREE_DAYS
HEATING TOTAL     833              1034    -201      976
 SINCE 7/1       2356              2784    -428     2073
COOLING TOTAL       0                 0       0        0
 SINCE 1/1          0                 0       0        0
....................................................

WIND (MPH)
AVERAGE WIND SPEED              10.6
HIGHEST WIND SPEED/DIRECTION    36/260    DATE  01/26
HIGHEST GUST SPEED/DIRECTION    52/060    DATE  01/23


WEATHER CONDITIONS. NUMBER OF DAYS WITH
THUNDERSTORM              0     MIXED PRECIP               0
HEAVY RAIN                2     RAIN                       5
LIGHT RAIN               15     FREEZING RAIN              0
LT FREEZING RAIN          0     HAIL                       0
HEAVY SNOW                0     SNOW                       2
LIGHT SNOW                7     SLEET                      3
FOG                      16     FOG W/VIS <= 1/4 MILE      2
HAZE                      4

-  INDICATES NEGATIVE NUMBERS.
R  INDICATES RECORD WAS SET OR TIED.
MM INDICATES DATA IS MISSING.
T  INDICATES TRACE AMOUNT.

$$
