000
CXAK59 PAFG 011859
CLMFAI
CLIMATE REPORT
NATIONAL WEATHER SERVICE FAIRBANKS AK
959 AM AKST FRI MAR 01 2024
...................................
...THE FAIRBANKS AK CLIMATE SUMMARY FOR THE MONTH OF FEBRUARY 2024...
CLIMATE NORMAL PERIOD 1991 TO 2020
CLIMATE RECORD PERIOD 1904 TO 2024
WEATHER OBSERVED NORMAL DEPART LAST YEAR`S
VALUE DATE(S) VALUE FROM VALUE DATE(S)
NORMAL
................................................................
TEMPERATURE (F)
RECORD
HIGH 50 02/24/1943
LOW -58 02/02/1993
02/03/1947
HIGHEST 45 02/20 33 12 28 02/24
LOWEST -50 02/02 -39 -11 -33 02/27
AVG. MAXIMUM 12.3 11.6 0.7 10.4
AVG. MINIMUM -11.3 -11.2 -0.1 -9.7
MEAN 0.5 0.2 0.3 0.3
DAYS MAX >= 90 0 0.0 0.0 0
DAYS MAX <= 32 24 26.1 -2.1 28
DAYS MIN <= 32 29 28.0 1.0 28
DAYS MIN <= 0 21 21.2 -0.2 22
PRECIPITATION (INCHES)
RECORD
MAXIMUM 2.10 1944
MINIMUM 0.00
TOTALS 0.12 0.52 -0.40 1.03
DAILY AVG. 0.00 NAN NAN 0.04
DAYS >= .01 4 6.9 -2.9 17
DAYS >= .10 0 1.6 -1.6 2
DAYS >= .50 0 0.1 -0.1 0
DAYS >= 1.00 0 0.0 0.0 0
GREATEST
24 HR. TOTAL 0.05 02/21 TO 02/21 0.46
02/11 TO 02/11
02/21 TO 02/21
SNOWFALL (INCHES)
RECORDS
TOTAL 43.1 1966
24 HR TOTAL 20.1 02/11/1966 TO 02/12/1966
SNOW DEPTH 57 02/11/1937
TOTALS 1.5 10.0 -8.5 21.1
SINCE 7/1 55.3 54.1 1.2 MM
SNOWDEPTH AVG. 21 23
DAYS >= TRACE 7 8.3 -1.3 27
DAYS >= 1.0 0 2.8 -2.8 6
GREATEST
SNOW DEPTH 22 02/04 28
02/05
02/12
24 HR TOTAL 1.5 MM
DEGREE DAYS
HEATING TOTAL 1863 1814 49 1806
SINCE 7/1 9796 10317 -521 MM
COOLING TOTAL 0 0 0 0
SINCE 1/1 0 0 0 MM
................................................................
WIND (MPH)
AVERAGE WIND SPEED 2.2
HIGHEST WIND SPEED/DIRECTION 21/240 DATE 02/22
HIGHEST GUST SPEED/DIRECTION 31/240 DATE 02/22
SKY COVER
AVERAGE SKY COVER 0.58
NUMBER OF DAYS FAIR 6
WEATHER CONDITIONS. NUMBER OF DAYS WITH
THUNDERSTORM 0 MIXED PRECIP 0
HEAVY RAIN 0 RAIN 0
LIGHT RAIN 0 FREEZING RAIN 0
LT FREEZING RAIN 0 HAIL 0
HEAVY SNOW 0 SNOW 0
LIGHT SNOW 7 SLEET 0
FOG 10 FOG W/VIS <= 1/4 MILE 3
HAZE 4
- INDICATES NEGATIVE NUMBERS.
R INDICATES RECORD WAS SET OR TIED.
MM INDICATES DATA IS MISSING.
T INDICATES TRACE AMOUNT.
$$