000
CXUS56 KHNX 051432 CCA
CLMFAT

CLIMATE REPORT
NATIONAL WEATHER SERVICE SAN JOAQUIN VALLEY, CA
1054 AM PDT SAT SEP 2 2017

...................................

...THE FRESNO CA CLIMATE SUMMARY FOR THE MONTH OF AUGUST 2017...

CLIMATE NORMAL PERIOD 1981 TO 2010
CLIMATE RECORD PERIOD 1887 TO 2017

WEATHER         OBSERVED          NORMAL  DEPART  LAST YEAR`S
                 VALUE   DATE(S)  VALUE   FROM    VALUE  DATE(S)
                                          NORMAL
................................................................
TEMPERATURE (F)
RECORD
 HIGH             113   08/08/1908
                        08/11/1898
 LOW               49   08/30/1966
HIGHEST           109   08/29        MM      MM      107  08/14
                        08/28
LOWEST             62   08/15        MM      MM       61  08/27
AVG. MAXIMUM     99.6              97.1     2.5     98.3
AVG. MINIMUM     70.9              66.2     4.7     66.7
MEAN             85.2              81.7     3.5     82.5
DAYS MAX >= 90     30              27.1     2.9       31
DAYS MIN <= 32      0               0.0     0.0        0

PRECIPITATION (INCHES)
RECORD
 MAXIMUM         0.25   1964
TOTALS              T              0.01   -0.01     0.00
DAYS >= .01         0               0.3    -0.3        0
DAYS >= .10         0               0.0     0.0        0
DAYS >= .50         0               0.0     0.0        0
DAYS >= 1.00        0               0.0     0.0        0
GREATEST
 24 HR. TOTAL       T   08/30 TO 08/30
                        08/04 TO 08/04

SNOWFALL (INCHES)
RECORDS
 TOTAL            0.0
TOTALS            0.0               0.0

DEGREE_DAYS
HEATING TOTAL       0                 0       0        0
 SINCE 7/1          0                 0       0        0
COOLING TOTAL     637               516     121      552
 SINCE 1/1       2039              1684     355     1915
.................................................................

WIND (MPH)
AVERAGE WIND SPEED              6.9
HIGHEST WIND SPEED/DIRECTION    17/310    DATE  08/06
HIGHEST GUST SPEED/DIRECTION    23/320    DATE  08/14

AVERAGE RH (PERCENT)     42

WEATHER CONDITIONS. NUMBER OF DAYS WITH
THUNDERSTORM              0     RAIN                       0
HAIL                      0     FOG                        0
FOG W/VIS <= 1/4 MILE     0     HAZE                       7

-  INDICATES NEGATIVE NUMBERS.
R  INDICATES RECORD WAS SET OR TIED.
MM INDICATES DATA IS MISSING.
T  INDICATES TRACE AMOUNT.

$$
