000
CXUS56 KHNX 011823
CLMFAT


CLIMATE REPORT
NATIONAL WEATHER SERVICE SAN JOAQUIN VALLEY, CA
1120 AM PDT SAT JUL 1 2017

...................................

...THE FRESNO CA CLIMATE SUMMARY FOR THE MONTH OF JUNE 2017...

CLIMATE NORMAL PERIOD 1981 TO 2010
CLIMATE RECORD PERIOD 1887 TO 2017

WEATHER         OBSERVED          NORMAL  DEPART  LAST YEAR`S
                 VALUE   DATE(S)  VALUE   FROM    VALUE  DATE(S)
                                          NORMAL
................................................................
TEMPERATURE (F)
RECORD
 HIGH             112   06/25/1925
                        06/30/1891
 LOW               42   06/14/1907
HIGHEST           110   06/20        MM      MM      107  06/28
LOWEST             50   06/12        MM      MM       53  06/16
AVG. MAXIMUM     95.1              92.0     3.1     96.5
AVG. MINIMUM     65.9              62.4     3.5     65.3
MEAN             80.5              77.2     3.3     80.9
DAYS MAX >= 90     23              18.5     4.5       22
DAYS MIN <= 32      0               0.0     0.0        0

PRECIPITATION (INCHES)
RECORD
 MAXIMUM         1.93   1998
TOTALS           0.00R             0.21   -0.21     0.06
DAYS >= .01         0               0.7    -0.7        1
DAYS >= .10         0               0.4    -0.4        0
DAYS >= .50         0               0.1    -0.1        0
DAYS >= 1.00        0               0.1    -0.1        0
GREATEST
 24 HR. TOTAL    0.00   06/30 TO 06/30


SNOWFALL (INCHES)
RECORDS
 TOTAL            0.0
TOTALS            0.0               0.0

DEGREE_DAYS
HEATING TOTAL       4                 3       1        0
 SINCE 7/1       1940              2346    -406     1947
COOLING TOTAL     477               369     108      487
 SINCE 1/1        728               610     118      765
.................................................................

WIND (MPH)
AVERAGE WIND SPEED              8.4
HIGHEST WIND SPEED/DIRECTION    29/300    DATE  06/11
HIGHEST GUST SPEED/DIRECTION    38/280    DATE  06/11

AVERAGE RH (PERCENT)     42

WEATHER CONDITIONS. NUMBER OF DAYS WITH
THUNDERSTORM              0     RAIN                       0
HAIL                      0     FOG                        0
FOG W/VIS <= 1/4 MILE     0     HAZE                       1

-  INDICATES NEGATIVE NUMBERS.
R  INDICATES RECORD WAS SET OR TIED.
MM INDICATES DATA IS MISSING.
T  INDICATES TRACE AMOUNT.

$$
