000
CXUS52 KRAH 011431
CLMFAY


CLIMATE REPORT
NATIONAL WEATHER SERVICE RALEIGH NC
854 AM EST MON DEC 1 2014

...................................

...THE FAYETTEVILLE REGL AIRPORT NC CLIMATE SUMMARY FOR THE MONTH OF NOVEMBER 2014...

CLIMATE NORMAL PERIOD 1981 TO 2010
CLIMATE RECORD PERIOD 1910 TO 2014

WEATHER         OBSERVED          NORMAL  DEPART  LAST YEAR`S
                 VALUE   DATE(S)  VALUE   FROM    VALUE
                                          NORMAL
.............................................................
TEMPERATURE (F)
RECORD
 HIGH              88   11/03/1974
 LOW               15   11/26/1950
HIGHEST            80   11/12                         81
LOWEST             17   11/19                         20
AVG. MAXIMUM     61.1              66.8    -5.7     63.9
AVG. MINIMUM     37.6              42.7    -5.1     39.0
MEAN             49.4              54.7    -5.3     51.4
DAYS MAX >= 90      0                                  0
DAYS MAX <= 32      0                                  0
DAYS MIN <= 32     11                                 10
DAYS MIN <= 0       0                                  0

PRECIPITATION (INCHES)
RECORD
 MAXIMUM         8.84     2006
TOTALS           2.84              2.77    0.07     2.56
DAYS >= .01         6
DAYS >= .10         5
DAYS >= .50         2
DAYS >= 1.00        1
GREATEST
 24 HR. TOTAL    1.64   11/25 TO 11/26

DEGREE_DAYS
HEATING TOTAL     469               321     148      413
 SINCE 7/1        544               448      96      516
..............................................................

WIND (MPH)
AVERAGE WIND SPEED              7.5
HIGHEST WIND SPEED/DIRECTION    26/220    DATE  11/17
HIGHEST GUST SPEED/DIRECTION    37/200    DATE  11/23

SKY COVER
POSSIBLE SUNSHINE (PERCENT)   MM
AVERAGE SKY COVER           0.30
NUMBER OF DAYS FAIR           17
NUMBER OF DAYS PC              6
NUMBER OF DAYS CLOUDY          7

AVERAGE RH (PERCENT)     67

WEATHER CONDITIONS. NUMBER OF DAYS WITH
THUNDERSTORM              0     MIXED PRECIP               0
HEAVY RAIN                1     RAIN                       2
LIGHT RAIN                7     FREEZING RAIN              0
LT FREEZING RAIN          0     HAIL                       0
HEAVY SNOW                0     SNOW                       0
LIGHT SNOW                0     SLEET                      0
FOG                      15     FOG W/VIS <= 1/4 MILE      5
HAZE                      1

-  INDICATES NEGATIVE NUMBERS.
R  INDICATES RECORD WAS SET OR TIED.
MM INDICATES DATA IS MISSING.
T  INDICATES TRACE AMOUNT.

&&

A RECORD LOW TEMPERATURE OF 17 DEGREES WAS SET ON THE 19TH. THE OLD
RECORD DATES FROM 1959.

$$
