000
CXUS53 KLMK 011053 RRA
CLMFFT

CLIMATE REPORT
NATIONAL WEATHER SERVICE LOUISVILLE KY
651 AM EDT FRI JUL 1 2016

...................................

...THE FRANKFORT KY CLIMATE SUMMARY FOR THE MONTH OF JUNE 2016...

CLIMATE NORMAL PERIOD 1981 TO 2010
CLIMATE RECORD PERIOD 1895 TO 2016

WEATHER         OBSERVED          NORMAL  DEPART  LAST YEAR`S
                 VALUE   DATE(S)  VALUE   FROM    VALUE  DATE(S)
                                          NORMAL
................................................................
TEMPERATURE (F)
RECORD
 HIGH             106   06/29/1936
 LOW               36   06/01/1966
HIGHEST            93   06/26        MM      MM       92  06/15
                        06/16                             06/11
                        06/12
LOWEST             50   06/09        MM      MM       52  06/04
AVG. MAXIMUM     86.7              83.4     3.3     84.2
AVG. MINIMUM     63.9              61.7     2.2     64.1
MEAN             75.3              72.6     2.7     74.1
DAYS MAX >= 90      9               3.4     5.6        9
DAYS MAX <= 32      0               0.0     0.0        0
DAYS MIN <= 32      0               0.0     0.0        0
DAYS MIN <= 0       0               0.0     0.0        0

PRECIPITATION (INCHES)
RECORD
 MAXIMUM         9.58   1960
 MINIMUM         0.22   1936
TOTALS           4.43              4.09    0.34     6.21
DAILY AVG.       0.15              0.14    0.01     0.21
DAYS >= .01         9                MM      MM       15
DAYS >= .10         7                MM      MM       11
DAYS >= .50         4                MM      MM        4
DAYS >= 1.00        2                MM      MM        2
GREATEST
 24 HR. TOTAL    1.34   06/23 TO 06/23

SNOWFALL (INCHES)
RECORDS
 TOTAL             MM   MM
TOTALS             MM                MM      MM       MM
SINCE 7/1          MM                MM      MM       MM
SNOWDEPTH AVG.     MM                MM      MM       MM
DAYS >= 1.0         0                MM      MM        0
GREATEST
 SNOW DEPTH        MM                                 MM  MM
 24 HR TOTAL       MM

DEGREE_DAYS
HEATING TOTAL       1                10      -9       16
 SINCE 7/1       3874              4700    -826     5139
COOLING TOTAL     317               236      81      296
 SINCE 1/1        432               335      97      451
.................................................................

WIND (MPH)
AVERAGE WIND SPEED              5.3
HIGHEST WIND SPEED/DIRECTION    29/330    DATE  06/15
HIGHEST GUST SPEED/DIRECTION    42/320    DATE  06/15

SKY COVER
POSSIBLE SUNSHINE (PERCENT)   MM
AVERAGE SKY COVER           0.20
NUMBER OF DAYS FAIR           24
NUMBER OF DAYS PC              6
NUMBER OF DAYS CLOUDY          0

AVERAGE RH (PERCENT)     66

WEATHER CONDITIONS. NUMBER OF DAYS WITH
THUNDERSTORM             10     MIXED PRECIP               0
HEAVY RAIN                6     RAIN                       5
LIGHT RAIN                8     FREEZING RAIN              0
LT FREEZING RAIN          0     HAIL                       0
HEAVY SNOW                0     SNOW                       0
LIGHT SNOW                0     SLEET                      0
FOG                      12     FOG W/VIS <= 1/4 MILE      2
HAZE                      4

-  INDICATES NEGATIVE NUMBERS.
R  INDICATES RECORD WAS SET OR TIED.
MM INDICATES DATA IS MISSING.
T  INDICATES TRACE AMOUNT.

$$
