000
CXUS52 KTBW 011215
CLMFMY


CLIMATE REPORT
NATIONAL WEATHER SERVICE TAMPA BAY FL
815 AM EDT WED JUL 1 2015

...................................

...THE FORT MYERS CLIMATE SUMMARY FOR THE MONTH OF JUNE 2015...

CLIMATE NORMAL PERIOD 1981 TO 2010
CLIMATE RECORD PERIOD 1902 TO 2015

WEATHER         OBSERVED          NORMAL  DEPART  LAST YEAR`S
                 VALUE   DATE(S)  VALUE   FROM    VALUE  DATE(S)
                                          NORMAL
................................................................
TEMPERATURE (F)
ALL-TIME JUNE RECORD
 HIGH             103   06/17/1981
                        06/16/1981
 LOW               58   06/10/1894

JUNE 2015
HIGHEST            96   06/22        MM      MM       97  06/29
                                                          06/26
LOWEST             69   06/03        MM      MM       70  06/16
                        06/02                             06/04
AVG. MAXIMUM     92.0              91.5     0.5     91.7
AVG. MINIMUM     73.3              73.5    -0.2     73.1
MEAN             82.7              82.5     0.2     82.4
DAYS MAX >= 90     26              21.3     4.7       24
DAYS MAX <= 32      0               0.0     0.0        0
DAYS MIN <= 32      0               0.0     0.0        0
DAYS MIN <= 0       0               0.0     0.0        0

PRECIPITATION (INCHES)
ALL-TIME JUNE RECORD
 MAXIMUM        20.25   1936
 MINIMUM         1.99   1980

JUNE 2015
TOTALS           8.60             10.09   -1.49     2.48
DAILY AVG.       0.29              0.34   -0.05     0.11
DAYS >= .01        20              16.0     4.0        8
DAYS >= .10        16              11.7     4.3        5
DAYS >= .50         8               6.1     1.9        2
DAYS >= 1.00        1               3.6    -2.6        1
GREATEST
 24 HR. TOTAL    1.98   06/18 TO 06/19

DEGREE_DAYS
HEATING TOTAL       0                 0       0        0
 SINCE 7/1        231               287     -56      178
COOLING TOTAL     538               525      13      530
 SINCE 1/1       1892              1591     301     1721
.................................................................

WIND (MPH)
AVERAGE WIND SPEED              5.5
HIGHEST WIND SPEED/DIRECTION    38/120    DATE  06/14
HIGHEST GUST SPEED/DIRECTION    50/080    DATE  06/19

SKY COVER (DOES NOT INCLUDE ANY CLOUDS ABOVE 12000 FEET)
POSSIBLE SUNSHINE (PERCENT)   MM
AVERAGE SKY COVER           0.20
NUMBER OF DAYS FAIR           27
NUMBER OF DAYS PC              3
NUMBER OF DAYS CLOUDY          0

AVERAGE RH (PERCENT)     74

WEATHER CONDITIONS. NUMBER OF DAYS WITH
THUNDERSTORM             25     MIXED PRECIP               0
HEAVY RAIN               15     RAIN                      18
LIGHT RAIN               25     FREEZING RAIN              0
LT FREEZING RAIN          0     HAIL                       0
HEAVY SNOW                0     SNOW                       0
LIGHT SNOW                0     SLEET                      0
FOG                      20     FOG W/VIS <= 1/4 MILE      0
HAZE                      4
.................................................................

REMARKS
THE JUNE 2015 AVERAGE MONTHLY TEMPERATURE OF 82.7 DEGREES TIES
WITH 2008 AND 1988 AS THE 16TH WARMEST JUNE SINCE RECORDS BEGAN
IN 1902. THE WARMEST JUNE OCCURRED IN 1981 WHEN THE AVERAGE
TEMPERATURE WAS 85.9 DEGREES.


-  INDICATES NEGATIVE NUMBERS.
R  INDICATES RECORD WAS SET OR TIED.
MM INDICATES DATA IS MISSING.
T  INDICATES TRACE AMOUNT.

$$
