000
CXUS51 KCAR 031628
CLMFVE


CLIMATE REPORT
NATIONAL WEATHER SERVICE CARIBOU, ME
1128 AM EST WED DEC 3 2014

...................................

...THE FRENCHVILLE ME CLIMATE SUMMARY FOR THE MONTH OF NOVEMBER 2014...

CLIMATE NORMAL PERIOD 1981 TO 2010
CLIMATE RECORD PERIOD 9999 TO 9999

WEATHER         OBSERVED          NORMAL  DEPART  LAST YEAR`S
                 VALUE   DATE(S)  VALUE   FROM    VALUE  DATE(S)
                                          NORMAL
................................................................
TEMPERATURE (F)
RECORD
 HIGH              MM   MM
 LOW               MM   MM
HIGHEST            52   11/25        MM      MM       60  11/01
LOWEST              5   11/29        MM      MM        6  11/30
                        11/22
AVG. MAXIMUM     33.0              36.0    -3.0     36.0
AVG. MINIMUM     21.2              24.0    -2.8     23.0
MEAN             27.1              30.0    -2.9     29.5
DAYS MAX >= 90      0               0.0     0.0        0
DAYS MAX <= 32     13              10.8     2.2       12
DAYS MIN <= 32     27              24.7     2.3       26
DAYS MIN <= 0       0               0.0     0.0        0

PRECIPITATION (INCHES)
RECORD
 MAXIMUM           MM   MM
 MINIMUM           MM   MM
TOTALS           1.40              2.94   -1.54     2.67
DAILY AVG.       0.05              0.10   -0.05     0.09
DAYS >= .01        13                MM      MM       12
DAYS >= .10         5                MM      MM        6
DAYS >= .50         0                MM      MM        2
DAYS >= 1.00        0                MM      MM        1
GREATEST
 24 HR. TOTAL    0.32   11/04 TO 11/05           11/27 TO 11/28
                                                          11/28 TO 11/28
                                                          11/28 TO 11/28
 STORM TOTAL       MM                                 MM
 (MM/DD(HH))            MM                    11/28(00) TO 11/28(00)
                                                 11/28(00) TO 11/28(00)8
                                                 11/28(00) TO 11/28(00)8

SNOWFALL (INCHES)
RECORDS
 TOTAL             MM   MM
TOTALS             MM                MM      MM       MM
SINCE 7/1          MM                MM      MM       MM
SNOWDEPTH AVG.     MM                MM      MM       MM
DAYS >= 1.0         0                MM      MM        0
GREATEST
 SNOW DEPTH        MM                                 MM  MM
 24 HR TOTAL       MM                                 MM

DEGREE_DAYS
HEATING TOTAL    1130              1050      80     1060
 SINCE 7/1       2251              2310     -59     2131
COOLING TOTAL       0                 0       0        0
 SINCE 1/1        139               134       5      139
.........................................................

WIND (MPH)
AVERAGE WIND SPEED              10.9
HIGHEST WIND SPEED/DIRECTION    37/240    DATE  11/25
HIGHEST GUST SPEED/DIRECTION    50/240    DATE  11/25

SKY COVER
POSSIBLE SUNSHINE (PERCENT)   MM
AVERAGE SKY COVER           0.70
NUMBER OF DAYS FAIR            3
NUMBER OF DAYS PC             10
NUMBER OF DAYS CLOUDY         17

AVERAGE RH (PERCENT)     78

WEATHER CONDITIONS. NUMBER OF DAYS WITH
THUNDERSTORM              0     MIXED PRECIP               0
HEAVY RAIN                0     RAIN                       2
LIGHT RAIN                8     FREEZING RAIN              0
LT FREEZING RAIN          2     HAIL                       0
HEAVY SNOW                1     SNOW                       5
LIGHT SNOW               18     SLEET                      0
FOG                      19     FOG W/VIS <= 1/4 MILE      6
HAZE                      2

-  INDICATES NEGATIVE NUMBERS.
R  INDICATES RECORD WAS SET OR TIED.
MM INDICATES DATA IS MISSING.
T  INDICATES TRACE AMOUNT.

$$
