000
CXUS53 KFGF 011023
CLMGFK

CLIMATE REPORT
NATIONAL WEATHER SERVICE EASTERN NORTH DAKOTA/GRAND FORKS
522 AM CDT SUN OCT 1 2017

...................................

...THE GRAND FORKS CLIMATE SUMMARY FOR THE MONTH OF SEPTEMBER 2017...

CLIMATE NORMAL PERIOD 1981 TO 2010
CLIMATE RECORD PERIOD 1948 TO 2017

WEATHER         OBSERVED          NORMAL  DEPART  LAST YEAR`S
                 VALUE   DATE(S)  VALUE   FROM    VALUE  DATE(S)
                                          NORMAL
................................................................
TEMPERATURE (F)
RECORD
 HIGH             103   09/02/1983
 LOW               20   09/22/1974
HIGHEST            94   09/12        69      25       84  09/03
LOWEST             34   09/29        44     -10       36  09/14
AVG. MAXIMUM     71.9              69.6     2.3     71.1
AVG. MINIMUM     48.2              44.2     4.0     49.1
MEAN             60.0              56.9     3.1     60.1
DAYS MAX >= 90      2               0.7     1.3        0
DAYS MAX <= 32      0               0.0     0.0        0
DAYS MIN <= 32      0               2.0    -2.0        0
DAYS MIN <= 0       0               0.0     0.0        0

PRECIPITATION (INCHES)
RECORD
 MAXIMUM         5.57   1965
 MINIMUM         0.20   2012
TOTALS           4.45              2.05    2.40     4.16
DAILY AVG.       0.15              0.07    0.08     0.14
DAYS >= .01        11               8.3     2.7        9
DAYS >= .10         4               4.4    -0.4        4
DAYS >= .50         4               1.2     2.8        1
DAYS >= 1.00        1               0.5     0.5        1
GREATEST
 24 HR. TOTAL    1.96   09/15 TO 09/15

SNOWFALL (INCHES)
RECORDS
 TOTAL            0.2   1991
TOTALS            0.0                 T     0.0      0.0
SINCE 7/1         0.0                 T     0.0      0.0
SNOWDEPTH AVG.      0                MM      MM        0
DAYS >= 1.0         0               0.0     0.0        0
GREATEST
 SNOW DEPTH         0   MM                             0  MM
 24 HR TOTAL      0.0   09/30 TO 09/30

DEGREE_DAYS
HEATING TOTAL     179               269     -90      168
 SINCE 7/1        198               351    -153      196
COOLING TOTAL      36                26      10       26
 SINCE 1/1        411               378      33      430
.................................................................

WIND (MPH)
AVERAGE WIND SPEED              11.1
HIGHEST WIND SPEED/DIRECTION    41/110    DATE  09/19
HIGHEST GUST SPEED/DIRECTION    49/110    DATE  09/19

SKY COVER
POSSIBLE SUNSHINE (PERCENT)   MM
AVERAGE SKY COVER           0.50
NUMBER OF DAYS FAIR           13
NUMBER OF DAYS PC             10
NUMBER OF DAYS CLOUDY          7

AVERAGE RH (PERCENT)     74

WEATHER CONDITIONS. NUMBER OF DAYS WITH
THUNDERSTORM              0     MIXED PRECIP               0
HEAVY RAIN                1     RAIN                       6
LIGHT RAIN               11     FREEZING RAIN              0
LT FREEZING RAIN          0     HAIL                       0
HEAVY SNOW                0     SNOW                       0
LIGHT SNOW                0     SLEET                      0
FOG                       9     FOG W/VIS <= 1/4 MILE      0
HAZE                      1

-  INDICATES NEGATIVE NUMBERS.
R  INDICATES RECORD WAS SET OR TIED.
MM INDICATES DATA IS MISSING.
T  INDICATES TRACE AMOUNT.

&&

REMARKS...

THE MONTH OF SEPTEMBER AT THE GRAND FORKS INTERNATIONAL AIRPORT
OVERALL WAS ABOVE NORMAL WITH RESPECT TO TEMPERATURES. THERE WERE
TWO 90-DEGREE DAYS DURING THE MONTH, ON SEPTEMBER 3 WITH A VALUE OF
91 DEGREES AND SEPTEMBER 12 WITH A VALUE OF 94 DEGREES. THE HIGH
TEMPERATURE ON SEPTEMBER 12 SET A NEW RECORD AND BROKE THE OLD ONE-
DAY RECORD OF 93 DEGREES PREVIOUSLY SET IN 1952. THE AVERAGE
TEMPERATURE FOR THE MONTH WAS 60.0 DEGREES WHICH IS 3.1 DEGREES
ABOVE NORMAL.

PRECIPITATION FOR SEPTEMBER STARTED OFF BELOW NORMAL FOR THE FIRST
HALF OF THE MONTH. A CHANGE IN THE WEATHER PATTERN IN THE MIDDLE OF
THE MONTH BROUGHT MUCH WETTER CONDITIONS TO THE AREA. A RECORD ONE-
DAY RAINFALL AMOUNT WAS SET ON SEPTEMBER 15 WITH A VALUE OF 1.96
INCHES, WHICH BROKE THE PREVIOUS RECORD OF 0.88 INCHES SET IN 1991.
AS A RESULT, THE TOTAL RAINFALL FOR THE MONTH WAS 4.45 INCHES WHICH
IS 2.40 INCHES ABOVE NORMAL.

REMEMBER...THIS DATA IS PROVISIONAL AND SUBJECT TO CHANGE. THE FINAL
AND OFFICIAL RECORDS WILL BE AVAILABLE FROM THE NATIONAL CENTERS FOR
ENVIRONMENTAL INFORMATION (FORMERLY THE NATIONAL CLIMATE DATA
CENTER).

$$
