000
CXUS51 KALY 011202
CLMGFL


CLIMATE REPORT
NATIONAL WEATHER SERVICE ALBANY NY
800 AM EDT MON SEP 1 2014

...................................

...THE GLENS FALLS NY CLIMATE SUMMARY FOR THE MONTH OF AUGUST 2014...

CLIMATE NORMAL PERIOD 1981 TO 2010
CLIMATE RECORD PERIOD 1949 TO 2014

WEATHER         OBSERVED          NORMAL  DEPART  LAST YEAR`S
                 VALUE   DATE(S)  VALUE   FROM    VALUE  DATE(S)
                                          NORMAL
................................................................
TEMPERATURE (F)
HIGHEST            85   08/27                         86  08/28
                        08/11
LOWEST             46   08/19                         44  08/15
AVG. MAXIMUM     77.7              78.9    -1.2     78.9
AVG. MINIMUM     56.4              55.1     1.3     54.8
MEAN             67.1              67.0     0.1     66.9
DAYS MAX >= 90      0               1.0    -1.0        0
DAYS MAX <= 32      0               0.0     0.0        0
DAYS MIN <= 32      0               0.0     0.0        0
DAYS MIN <= 0       0               0.0     0.0        0

PRECIPITATION (INCHES)
RECORD
 MAXIMUM         9.03   2011
 MINIMUM         0.75   1957
TOTALS           2.83              3.68   -0.85     2.92
DAILY AVG.       0.09              0.12   -0.03     0.09
DAYS >= .01        13              10.9     2.1       11
DAYS >= .10         6               6.9    -0.9        7
DAYS >= .50         3               2.4     0.6        2
DAYS >= 1.00        1               0.9     0.1        1
GREATEST
 24 HR. TOTAL    1.16   08/20 TO 08/21

DEGREE_DAYS
HEATING TOTAL      14                45     -31       33
 SINCE 7/1         15                66     -51       38
COOLING TOTAL      85               107     -22       98
 SINCE 1/1        338               327      11      494

FREEZE DATES
RECORD
 EARLIEST     08/29/1982
 LATEST       06/01/2009
EARLIEST                        09/29
LATEST                          05/13
.................................................................

WIND (MPH)
AVERAGE WIND SPEED              4.1
HIGHEST WIND SPEED/DIRECTION    24/010    DATE  08/07
HIGHEST GUST SPEED/DIRECTION    30/340    DATE  08/07

SKY COVER
AVERAGE SKY COVER           0.40

AVERAGE RH (PERCENT)     73

WEATHER CONDITIONS. NUMBER OF DAYS WITH
THUNDERSTORM              0     MIXED PRECIP               0
HEAVY RAIN                4     RAIN                       6
LIGHT RAIN               15     FREEZING RAIN              0
LT FREEZING RAIN          0     HAIL                       0
HEAVY SNOW                0     SNOW                       0
LIGHT SNOW                0     SLEET                      0
FOG                      24     FOG W/VIS <= 1/4 MILE      3
HAZE                      2

-  INDICATES NEGATIVE NUMBERS.
R  INDICATES RECORD WAS SET OR TIED.
MM INDICATES DATA IS MISSING.
T  INDICATES TRACE AMOUNT.

$$
