000
CXUS55 KMSO 011620
CLMGPI


CLIMATE REPORT
NATIONAL WEATHER SERVICE MISSOULA, MT
1020 AM MDT SAT JUL 1 2017

...................................

...THE KALISPELL MT CLIMATE SUMMARY FOR THE MONTH OF JUNE 2017...

CLIMATE NORMAL PERIOD 1981 TO 2010
CLIMATE RECORD PERIOD 1894 TO 2017

WEATHER         OBSERVED          NORMAL  DEPART  LAST YEAR`S
                 VALUE   DATE(S)  VALUE   FROM    VALUE
                                          NORMAL
.............................................................
TEMPERATURE (F)
RECORD
 HIGH             102   06/28/2015
 LOW               26   06/07/1999
HIGHEST            88   06/07        MM      MM       91
LOWEST             34   06/10        MM      MM       30
AVG. MAXIMUM     75.1              72.0     3.1     76.2
AVG. MINIMUM     45.0              44.5     0.5     44.5
MEAN             60.1              58.3     1.8
DAYS MAX >= 90      0               0.4    -0.4        5
DAYS MAX <= 32      0               0.0     0.0        0
DAYS MIN <= 32      0               0.5    -0.5        1
DAYS MIN <= 0       0               0.0     0.0        0

PRECIPITATION (INCHES)
RECORD
 MAXIMUM         6.20   2012
 MINIMUM         0.40   1910
TOTALS           1.48              2.56   -1.08
DAILY AVG.       0.05              0.09   -0.04     0.04
DAYS >= .01        11              12.5    -1.5        8
DAYS >= .10         4               6.6    -2.6        6
DAYS >= .50         0               1.4    -1.4        0
DAYS >= 1.00        0               0.3    -0.3        0
GREATEST
 24 HR. TOTAL    0.49   06/13 TO 06/14              0.46

SNOWFALL (INCHES)
TOTALS            0.0               0.3    -0.3      0.0
SINCE 7/1        89.8              55.7    34.1     41.4
DAYS >= TRACE       0               0.1    -0.1        0
DAYS >= 1.0         0               0.1    -0.1        0
GREATEST
 SNOW DEPTH         0   MM
 24 HR TOTAL      0.0   06/30 TO 06/30               0.0

DEGREE_DAYS
HEATING TOTAL     158               216     -58
 SINCE 7/1       8281              8039     242
COOLING TOTAL      16                13       3
 SINCE 1/1         21                16       5
..............................................................

WIND (MPH)
AVERAGE WIND SPEED              5.8
HIGHEST WIND SPEED/DIRECTION    26/260    DATE  06/21
HIGHEST GUST SPEED/DIRECTION    51/290    DATE  06/28

SKY COVER
POSSIBLE SUNSHINE (PERCENT)   MM
AVERAGE SKY COVER           0.40
NUMBER OF DAYS FAIR           16
NUMBER OF DAYS PC             11
NUMBER OF DAYS CLOUDY          3

AVERAGE RH (PERCENT)     64

WEATHER CONDITIONS. NUMBER OF DAYS WITH
THUNDERSTORM              0     MIXED PRECIP               0
HEAVY RAIN                3     RAIN                       4
LIGHT RAIN               15     FREEZING RAIN              0
LT FREEZING RAIN          0     HAIL                       0
HEAVY SNOW                0     SNOW                       0
LIGHT SNOW                0     SLEET                      0
FOG                       7     FOG W/VIS <= 1/4 MILE      0
HAZE                      2

-  INDICATES NEGATIVE NUMBERS.
R  INDICATES RECORD WAS SET OR TIED.
MM INDICATES DATA IS MISSING.
T  INDICATES TRACE AMOUNT.

$$
