000
CXUS53 KGRB 011222
CLMGRB


CLIMATE REPORT
NATIONAL WEATHER SERVICE GREEN BAY
621 AM CST THU JAN 1 2015

...................................

...THE GREEN BAY WI CLIMATE SUMMARY FOR THE MONTH OF DECEMBER 2014...

CLIMATE NORMAL PERIOD 1981 TO 2010
CLIMATE RECORD PERIOD 1886 TO 2014

WEATHER         OBSERVED          NORMAL  DEPART  LAST YEAR`S
                 VALUE   DATE(S)  VALUE   FROM    VALUE  DATE(S)
                                          NORMAL
................................................................
TEMPERATURE (F)
RECORD
 HIGH              64   12/05/2001
 LOW              -27   12/19/1983
HIGHEST            45   12/26        46      -1       45  12/04
                        12/15
LOWEST                  12/31        -9       8      -19  12/30
AVG. MAXIMUM     31.9              28.5     3.4     22.7
AVG. MINIMUM     19.8              14.4     5.4      7.3
MEAN             25.9              21.5     4.4     15.0
DAYS MAX >= 90      0               0.0     0.0        0
DAYS MAX <= 32     15              18.4    -3.4       23
DAYS MIN <= 32     25              28.9    -3.9       31
DAYS MIN <= 0       2               4.8    -2.8       11

PRECIPITATION (INCHES)
RECORD
 MAXIMUM         4.20   1893
 MINIMUM         0.03   1943
TOTALS           1.68              1.51    0.17     1.89
DAILY AVG.       0.05              0.05    0.00     0.06
DAYS >= .01         8              10.3    -2.3       15
DAYS >= .10         6               4.2     1.8        8
DAYS >= .50         1               0.6     0.4        0
DAYS >= 1.00        0               0.1    -0.1        0
GREATEST
 24 HR. TOTAL    0.77   12/22 TO 12/23

SNOWFALL (INCHES)
RECORDS
 TOTAL           45.6   2008
TOTALS            3.5              13.1    -9.6     26.4
SINCE 7/1        11.7              17.3    -5.6     27.6
SNOWDEPTH AVG.      1                 5      -4        6
DAYS >= 1.0         1               3.7    -2.7        9
GREATEST
 SNOW DEPTH         4   12/12                         15  12/26
                        12/11
                        12/10
 24 HR TOTAL      2.1   MM

DEGREE_DAYS
HEATING TOTAL    1208              1350    -142     1544
 SINCE 7/1       3045              3090     -45     3155
COOLING TOTAL       0                 0       0        0
 SINCE 1/1        362               398     -36      535
.................................................................

WIND (MPH)
AVERAGE WIND SPEED              7.6
HIGHEST WIND SPEED/DIRECTION    23/260    DATE  12/31
HIGHEST GUST SPEED/DIRECTION    36/230    DATE  12/31

SKY COVER
POSSIBLE SUNSHINE (PERCENT)   MM
AVERAGE SKY COVER           0.60
NUMBER OF DAYS FAIR            9
NUMBER OF DAYS PC              6
NUMBER OF DAYS CLOUDY         16

AVERAGE RH (PERCENT)     82

WEATHER CONDITIONS. NUMBER OF DAYS WITH
THUNDERSTORM              0     MIXED PRECIP               0
HEAVY RAIN                0     RAIN                       2
LIGHT RAIN                7     FREEZING RAIN              0
LT FREEZING RAIN          0     HAIL                       0
HEAVY SNOW                0     SNOW                       1
LIGHT SNOW               10     SLEET                      0
FOG                      21     FOG W/VIS <= 1/4 MILE      6
HAZE                      7

-  INDICATES NEGATIVE NUMBERS.
R  INDICATES RECORD WAS SET OR TIED.
MM INDICATES DATA IS MISSING.
T  INDICATES TRACE AMOUNT.

$$
