000
CXUS55 KTFX 011219
CLMGTF


CLIMATE REPORT
NATIONAL WEATHER SERVICE GREAT FALLS MT
616 AM MDT MON SEP 1 2014

...................................

...THE GREAT FALLS MT CLIMATE SUMMARY FOR THE MONTH OF AUGUST 2014...

CLIMATE NORMAL PERIOD 1981 TO 2010
CLIMATE RECORD PERIOD 1886 TO 2014

WEATHER         OBSERVED          NORMAL  DEPART  LAST YEAR`S
                 VALUE   DATE(S)  VALUE   FROM    VALUE
                                          NORMAL
.............................................................
TEMPERATURE (F)
RECORD
 HIGH             106   08/24/1969
                        08/05/1961
 LOW               30   08/24/1992
HIGHEST            95   08/12        84      11      101
LOWEST             44   08/26        48      -4       46
AVG. MAXIMUM     81.3              82.3    -1.0     87.0
AVG. MINIMUM     53.3              50.4     2.9     52.5
MEAN             67.3              66.3     1.0     69.7
DAYS MAX >= 90      7               6.9     0.1
DAYS MAX <= 32      0               0.0     0.0
DAYS MIN <= 32      0               0.1    -0.1
DAYS MIN <= 0       0               0.0     0.0

PRECIPITATION (INCHES)
RECORD
 MAXIMUM         5.34   1933
 MINIMUM         0.03   1969
TOTALS           4.39              1.57    2.82     1.08
DAYS >= .01         7               7.9    -0.9
DAYS >= .10         4               3.6     0.4
DAYS >= .50         2               1.0     1.0
DAYS >= 1.00        1               0.3     0.7
GREATEST
 24 HR. TOTAL    2.93   08/23 TO 08/24

SNOWFALL (INCHES)
RECORDS
 TOTAL            8.3   1992
 24 HR TOTAL      8.3   08/22/1992 TO 08/23/1992
TOTALS            0.0               0.3    -0.3      0.0
SINCE 7/1         0.0               0.3    -0.3      0.0
SNOWDEPTH AVG.      0
DAYS >= TRACE       0               0.1    -0.1
DAYS >= 1.0         0               0.1    -0.1
GREATEST
 SNOW DEPTH         0   MM
 24 HR TOTAL      0.0   08/31 TO 08/31

DEGREE_DAYS
HEATING TOTAL      65                71      -6        8
 SINCE 7/1         70               121     -51       24
COOLING TOTAL     145               113      32      165
 SINCE 1/1        324               276      48      369
..............................................................

WIND (MPH)
AVERAGE WIND SPEED              8.3
HIGHEST WIND SPEED/DIRECTION    39/230    DATE  08/15
HIGHEST GUST SPEED/DIRECTION    48/230    DATE  08/15

SKY COVER
AVERAGE SKY COVER           0.30

AVERAGE RH (PERCENT)     55

WEATHER CONDITIONS. NUMBER OF DAYS WITH
THUNDERSTORM              0     MIXED PRECIP               0
HEAVY RAIN                2     RAIN                       4
LIGHT RAIN               12     FREEZING RAIN              0
LT FREEZING RAIN          0     HAIL                       0
HEAVY SNOW                0     SNOW                       0
LIGHT SNOW                0     SLEET                      0
FOG                       4     FOG W/VIS <= 1/4 MILE      0
HAZE                      0

-  INDICATES NEGATIVE NUMBERS.
R  INDICATES RECORD WAS SET OR TIED.
MM INDICATES DATA IS MISSING.
T  INDICATES TRACE AMOUNT.

$$

NEW PRECIPITATION RECORDS WERE SET IN CENTRAL MONTANA DURING AUGUST
AS A SERIES OF SLOW MOVING UPPER LEVEL LOWS DREW MOISTURE INTO THE
REGION FROM THE SOUTH AND SOUTHWEST. MONTHLY HIGH TEMPERATURES WERE
SLIGHTLY COOLER THAN AVERAGE WHILE MINIMUM TEMPERATURES WERE JUST
ABOVE AVERAGE. THE MOST SIGNIFICANT RAIN EVENT OF THE MONTH OCCURRED
FROM THE 22ND TO THE 25TH WHEN A CUT-OFF LOW BECAME NEARLY
STATIONARY OVER SOUTHERN IDAHO BEFORE DRIFTING THROUGH SOUTHEAST
MONTANA. THE 2.93 INCHES OF PRECIPITATION THAT FELL AT GREAT FALLS
FROM AUG 23RD TO AUG 24TH WAS THE HIGHEST 24 HOUR TOTAL EVER
RECORDED IN AUGUST AND WAS THE FOURTH HIGHEST OF ANY DATE.

$$
