000
CXUS55 KTFX 011129
CLMGTF


CLIMATE REPORT
NATIONAL WEATHER SERVICE GREAT FALLS MT
519 AM MDT TUE JUL 1 2014

...................................

...THE GREAT FALLS MT CLIMATE SUMMARY FOR THE MONTH OF JUNE 2014...

CLIMATE NORMAL PERIOD 1981 TO 2010
CLIMATE RECORD PERIOD 1886 TO 2014

WEATHER         OBSERVED          NORMAL  DEPART  LAST YEAR`S
                 VALUE   DATE(S)  VALUE   FROM    VALUE
                                          NORMAL
.............................................................
TEMPERATURE (F)
RECORD
 HIGH             102   06/21/1919
                        06/21/1900
 LOW               31   06/08/2009
                        06/10/1999
                        06/08/1950
HIGHEST            80   06/09        80       0       90
LOWEST             38   06/10        45      -7       38
                        06/08
AVG. MAXIMUM     69.8              73.3    -3.5     73.6
AVG. MINIMUM     44.9              46.1    -1.2     46.6
MEAN             57.3              59.7    -2.4     60.1
DAYS MAX >= 90      0               1.4    -1.4
DAYS MAX <= 32      0               0.0     0.0
DAYS MIN <= 32      0               0.2    -0.2
DAYS MIN <= 0       0               0.0     0.0

PRECIPITATION (INCHES)
RECORD
 MAXIMUM         8.02   1923
 MINIMUM         0.52   1960
TOTALS           4.18              2.53    1.65     2.36
DAYS >= .01        15              11.7     3.3
DAYS >= .10        10               5.8     4.2
DAYS >= .50         3               1.4     1.6
DAYS >= 1.00        0               0.3    -0.3
GREATEST
 24 HR. TOTAL      MM

SNOWFALL (INCHES)
RECORDS
 TOTAL           11.1   1950
 24 HR TOTAL      8.0   1950
TOTALS            0.0               0.3    -0.3      0.0
SINCE 7/1        76.4              63.5    12.9     76.2
SNOWDEPTH AVG.      0
DAYS >= TRACE       0               0.2    -0.2
DAYS >= 1.0         0               0.0     0.0
GREATEST
 SNOW DEPTH        MM
 24 HR TOTAL        0

DEGREE_DAYS
HEATING TOTAL     223               191      32      165
 SINCE 7/1       8011              7726     285     7015
COOLING TOTAL       0                32     -32       27
 SINCE 1/1          0                39     -39       30
..............................................................

WIND (MPH)
AVERAGE WIND SPEED              8.8
HIGHEST WIND SPEED/DIRECTION    32/260    DATE  06/29
HIGHEST GUST SPEED/DIRECTION    44/260    DATE  06/13

SKY COVER
AVERAGE SKY COVER           0.40

AVERAGE RH (PERCENT)     63

WEATHER CONDITIONS. NUMBER OF DAYS WITH
THUNDERSTORM              0     MIXED PRECIP               0
HEAVY RAIN                5     RAIN                      10
LIGHT RAIN               16     FREEZING RAIN              0
LT FREEZING RAIN          0     HAIL                       0
HEAVY SNOW                0     SNOW                       0
LIGHT SNOW                0     SLEET                      0
FOG                      12     FOG W/VIS <= 1/4 MILE      0
HAZE                      1

-  INDICATES NEGATIVE NUMBERS.
R  INDICATES RECORD WAS SET OR TIED.
MM INDICATES DATA IS MISSING.
T  INDICATES TRACE AMOUNT.

$$

THE WEATHER PATTERN WAS ACTIVE DURING THE MONTH OF JUNE OVER THE
REGION. SEVERAL WEATHER DISTURBANCES BROUGHT RAINFALL TO GREAT
FALLS...THERE WERE 10 CONSECUTIVE DAYS THAT RAIN WAS REPORTED
STARTING ON THE 10TH. RAINFALL WAS WELL ABOVE AVERAGE FOR THE MONTH
BUT NO PRECIPITATION RECORDS WERE SET. TEMPERATURES WERE GENERALLY
COOL WITH THE AVERAGE MONTHLY TEMPERATURE A FEW DEGREES BELOW
AVERAGE. THERE WAS ONLY ONE DAY WITH A TEMPERATURE OF 80 DEGREES.
GREAT FALLS AVERAGES 7 DAYS WITH TEMPERATURES OF 80 DEGREES OR WARMER
IN JUNE.
