000
CXUS54 KAMA 021037
CLMGUY


CLIMATE REPORT
NATIONAL WEATHER SERVICE AMARILLO TX
537 AM CDT SAT MAY 2 2015

...................................

...THE GUYMON CLIMATE SUMMARY FOR THE MONTH OF APRIL 2015...

CLIMATE NORMAL PERIOD 1981 TO 2010
CLIMATE RECORD PERIOD 1998 TO 2015

WEATHER         OBSERVED          NORMAL  DEPART  LAST YEAR`S
                 VALUE   DATE(S)  VALUE   FROM    VALUE  DATE(S)
                                          NORMAL
................................................................
TEMPERATURE (F)
HIGHEST            89   04/08                         92  04/26
                        04/01                             04/12
LOWEST             28   04/10                         23  04/15
AVG. MAXIMUM     73.8              70.3     3.5     72.2
AVG. MINIMUM     42.5              40.2     2.3     40.2
MEAN             58.2              55.2     3.0     56.2
DAYS MAX >= 90      0               0.8    -0.8        3
DAYS MAX <= 32      0               0.0     0.0        0
DAYS MIN <= 32      2               4.8    -2.8        6
DAYS MIN <= 0       0               0.0     0.0        0

PRECIPITATION (INCHES)
TOTALS           1.46              1.51   -0.05     0.55
DAILY AVG.       0.05              0.05    0.00     0.02
DAYS >= .01         6                MM      MM        5
DAYS >= .10         3                MM      MM        2
DAYS >= .50         1                MM      MM        0
DAYS >= 1.00        1                MM      MM        0
GREATEST
 24 HR. TOTAL    1.13   04/26 TO 04/27

SNOWFALL (INCHES)
TOTALS            0.0                MM      MM      2.0
SINCE 7/1        23.3                MM      MM     16.2
DAYS >= TRACE       0                MM      MM
DAYS >= 1.0         0                MM      MM        1
GREATEST
 SNOW DEPTH         0   MM
 24 HR TOTAL      0.0   04/30 TO 04/30

DEGREE_DAYS
HEATING TOTAL     213               305     -92      284
 SINCE 7/1       3883              4353    -470     4455
COOLING TOTAL      16                13       3       27
 SINCE 1/1         17                15       2       28
.................................................................

WIND (MPH)
AVERAGE WIND SPEED              12.4
HIGHEST WIND SPEED/DIRECTION    45/240    DATE  04/15
HIGHEST GUST SPEED/DIRECTION    63/230    DATE  04/15

SKY COVER
POSSIBLE SUNSHINE (PERCENT)   MM
NUMBER OF DAYS FAIR           21
NUMBER OF DAYS PC              6
NUMBER OF DAYS CLOUDY          3

AVERAGE RH (PERCENT)     54

WEATHER CONDITIONS. NUMBER OF DAYS WITH
THUNDERSTORM              0     MIXED PRECIP               0
HEAVY RAIN                0     RAIN                       1
LIGHT RAIN               11     FREEZING RAIN              0
LT FREEZING RAIN          0     HEAVY SNOW                 0
SNOW                      0     LIGHT SNOW                 0
SLEET                     0     FOG                        6
FOG W/VIS <= 1/4 MILE     0     HAZE                       3

-  INDICATES NEGATIVE NUMBERS.
R  INDICATES RECORD WAS SET OR TIED.
MM INDICATES DATA IS MISSING.
T  INDICATES TRACE AMOUNT.

$$
