000
CXUS56 KHNX 011447
CLMHJO


CLIMATE REPORT
NATIONAL WEATHER SERVICE SAN JOAQUIN VALLEY, CA
740 AM PDT SUN MAY 1 2016

...................................

...THE HANFORD CA AIRPORT CLIMATE SUMMARY FOR THE MONTH OF APRIL 2016...

CLIMATE NORMAL PERIOD 1981 TO 2010
CLIMATE RECORD PERIOD 1998 TO 2016

WEATHER         OBSERVED          NORMAL  DEPART  LAST YEAR`S
                 VALUE   DATE(S)  VALUE   FROM    VALUE  DATE(S)
                                          NORMAL
................................................................
TEMPERATURE (F)
RECORD
 HIGH              98   04/27/2005
 LOW               32   04/15/2009
HIGHEST            92   04/18        MM      MM       96  04/30
                                                          04/28
LOWEST             41   04/26        MM      MM       42  04/15
                                                          04/03
AVG. MAXIMUM     78.9              74.9     4.0     81.2
AVG. MINIMUM     50.3              46.5     3.8     50.8
MEAN             64.6              60.7     3.9     66.0
DAYS MAX >= 90      2               1.9     0.1        7
DAYS MIN <= 32      0               0.0     0.0        0

PRECIPITATION (INCHES)
RECORD
 MAXIMUM         3.00   2006
TOTALS           0.57              0.79   -0.22     0.92
DAYS >= .01         3                MM      MM        2
DAYS >= .10         3                MM      MM        2
DAYS >= .50         0                MM      MM        1
DAYS >= 1.00        0                MM      MM        0
GREATEST
 24 HR. TOTAL    0.43   04/08 TO 04/09

SNOWFALL (INCHES)
RECORDS
 TOTAL            0.0
TOTALS            0.0               0.0

DEGREE_DAYS
HEATING TOTAL      45               160    -115       60
 SINCE 7/1       2156              2615    -459     1692
COOLING TOTAL      40                32       8       95
 SINCE 1/1         41                36       5      153
.................................................................

WIND (MPH)
AVERAGE WIND SPEED              6.3
HIGHEST WIND SPEED/DIRECTION    30/300    DATE  04/27
HIGHEST GUST SPEED/DIRECTION    39/300    DATE  04/27

AVERAGE RH (PERCENT)     56

WEATHER CONDITIONS. NUMBER OF DAYS WITH
THUNDERSTORM              0     RAIN                       1
HAIL                      0     FOG                        9
FOG W/VIS <= 1/4 MILE     0     HAZE                      15

-  INDICATES NEGATIVE NUMBERS.
R  INDICATES RECORD WAS SET OR TIED.
MM INDICATES DATA IS MISSING.
T  INDICATES TRACE AMOUNT.

$$
