000
CXHW50 PHFO 011625
CLMHNL


CLIMATE REPORT
NATIONAL WEATHER SERVICE HONOLULU HI
625 AM HST THU DEC 1 2016

...................................

...THE HONOLULU HI CLIMATE SUMMARY FOR THE MONTH OF NOVEMBER 2016...

CLIMATE NORMAL PERIOD 1981 TO 2010
CLIMATE RECORD PERIOD 1946 TO 2016

WEATHER         OBSERVED          NORMAL  DEPART  LAST YEAR`S
                 VALUE   DATE(S)  VALUE   FROM    VALUE  DATE(S)
                                          NORMAL
................................................................
TEMPERATURE (F)
RECORD
 HIGH              94   11/24/2005
 LOW               57   11/25/1990
HIGHEST            86   11/13        84       2       90  11/03
LOWEST             66   11/07        71      -5       69  11/17
AVG. MAXIMUM     83.3              83.9    -0.6     85.4
AVG. MINIMUM     71.5              71.4     0.1     75.0
MEAN             77.4              77.6    -0.2     80.2
DAYS MAX >= 90      0               0.2    -0.2        1
DAYS MAX <= 32      0               0.0     0.0        0
DAYS MIN <= 32      0               0.0     0.0        0
DAYS MIN <= 0       0               0.0     0.0        0

PRECIPITATION (INCHES)
RECORD
 MAXIMUM        18.79   1996
 MINIMUM         0.03   1962
TOTALS           0.73              2.42   -1.69     4.16
DAILY AVG.       0.02              0.08   -0.06     0.14
DAYS >= .01         7               8.8    -1.8       18
DAYS >= .10         1               3.5    -2.5        5
DAYS >= .50         1               1.1    -0.1        3
DAYS >= 1.00        0               0.6    -0.6        1
GREATEST
 24 HR. TOTAL    0.56   11/21 TO 11/21              1.86
                        11/20 TO 11/21
                        11/21 TO 11/21

SNOWFALL (INCHES)
RECORDS
 TOTAL            0.0   5
                        0
                        -26215
TOTALS            0.0               0.0     0.0      0.0
SINCE 7/1         0.0               0.0     0.0      0.0
SNOWDEPTH AVG.      0                MM      MM       MM
DAYS >= 1.0         0               0.0     0.0        0
GREATEST
 SNOW DEPTH         0   MM                            MM  MM
 24 HR TOTAL      0.0   11/30 TO 11/30               0.0

DEGREE_DAYS
HEATING TOTAL       0                 0       0        0
 SINCE 7/1          0                 0       0        0
COOLING TOTAL     379               380      -1      466
 SINCE 1/1       4433              4326     107     4437
.................................................................

WIND (MPH)
AVERAGE WIND SPEED              11.7
HIGHEST WIND SPEED/DIRECTION    29/050    DATE  11/30
HIGHEST GUST SPEED/DIRECTION    41/070    DATE  11/23

SKY COVER
POSSIBLE SUNSHINE (PERCENT)   MM
AVERAGE SKY COVER           0.40
NUMBER OF DAYS FAIR            7
NUMBER OF DAYS PC             22
NUMBER OF DAYS CLOUDY          1

AVERAGE RH (PERCENT)     65

WEATHER CONDITIONS. NUMBER OF DAYS WITH
THUNDERSTORM              0     MIXED PRECIP               0
HEAVY RAIN                1     RAIN                       4
LIGHT RAIN               18     FREEZING RAIN              0
LT FREEZING RAIN          0     HAIL                       0
HEAVY SNOW                0     SNOW                       0
LIGHT SNOW                0     SLEET                      0
FOG                       7     FOG W/VIS <= 1/4 MILE      0
HAZE                      1

-  INDICATES NEGATIVE NUMBERS.
R  INDICATES RECORD WAS SET OR TIED.
MM INDICATES DATA IS MISSING.
T  INDICATES TRACE AMOUNT.

$$
