000
CXHW50 PHFO 011722
CLMHNL


CLIMATE REPORT
NATIONAL WEATHER SERVICE HONOLULU HI
722 AM HST WED MAR 1 2017

...................................

...THE HONOLULU HI CLIMATE SUMMARY FOR THE MONTH OF FEBRUARY 2017...

CLIMATE NORMAL PERIOD 1981 TO 2010
CLIMATE RECORD PERIOD 1946 TO 2017

WEATHER         OBSERVED          NORMAL  DEPART  LAST YEAR`S
                 VALUE   DATE(S)  VALUE   FROM    VALUE  DATE(S)
                                          NORMAL
................................................................
TEMPERATURE (F)
RECORD
 HIGH              88   02/11/1984
 LOW               53   02/12/1983
                        02/09/1981
                        02/02/1976
HIGHEST            84   02/27        81       3       87  02/13
                        02/18
                        02/16
LOWEST             62   02/09        65      -3       59  02/08
                        02/08
                        02/02
AVG. MAXIMUM     80.0              80.2    -0.2     81.9
AVG. MINIMUM     67.5              66.1     1.4     67.5
MEAN             73.8              73.1     0.7     74.7
DAYS MAX >= 90      0               0.0     0.0        0
DAYS MAX <= 32      0               0.0     0.0        0
DAYS MIN <= 32      0               0.0     0.0        0
DAYS MIN <= 0       0               0.0     0.0        0

PRECIPITATION (INCHES)
RECORD
 MAXIMUM        13.68   1955
 MINIMUM         0.06   1983
TOTALS           7.12              1.99    5.13     0.40
DAILY AVG.       0.25              0.07    0.18     0.01
DAYS >= .01         5               7.4    -2.4        6
DAYS >= .10         3               2.8     0.2        1
DAYS >= .50         3               1.1     1.9        0
DAYS >= 1.00        2               0.4     1.6        0
GREATEST
 24 HR. TOTAL    5.03   02/11 TO 02/11              0.14
                        02/10 TO 02/11
                        02/11 TO 02/11

SNOWFALL (INCHES)
RECORDS
 TOTAL            0.0   5
                        0
                        -26215
TOTALS            0.0               0.0     0.0      0.0
SINCE 7/1         0.0               0.0     0.0      0.0
SNOWDEPTH AVG.      0                MM      MM        0
DAYS >= 1.0         0               0.0     0.0        0
GREATEST
 SNOW DEPTH         0   MM                             0  MM
 24 HR TOTAL      0.0   02/28 TO 02/28               0.0

DEGREE_DAYS
HEATING TOTAL       0                 0       0        0
 SINCE 7/1          0                 0       0        0
COOLING TOTAL     254               228      26      289
 SINCE 1/1        527               482      45      582
.................................................................

WIND (MPH)
AVERAGE WIND SPEED              9.5
HIGHEST WIND SPEED/DIRECTION    29/070    DATE  02/22
HIGHEST GUST SPEED/DIRECTION    40/070    DATE  02/20

SKY COVER
POSSIBLE SUNSHINE (PERCENT)   MM
AVERAGE SKY COVER           0.50
NUMBER OF DAYS FAIR            3
NUMBER OF DAYS PC             22
NUMBER OF DAYS CLOUDY          3

AVERAGE RH (PERCENT)     67

WEATHER CONDITIONS. NUMBER OF DAYS WITH
THUNDERSTORM              0     MIXED PRECIP               0
HEAVY RAIN                4     RAIN                       3
LIGHT RAIN                7     FREEZING RAIN              0
LT FREEZING RAIN          0     HAIL                       0
HEAVY SNOW                0     SNOW                       0
LIGHT SNOW                0     SLEET                      0
FOG                       4     FOG W/VIS <= 1/4 MILE      1
HAZE                      0

-  INDICATES NEGATIVE NUMBERS.
R  INDICATES RECORD WAS SET OR TIED.
MM INDICATES DATA IS MISSING.
T  INDICATES TRACE AMOUNT.

$$
