000
CXUS56 KSEW 011041
CLMHQM


CLIMATE REPORT
NATIONAL WEATHER SERVICE SEATTLE WA
240 AM PST WED FEB 1 2017

...................................

...THE HOQUIAM WA AIRPORT CLIMATE SUMMARY FOR THE MONTH OF JANUARY 2017...

CLIMATE NORMAL PERIOD 1981 TO 2010
CLIMATE RECORD PERIOD 1953 TO 2017

WEATHER         OBSERVED          NORMAL  DEPART  LAST YEAR`S
                 VALUE   DATE(S)  VALUE   FROM    VALUE  DATE(S)
                                          NORMAL
................................................................
TEMPERATURE (F)
RECORD
 HIGH              63   01/20/1961
 LOW               16   01/07/1974
                        01/27/1957
HIGHEST            52   01/18        MM      MM       56  01/26
                        01/17
LOWEST             23   01/06        MM      MM       28  01/02
AVG. MAXIMUM     44.5              47.2    -2.7     49.0
AVG. MINIMUM     33.5              38.0    -4.5     39.1
MEAN             39.0              42.6    -3.6     44.0
DAYS MAX >= 90      0               0.0     0.0        0
DAYS MAX <= 32      0               0.2    -0.2        0
DAYS MIN <= 32     13               5.2     7.8        3
DAYS MIN <= 0       0               0.0     0.0        0

PRECIPITATION (INCHES)
RECORD
 MAXIMUM        23.46   2006
 MINIMUM         0.41   1985
TOTALS           5.09             10.33   -5.24    14.30
DAILY AVG.       0.16              0.33   -0.17     0.46
DAYS >= .01        11              21.9   -10.9       21
DAYS >= .10         6              16.7   -10.7       19
DAYS >= .50         4               7.7    -3.7        9
DAYS >= 1.00        3               2.9     0.1        3
GREATEST
 24 HR. TOTAL    2.00   01/17 TO 01/18

DEGREE_DAYS
HEATING TOTAL     798               694     104      643
COOLING TOTAL       0                 0       0        0
 SINCE 1/1          0                 0       0        0
.................................................................

WIND (MPH)
AVERAGE WIND SPEED              9.9
HIGHEST WIND SPEED/DIRECTION    43/160    DATE  01/17
HIGHEST GUST SPEED/DIRECTION    56/140    DATE  01/17

SKY COVER
POSSIBLE SUNSHINE (PERCENT)   MM
AVERAGE SKY COVER           0.50
NUMBER OF DAYS FAIR           12
NUMBER OF DAYS PC              6
NUMBER OF DAYS CLOUDY         13

AVERAGE RH (PERCENT)     81

WEATHER CONDITIONS. NUMBER OF DAYS WITH
THUNDERSTORM              0     MIXED PRECIP               0
HEAVY RAIN                0     RAIN                       4
LIGHT RAIN               12     FREEZING RAIN              0
LT FREEZING RAIN          0     HAIL                       0
HEAVY SNOW                0     SNOW                       0
LIGHT SNOW                2     SLEET                      0
FOG                      27     FOG W/VIS <= 1/4 MILE      3
HAZE                      0

-  INDICATES NEGATIVE NUMBERS.
R  INDICATES RECORD WAS SET OR TIED.
MM INDICATES DATA IS MISSING.
T  INDICATES TRACE AMOUNT.

$$
