000
CXUS44 KBRO 011413
CLMHRL


CLIMATE REPORT
NATIONAL WEATHER SERVICE BROWNSVILLE TX
908 AM CDT SUN MAY 1 2016

...................................

...THE HARLINGEN CLIMATE SUMMARY FOR THE MONTH OF APRIL 2016...

CLIMATE NORMAL PERIOD 1981 TO 2010
CLIMATE RECORD PERIOD 1912 TO 2016

WEATHER         OBSERVED          NORMAL  DEPART  LAST YEAR`S
                 VALUE   DATE(S)  VALUE   FROM    VALUE  DATE(S)
                                          NORMAL
................................................................
TEMPERATURE (F)
HIGHEST            97   04/27        95       2       93  04/26
LOWEST             50   04/03        48       2       54  04/30
AVG. MAXIMUM     88.2              85.8     2.4     85.5
AVG. MINIMUM     66.9              64.9     2.0     69.2
MEAN             77.6              75.3     2.3     77.4
DAYS MAX >= 90     12               9.1     2.9        6
DAYS MAX <= 32      0               0.0     0.0        0
DAYS MIN <= 32      0               0.0     0.0        0
DAYS MIN <= 0       0               0.0     0.0        0

PRECIPITATION (INCHES)
TOTALS           0.49              1.67   -1.18     3.73
DAILY AVG.       0.02              0.06   -0.04     0.12
DAYS >= .01         6                MM      MM       11
DAYS >= .10         1                MM      MM
DAYS >= .50         0                MM      MM
DAYS >= 1.00        0                MM      MM
GREATEST
 24 HR. TOTAL    0.37   04/23 TO 04/24

DEGREE_DAYS
HEATING TOTAL       2                 8      -6        0
 SINCE 7/1        389               622    -233      767
COOLING TOTAL     387               319      68      379
 SINCE 1/1        812               614     198      559
.................................................

WIND (MPH)
AVERAGE WIND SPEED              10.9
HIGHEST WIND SPEED/DIRECTION    49/130    DATE  04/18
HIGHEST GUST SPEED/DIRECTION    60/150    DATE  04/19

SKY COVER
POSSIBLE SUNSHINE (PERCENT)   MM
AVERAGE SKY COVER           0.50
NUMBER OF DAYS FAIR           12
NUMBER OF DAYS PC             10
NUMBER OF DAYS CLOUDY          8

AVERAGE RH (PERCENT)     70

WEATHER CONDITIONS. NUMBER OF DAYS WITH
THUNDERSTORM              0     MIXED PRECIP               0
HEAVY RAIN                2     RAIN                       2
LIGHT RAIN               13     FREEZING RAIN              0
LT FREEZING RAIN          0     HAIL                       0
HEAVY SNOW                0     SNOW                       0
LIGHT SNOW                0     SLEET                      0
FOG                      21     FOG W/VIS <= 1/4 MILE      6
HAZE                     10

-  INDICATES NEGATIVE NUMBERS.
R  INDICATES RECORD WAS SET OR TIED.
MM INDICATES DATA IS MISSING.
T  INDICATES TRACE AMOUNT.

$$
