894
CXUS44 KBRO 011127
CLMHRL


CLIMATE REPORT
NATIONAL WEATHER SERVICE BROWNSVILLE TX
620 AM CDT FRI APR 1 2016

...................................

...THE HARLINGEN CLIMATE SUMMARY FOR THE MONTH OF MARCH 2016...

CLIMATE NORMAL PERIOD 1981 TO 2010
CLIMATE RECORD PERIOD 1912 TO 2016

WEATHER         OBSERVED          NORMAL  DEPART  LAST YEAR`S
                 VALUE   DATE(S)  VALUE   FROM    VALUE  DATE(S)
                                          NORMAL
................................................................
TEMPERATURE (F)
HIGHEST            99   03/31        93       6       85  03/30
LOWEST             44   03/21        42       2       42  03/06
                                                          03/05
AVG. MAXIMUM     83.8              80.1     3.7     75.3
AVG. MINIMUM     63.5              57.9     5.6     57.4
MEAN             73.6              69.0     4.6     66.3
DAYS MAX >= 90      6               2.0     4.0        0
DAYS MAX <= 32      0               0.0     0.0        0
DAYS MIN <= 32      0               0.0     0.0        0
DAYS MIN <= 0       0               0.0     0.0        0

PRECIPITATION (INCHES)
TOTALS           1.78              1.29    0.49     3.06
DAILY AVG.       0.06              0.04    0.02     0.10
DAYS >= .01         4                MM      MM       13
DAYS >= .10         3                MM      MM
DAYS >= .50         1                MM      MM
DAYS >= 1.00        1                MM      MM
GREATEST
 24 HR. TOTAL    1.49   03/09 TO 03/10           03/09 TO 03/09
                                                          03/31 TO 03/31
                                                          03/31 TO 03/31

DEGREE_DAYS
HEATING TOTAL      11                46     -35       74
 SINCE 7/1        387               614    -227      767
COOLING TOTAL     285               170     115      121
 SINCE 1/1        425               295     130      180                               ..................................................

WIND (MPH)
AVERAGE WIND SPEED              12.7
HIGHEST WIND SPEED/DIRECTION    44/160    DATE  03/07
HIGHEST GUST SPEED/DIRECTION    76/200    DATE  03/10

SKY COVER
AVERAGE SKY COVER           0.50
NUMBER OF DAYS FAIR           11
NUMBER OF DAYS PC             12
NUMBER OF DAYS CLOUDY          8

AVERAGE RH (PERCENT)     69

WEATHER CONDITIONS. NUMBER OF DAYS WITH
THUNDERSTORM              0     MIXED PRECIP               0
HEAVY RAIN                2     RAIN                       4
LIGHT RAIN                6     FREEZING RAIN              0
LT FREEZING RAIN          0     HAIL                       0
HEAVY SNOW                0     SNOW                       0
LIGHT SNOW                0     SLEET                      0
FOG                      22     FOG W/VIS <= 1/4 MILE      6
HAZE                     15

-  INDICATES NEGATIVE NUMBERS.
R  INDICATES RECORD WAS SET OR TIED.
MM INDICATES DATA IS MISSING.
T  INDICATES TRACE AMOUNT.

$$
