000
CXUS54 KLZK 012102
CLMHRO


CLIMATE REPORT
NATIONAL WEATHER SERVICE LITTLE ROCK AR
359 PM CDT WED JUL 1 2015

...................................

...THE HARRISON CLIMATE SUMMARY FOR THE MONTH OF JUNE 2015...

CLIMATE NORMAL PERIOD 1981 TO 2010
CLIMATE RECORD PERIOD 1891 TO 2015

WEATHER         OBSERVED          NORMAL  DEPART  LAST YEAR`S
                 VALUE   DATE(S)  VALUE   FROM    VALUE  DATE(S)
                                          NORMAL
................................................................
TEMPERATURE (F)
RECORD
 HIGH             107   06/28/2012
 LOW               40   06/12/1903
HIGHEST            92   06/24        84       8       90  06/30
LOWEST             57   06/01        64      -7       54  06/14
AVG. MAXIMUM     85.1              84.4     0.7     82.7
AVG. MINIMUM     66.5              62.9     3.6     65.1
MEAN             75.8              73.7     2.1     73.9
DAYS MAX >= 90      5               4.8     0.2        1
DAYS MAX <= 32      0               0.0     0.0        0
DAYS MIN <= 32      0               0.0     0.0        0
DAYS MIN <= 0       0               0.0     0.0        0

PRECIPITATION (INCHES)
RECORD
 MAXIMUM        15.22   1935
 MINIMUM         0.20   1952
TOTALS           5.52              4.24    1.28     4.88
DAILY AVG.       0.18              0.14    0.04     0.16
DAYS >= .01         8              11.2    -3.2       13
DAYS >= .10         8                                  9
DAYS >= .50         5                                  4
DAYS >= 1.00        2               1.1     0.9        1
GREATEST
 24 HR. TOTAL    1.47   06/17 TO 06/18

SNOWFALL (INCHES)
TOTALS            0.0               0.0     0.0      0.0
 LIQUID EQUIV    0.00              0.00    0.00     0.00
SINCE 7/1        13.6              11.5     2.1     25.8
 LIQUID 7/1      1.36              1.00    0.36     2.58
SNOWDEPTH AVG.      0
DAYS >= TRACE       0               0.0     0.0        0
DAYS >= 1.0         0                                  0
GREATEST
 SNOW DEPTH         0   MM
 24 HR TOTAL      0.0

DEGREE_DAYS
HEATING TOTAL       0                 6      -6        0
 SINCE 7/1       4154              4004     150     4465
COOLING TOTAL     329               265      64      275
 SINCE 1/1        453               404      49      462

FREEZE DATES
RECORD
 EARLIEST     09/13/1902
 LATEST       05/17/1912
EARLIEST      10/31             10/29
LATEST        04/04             04/04
.................................................

WIND (MPH)
AVERAGE WIND SPEED              5.9
HIGHEST WIND SPEED/DIRECTION    20/010    DATE  06/26
HIGHEST GUST SPEED/DIRECTION    29/260    DATE  06/23

SKY COVER
POSSIBLE SUNSHINE (PERCENT)   MM
AVERAGE SKY COVER           0.30
NUMBER OF DAYS FAIR           19
NUMBER OF DAYS PC              8
NUMBER OF DAYS CLOUDY          3

AVERAGE RH (PERCENT)     77

WEATHER CONDITIONS. NUMBER OF DAYS WITH
THUNDERSTORM              0     MIXED PRECIP               0
HEAVY RAIN                7     RAIN                       8
LIGHT RAIN               10     FREEZING RAIN              0
LT FREEZING RAIN          0     HAIL                       0
HEAVY SNOW                0     SNOW                       0
LIGHT SNOW                0     SLEET                      0
FOG                      17     FOG W/VIS <= 1/4 MILE      2
HAZE                      0

-  INDICATES NEGATIVE NUMBERS.
R  INDICATES RECORD WAS SET OR TIED.
MM INDICATES DATA IS MISSING.
T  INDICATES TRACE AMOUNT.

&&

...DATA FOR HARRISON FOR JUNE 2015...

.SUMMARY...

TEMPERATURES AND RAINFALL WERE ABOVE AVERAGE.

WITH THE EXCEPTION OF NINE DAYS...DAILY TEMPERATURES WERE ABOVE
AVERAGE MUCH OF THE MONTH. THE WARMEST TEMPERATURES WERE SEEN DURING
THE THIRD AND FOURTH WEEKS OF THE MONTH. THE COOLEST PERIODS WERE
THE FIRST FEW DAYS OF THE MONTH...AND DURING THE LAST FIVE DAYS.

THE MONTH WAS DRY UNTIL THE END OF THE SECOND WEEK...AFTER WHICH
MEASURABLE PRECIPITATION FELL FOR SEVEN CONSECUTIVE DAYS FROM THE
13TH THROUGH THE 19TH. THIS WAS THE MOST CONSECUTIVE DAYS WITH
MEASURABLE RAINFALL IN THE MONTH OF JUNE SINCE JUNE 1ST-9TH OF 1986.
THE MOST PRECIPITATION FELL DURING THE 18TH.

.MONTHLY TEMPERATURES...

THE AVERAGE HIGH TEMPERATURE WAS THE WARMEST SINCE 2013. THE AVERAGE
LOW TEMPERATURE WAS THE WARMEST SINCE 2011...AND TIED 1986 FOR THE
6TH WARMEST ON RECORD. THE AVERAGE MONTHLY TEMPERATURE WAS THE
WARMEST SINCE 2012.

.DAILY AVERAGE TEMPERATURES...

ABOVE NORMAL ON 21 DAYS...NORMAL ON THREE DAYS...AND BELOW NORMAL ON
SIX DAYS.

.NUMBER OF DAYS WITH TEMPERATURES...

AT OR ABOVE 90 DEGREES....5...THE MOST SINCE 2013
AT OR BELOW 60 DEGREES....3...THE LEAST SINCE 2011

.DAILY TEMPERATURE RECORDS TIED OR BROKEN DURING THE MONTH...

NONE.

.RAINFALL...

IT WAS THE WETTEST JUNE SINCE 2009...AND THE 2ND JUNE WITH ABOVE
AVERAGE RAINFALL.

.DAILY RAINFALL RECORDS TIED OR BROKEN DURING THE MONTH...

NONE.

$$

57
