000
CXUS54 KHUN 031453
CLMHSV
CLIMATE REPORT
NATIONAL WEATHER SERVICE HUNTSVILLE AL
953 AM CDT WED APR 03 2024
...................................
...THE HUNTSVILLE CLIMATE SUMMARY FOR THE MONTH OF MARCH 2024...
CLIMATE NORMAL PERIOD 1991 TO 2020
CLIMATE RECORD PERIOD 1894 TO 2024
WEATHER OBSERVED NORMAL DEPART LAST YEAR`S
VALUE DATE(S) VALUE FROM VALUE
NORMAL
..............................................................
TEMPERATURE (F)
RECORD
HIGH 90 03/24/1929
03/21/1907
LOW 6 03/03/1980
HIGHEST 82 03/14 MM MM 82
LOWEST 28 03/19 MM MM 22
AVG. MAXIMUM 67.7 65.5 2.2 66.2
AVG. MINIMUM 46.1 43.0 3.1 44.2
MEAN 56.9 54.2 2.7 55.2
DAYS MAX >= 90 0 0.0 0.0 0
DAYS MAX <= 32 0 0.1 -0.1 0
DAYS MIN <= 32 1 5.4 -4.4 6
DAYS MIN <= 0 0 0.0 0.0 0
PRECIPITATION (INCHES)
RECORD
MAXIMUM 17.00 1980
MINIMUM 0.50 1910
TOTALS 4.58 5.39 -0.81 5.78
DAILY AVG. 0.15 0.17 -0.02 0.19
DAYS >= .01 13 11.2 1.8 13
DAYS >= .10 7 7.9 -0.9 12
DAYS >= .50 3 3.9 -0.9 3
DAYS >= 1.00 2 1.6 0.4 3
GREATEST
24 HR. TOTAL 1.57 03/26 TO 03/26 2.29
SNOWFALL (INCHES)
RECORDS
TOTAL 7.3 1993
24 HR TOTAL 7.0 03/12/1993 TO 03/13/1993
TOTALS 0.0 0.5 -0.5 0.0
SINCE 7/1 0.6 2.4 MM MM
DAYS >= TRACE 0 0.3 -0.3 0
DAYS >= 1.0 0 0.2 -0.2 0
GREATEST
SNOW DEPTH 0 MM
24 HR TOTAL 0.0
DEGREE DAYS
HEATING TOTAL 248 349 -101 315
SINCE 7/1 2404 2676 -272 MM
COOLING TOTAL 4 16 -12 19
SINCE 1/1 8 19 -11 MM
FREEZE DATES
RECORD
EARLIEST 10/09/2000
LATEST 05/07/1944
EARLIEST 11/01 11/08
LATEST 03/19 03/24
..............................................................
WIND (MPH)
AVERAGE WIND SPEED 7.8
HIGHEST WIND SPEED/DIRECTION 35/150 DATE 03/25
HIGHEST GUST SPEED/DIRECTION 52/120 DATE 03/25
SKY COVER
POSSIBLE SUNSHINE (PERCENT) MM
WEATHER CONDITIONS. NUMBER OF DAYS WITH
THUNDERSTORM 4 MIXED PRECIP 0
HEAVY RAIN 5 RAIN 7
LIGHT RAIN 16 FREEZING RAIN 0
LT FREEZING RAIN 0 HAIL 0
HEAVY SNOW 0 SNOW 0
LIGHT SNOW 0 SLEET 0
FOG 13 FOG W/VIS <= 1/4 MILE 2
- INDICATES NEGATIVE NUMBERS.
R INDICATES RECORD WAS SET OR TIED.
MM INDICATES DATA IS MISSING.
T INDICATES TRACE AMOUNT.
$$